{"id":22161,"date":"2020-04-22T04:26:50","date_gmt":"2020-04-22T01:26:50","guid":{"rendered":"https:\/\/espak.ee\/hinnakiri\/?post_type=product&#038;p=22161"},"modified":"2025-02-20T10:26:52","modified_gmt":"2025-02-20T08:26:52","slug":"ulafrees-einhell-tc-ro-1155e","status":"publish","type":"product","link":"https:\/\/espak.ee\/epood\/toode\/ulafrees-einhell-tc-ro-1155e\/","title":{"rendered":"\u00dcLAFREES EINHELL TC-RO 1155E"},"content":{"rendered":"<div class=\"row\"  id=\"row-330692964\">\n\n\t<div id=\"col-1514134660\" class=\"col medium-9 small-12 large-9\"  >\n\t\t\t\t<div class=\"col-inner\"  >\n\t\t\t\n\t\t\t\n<div class=\"message-box relative\" style=\"padding-top:15px;padding-bottom:15px;\"><div class=\"message-box-bg-image bg-fill fill\" ><\/div><div class=\"message-box-bg-overlay bg-fill fill\" ><\/div><div class=\"container relative\"><div class=\"inner last-reset\">\n<div class=\"row align-middle align-center\"  id=\"row-1706554747\">\n\n\t<div id=\"col-1749342072\" class=\"col small-12 large-12\"  >\n\t\t\t\t<div class=\"col-inner text-left\"  >\n\t\t\t\n\t\t\t\n<h4>Omadused<\/h4>\n<div class=\"row\"  id=\"row-447585568\">\n\n\t<div id=\"col-281830443\" class=\"col medium-6 small-12 large-6\"  >\n\t\t\t\t<div class=\"col-inner\"  >\n\t\t\t\n\t\t\t\n<p><i class=\"far fa-check-circle fa-2x\"><\/i><strong>\u00a0Mitmeasendiline samba piirik <\/strong><\/p>\n<p><i class=\"far fa-check-circle fa-2x\"><\/i><strong> Elektrooniline p\u00f6\u00f6rlemissageduse juhtimine\u00a0<\/strong><\/p>\n<p><i class=\"far fa-check-circle fa-2x\"><\/i><strong> Tsangpadrun 6 ja 8 mm <\/strong><\/p>\n<p><i class=\"far fa-check-circle fa-2x\"><\/i><strong> Kopeerh\u00fclss\u00a0<\/strong><\/p>\n<p><i class=\"far fa-check-circle fa-2x\"><\/i><strong> Tolmu\u00e4rastuse adapter\u00a0<\/strong><\/p>\n<p><i class=\"far fa-check-circle fa-2x\"><\/i><strong> Laastukilp\u00a0<\/strong><\/p>\n\t\t<\/div>\n\t\t\t\t\n<style>\n#col-281830443 > .col-inner {\n  margin: 0px 0px 15px 0px;\n}\n<\/style>\n\t<\/div>\n\n\t\n\n\t<div id=\"col-125842199\" class=\"col medium-6 small-12 large-6\"  >\n\t\t\t\t<div class=\"col-inner\"  >\n\t\t\t\n\t\t\t\n<p><i class=\"far fa-check-circle fa-2x\"><\/i><strong> Spindlilukusti <\/strong><\/p>\n<p><i class=\"far fa-check-circle fa-2x\"><\/i><strong> Sujuvalt seadistatav freesimiss\u00fcgavus koos peenseadistusega\u00a0<\/strong><\/p>\n<p><i class=\"far fa-check-circle fa-2x\"><\/i><strong> kaasas k\u00fcljepiiraja\u00a0<\/strong><\/p>\n<p><i class=\"far fa-check-circle fa-2x\"><\/i><strong> Kopeerh\u00fclss\u00a0<\/strong><\/p>\n<p><i class=\"far fa-check-circle fa-2x\"><\/i><strong> Tera vahetamise t\u00f6\u00f6riist\u00a0<\/strong><\/p>\n\t\t<\/div>\n\t\t\t\t\n<style>\n#col-125842199 > .col-inner {\n  margin: 0px 0px 15px 0px;\n}\n<\/style>\n\t<\/div>\n\n\t\n<\/div>\n\t\t<\/div>\n\t\t\t\t\t<\/div>\n\n\t\n<\/div>\n<\/div><\/div><\/div>\n\t<div id=\"gap-1408983034\" class=\"gap-element clearfix\" style=\"display:block; height:auto;\">\n\t\t\n<style>\n#gap-1408983034 {\n  padding-top: 30px;\n}\n<\/style>\n\t<\/div>\n\t\n<h2>Tootekirjeldus<\/h2>\n<p>\u00dclafrees TC-RO 1155 E on k\u00e4ep\u00e4rane ja v\u00f5imas t\u00f6\u00f6riist ning n\u00f5udlike meisterdajate asendamatu abiline erinevate t\u00f6\u00f6de tegemiseks. Freesimiss\u00fcgavuse saab kiiresti valida mitmeasendilise sambapiiriku abil; peenseadistuse abil on v\u00f5imalikud ka t\u00e4psemad seadistused. T\u00f6\u00f6tamise ajal lisakaitse tagamiseks on olemas laastkilp. Elektroonilise p\u00f6\u00f6rlemissageduse regulaatori abil saab \u00fclafreesi kohandada vastavalt t\u00f6\u00f6deldava materjali ja kasutatava l\u00f5ikuri omavahelisele parimale toimivusele. Tarviku kiireks ja pingutuseta vahetamiseks on spindlil lukusti. H\u00e4sti tasakaalustatud kujundus tagab t\u00f6\u00f6riista hea p\u00fcsivuse. Tarvikupadrun v\u00f5imaldab kasutada 6\u00a0mm v\u00f5i 8\u00a0mm saba l\u00e4bim\u00f5\u00f5duga l\u00f5ikureid. Adapteri kaudu tolm\u00e4rat\u00f5mme tagab t\u00f6\u00f6ala puhtuse ja korrastatud ilme. \u00dclafreesi TC-RO 1155 E rikkalikus tarvikute valikus on r\u00f6\u00f6pjuhik, juhtteravik, kopeerh\u00fclss ja l\u00f5ikuri vahetamiseks sobiv t\u00f6\u00f6riist.<\/p>\n\t<div id=\"gap-339569552\" class=\"gap-element clearfix\" style=\"display:block; height:auto;\">\n\t\t\n<style>\n#gap-339569552 {\n  padding-top: 30px;\n}\n<\/style>\n\t<\/div>\n\t\n\t\t<\/div>\n\t\t\t\t\t<\/div>\n\n\t\n\n\t<div id=\"col-1214865935\" class=\"col medium-3 small-12 large-3\"  >\n\t\t\t\t<div class=\"col-inner\"  >\n\t\t\t\n\t\t\t\n\t<div id=\"gap-592034165\" class=\"gap-element clearfix\" style=\"display:block; height:auto;\">\n\t\t\n<style>\n#gap-592034165 {\n  padding-top: 30px;\n}\n<\/style>\n\t<\/div>\n\t\n<h3>Kasutusjuhend<\/h3>\n<p><a href=\"https:\/\/espak.ee\/epood\/wp-content\/uploads\/\u00dclafrees-TC-RO-1155E-4350470.pdf\" target=\"_blank\" rel=\"noopener noreferrer\"><i class=\"far fa-file-pdf\"><\/i> Kasutusjuhend (PDF)<\/a><\/p>\n<div class=\"is-divider divider clearfix\" ><\/div>\n<p><strong>\u00dcksikasjalikuma n\u00f5u saamiseks v\u00f5tke \u00fchendust:<br \/>\n<\/strong>Espak AS<br \/>\nViadukti 42<br \/>\n11313<br \/>\nTallinn<br \/>\n+372 6 512333<\/p>\n\t\t<\/div>\n\t\t\t\t\t<\/div>\n\n\t\n<\/div>\n","protected":false},"excerpt":{"rendered":"","protected":false},"featured_media":32528,"comment_status":"closed","ping_status":"closed","template":"","meta":[],"product_brand":[],"product_cat":[2739,2680,2775,2679],"product_tag":[],"class_list":{"0":"post-22161","1":"product","2":"type-product","3":"status-publish","4":"has-post-thumbnail","6":"product_cat-elektrikasitooriistad","7":"product_cat-elektritooriistad","8":"product_cat-freesid","9":"product_cat-tooriistad","10":"pa_kaubamark-einhell","12":"first","13":"instock","14":"sale","15":"taxable","16":"shipping-taxable","17":"purchasable","18":"product-type-simple"},"yoast_head":"<!-- This site is optimized with the Yoast SEO plugin v26.9 - https:\/\/yoast.com\/product\/yoast-seo-wordpress\/ -->\n<title>\u00dcLAFREES EINHELL TC-RO 1155E - Espak E-pood<\/title>\n<meta name=\"description\" content=\"\u00dclafrees TC-RO 1155 E on k\u00e4ep\u00e4rane ja v\u00f5imas t\u00f6\u00f6riist ning n\u00f5udlike meisterdajate asendamatu abiline erinevate t\u00f6\u00f6de tegemiseks.\" \/>\n<meta name=\"robots\" content=\"index, follow, max-snippet:-1, max-image-preview:large, max-video-preview:-1\" \/>\n<link rel=\"canonical\" href=\"https:\/\/espak.ee\/epood\/toode\/ulafrees-einhell-tc-ro-1155e\/\" \/>\n<meta property=\"og:locale\" content=\"et_EE\" \/>\n<meta property=\"og:type\" content=\"article\" \/>\n<meta property=\"og:title\" content=\"\u00dcLAFREES EINHELL TC-RO 1155E - Espak E-pood\" \/>\n<meta property=\"og:description\" content=\"\u00dclafrees TC-RO 1155 E on k\u00e4ep\u00e4rane ja v\u00f5imas t\u00f6\u00f6riist ning n\u00f5udlike meisterdajate asendamatu abiline erinevate t\u00f6\u00f6de tegemiseks.\" \/>\n<meta property=\"og:url\" content=\"https:\/\/espak.ee\/epood\/toode\/ulafrees-einhell-tc-ro-1155e\/\" \/>\n<meta property=\"og:site_name\" content=\"Espak E-pood\" \/>\n<meta property=\"article:modified_time\" content=\"2025-02-20T08:26:52+00:00\" \/>\n<meta property=\"og:image\" content=\"https:\/\/espak.ee\/epood\/wp-content\/uploads\/4350470_11025_001_TC_RO_1155_E_RAL3002_Pic-1024x915.jpg\" \/>\n\t<meta property=\"og:image:width\" content=\"1024\" \/>\n\t<meta property=\"og:image:height\" content=\"915\" \/>\n\t<meta property=\"og:image:type\" content=\"image\/jpeg\" \/>\n<meta name=\"twitter:card\" content=\"summary_large_image\" \/>\n<meta name=\"twitter:label1\" content=\"Est. reading time\" \/>\n\t<meta name=\"twitter:data1\" content=\"1 minut\" \/>\n<script type=\"application\/ld+json\" class=\"yoast-schema-graph\">{\"@context\":\"https:\/\/schema.org\",\"@graph\":[{\"@type\":\"WebPage\",\"@id\":\"https:\/\/espak.ee\/epood\/toode\/ulafrees-einhell-tc-ro-1155e\/\",\"url\":\"https:\/\/espak.ee\/epood\/toode\/ulafrees-einhell-tc-ro-1155e\/\",\"name\":\"\u00dcLAFREES EINHELL TC-RO 1155E - Espak E-pood\",\"isPartOf\":{\"@id\":\"https:\/\/espak.ee\/epood\/#website\"},\"primaryImageOfPage\":{\"@id\":\"https:\/\/espak.ee\/epood\/toode\/ulafrees-einhell-tc-ro-1155e\/#primaryimage\"},\"image\":{\"@id\":\"https:\/\/espak.ee\/epood\/toode\/ulafrees-einhell-tc-ro-1155e\/#primaryimage\"},\"thumbnailUrl\":\"https:\/\/espak.ee\/epood\/wp-content\/uploads\/4350470_11025_001_TC_RO_1155_E_RAL3002_Pic.jpg\",\"datePublished\":\"2020-04-22T01:26:50+00:00\",\"dateModified\":\"2025-02-20T08:26:52+00:00\",\"description\":\"\u00dclafrees TC-RO 1155 E on k\u00e4ep\u00e4rane ja v\u00f5imas t\u00f6\u00f6riist ning n\u00f5udlike meisterdajate asendamatu abiline erinevate t\u00f6\u00f6de tegemiseks.\",\"breadcrumb\":{\"@id\":\"https:\/\/espak.ee\/epood\/toode\/ulafrees-einhell-tc-ro-1155e\/#breadcrumb\"},\"inLanguage\":\"et\",\"potentialAction\":[{\"@type\":\"ReadAction\",\"target\":[\"https:\/\/espak.ee\/epood\/toode\/ulafrees-einhell-tc-ro-1155e\/\"]}]},{\"@type\":\"ImageObject\",\"inLanguage\":\"et\",\"@id\":\"https:\/\/espak.ee\/epood\/toode\/ulafrees-einhell-tc-ro-1155e\/#primaryimage\",\"url\":\"https:\/\/espak.ee\/epood\/wp-content\/uploads\/4350470_11025_001_TC_RO_1155_E_RAL3002_Pic.jpg\",\"contentUrl\":\"https:\/\/espak.ee\/epood\/wp-content\/uploads\/4350470_11025_001_TC_RO_1155_E_RAL3002_Pic.jpg\",\"width\":1772,\"height\":1584},{\"@type\":\"BreadcrumbList\",\"@id\":\"https:\/\/espak.ee\/epood\/toode\/ulafrees-einhell-tc-ro-1155e\/#breadcrumb\",\"itemListElement\":[{\"@type\":\"ListItem\",\"position\":1,\"name\":\"Home\",\"item\":\"https:\/\/espak.ee\/epood\/\"},{\"@type\":\"ListItem\",\"position\":2,\"name\":\"Tootevalik\",\"item\":\"https:\/\/espak.ee\/epood\/tootevalik\/\"},{\"@type\":\"ListItem\",\"position\":3,\"name\":\"\u00dcLAFREES EINHELL TC-RO 1155E\"}]},{\"@type\":\"WebSite\",\"@id\":\"https:\/\/espak.ee\/epood\/#website\",\"url\":\"https:\/\/espak.ee\/epood\/\",\"name\":\"Espak E-pood\",\"description\":\"\",\"potentialAction\":[{\"@type\":\"SearchAction\",\"target\":{\"@type\":\"EntryPoint\",\"urlTemplate\":\"https:\/\/espak.ee\/epood\/?s={search_term_string}\"},\"query-input\":{\"@type\":\"PropertyValueSpecification\",\"valueRequired\":true,\"valueName\":\"search_term_string\"}}],\"inLanguage\":\"et\"}]}<\/script>\n<!-- \/ Yoast SEO plugin. -->","yoast_head_json":{"title":"\u00dcLAFREES EINHELL TC-RO 1155E - Espak E-pood","description":"\u00dclafrees TC-RO 1155 E on k\u00e4ep\u00e4rane ja v\u00f5imas t\u00f6\u00f6riist ning n\u00f5udlike meisterdajate asendamatu abiline erinevate t\u00f6\u00f6de tegemiseks.","robots":{"index":"index","follow":"follow","max-snippet":"max-snippet:-1","max-image-preview":"max-image-preview:large","max-video-preview":"max-video-preview:-1"},"canonical":"https:\/\/espak.ee\/epood\/toode\/ulafrees-einhell-tc-ro-1155e\/","og_locale":"et_EE","og_type":"article","og_title":"\u00dcLAFREES EINHELL TC-RO 1155E - Espak E-pood","og_description":"\u00dclafrees TC-RO 1155 E on k\u00e4ep\u00e4rane ja v\u00f5imas t\u00f6\u00f6riist ning n\u00f5udlike meisterdajate asendamatu abiline erinevate t\u00f6\u00f6de tegemiseks.","og_url":"https:\/\/espak.ee\/epood\/toode\/ulafrees-einhell-tc-ro-1155e\/","og_site_name":"Espak E-pood","article_modified_time":"2025-02-20T08:26:52+00:00","og_image":[{"width":1024,"height":915,"url":"https:\/\/espak.ee\/epood\/wp-content\/uploads\/4350470_11025_001_TC_RO_1155_E_RAL3002_Pic-1024x915.jpg","type":"image\/jpeg"}],"twitter_card":"summary_large_image","twitter_misc":{"Est. reading time":"1 minut"},"schema":{"@context":"https:\/\/schema.org","@graph":[{"@type":"WebPage","@id":"https:\/\/espak.ee\/epood\/toode\/ulafrees-einhell-tc-ro-1155e\/","url":"https:\/\/espak.ee\/epood\/toode\/ulafrees-einhell-tc-ro-1155e\/","name":"\u00dcLAFREES EINHELL TC-RO 1155E - Espak E-pood","isPartOf":{"@id":"https:\/\/espak.ee\/epood\/#website"},"primaryImageOfPage":{"@id":"https:\/\/espak.ee\/epood\/toode\/ulafrees-einhell-tc-ro-1155e\/#primaryimage"},"image":{"@id":"https:\/\/espak.ee\/epood\/toode\/ulafrees-einhell-tc-ro-1155e\/#primaryimage"},"thumbnailUrl":"https:\/\/espak.ee\/epood\/wp-content\/uploads\/4350470_11025_001_TC_RO_1155_E_RAL3002_Pic.jpg","datePublished":"2020-04-22T01:26:50+00:00","dateModified":"2025-02-20T08:26:52+00:00","description":"\u00dclafrees TC-RO 1155 E on k\u00e4ep\u00e4rane ja v\u00f5imas t\u00f6\u00f6riist ning n\u00f5udlike meisterdajate asendamatu abiline erinevate t\u00f6\u00f6de tegemiseks.","breadcrumb":{"@id":"https:\/\/espak.ee\/epood\/toode\/ulafrees-einhell-tc-ro-1155e\/#breadcrumb"},"inLanguage":"et","potentialAction":[{"@type":"ReadAction","target":["https:\/\/espak.ee\/epood\/toode\/ulafrees-einhell-tc-ro-1155e\/"]}]},{"@type":"ImageObject","inLanguage":"et","@id":"https:\/\/espak.ee\/epood\/toode\/ulafrees-einhell-tc-ro-1155e\/#primaryimage","url":"https:\/\/espak.ee\/epood\/wp-content\/uploads\/4350470_11025_001_TC_RO_1155_E_RAL3002_Pic.jpg","contentUrl":"https:\/\/espak.ee\/epood\/wp-content\/uploads\/4350470_11025_001_TC_RO_1155_E_RAL3002_Pic.jpg","width":1772,"height":1584},{"@type":"BreadcrumbList","@id":"https:\/\/espak.ee\/epood\/toode\/ulafrees-einhell-tc-ro-1155e\/#breadcrumb","itemListElement":[{"@type":"ListItem","position":1,"name":"Home","item":"https:\/\/espak.ee\/epood\/"},{"@type":"ListItem","position":2,"name":"Tootevalik","item":"https:\/\/espak.ee\/epood\/tootevalik\/"},{"@type":"ListItem","position":3,"name":"\u00dcLAFREES EINHELL TC-RO 1155E"}]},{"@type":"WebSite","@id":"https:\/\/espak.ee\/epood\/#website","url":"https:\/\/espak.ee\/epood\/","name":"Espak E-pood","description":"","potentialAction":[{"@type":"SearchAction","target":{"@type":"EntryPoint","urlTemplate":"https:\/\/espak.ee\/epood\/?s={search_term_string}"},"query-input":{"@type":"PropertyValueSpecification","valueRequired":true,"valueName":"search_term_string"}}],"inLanguage":"et"}]}},"_links":{"self":[{"href":"https:\/\/espak.ee\/epood\/wp-json\/wp\/v2\/product\/22161","targetHints":{"allow":["GET"]}}],"collection":[{"href":"https:\/\/espak.ee\/epood\/wp-json\/wp\/v2\/product"}],"about":[{"href":"https:\/\/espak.ee\/epood\/wp-json\/wp\/v2\/types\/product"}],"replies":[{"embeddable":true,"href":"https:\/\/espak.ee\/epood\/wp-json\/wp\/v2\/comments?post=22161"}],"wp:featuredmedia":[{"embeddable":true,"href":"https:\/\/espak.ee\/epood\/wp-json\/wp\/v2\/media\/32528"}],"wp:attachment":[{"href":"https:\/\/espak.ee\/epood\/wp-json\/wp\/v2\/media?parent=22161"}],"wp:term":[{"taxonomy":"product_brand","embeddable":true,"href":"https:\/\/espak.ee\/epood\/wp-json\/wp\/v2\/product_brand?post=22161"},{"taxonomy":"product_cat","embeddable":true,"href":"https:\/\/espak.ee\/epood\/wp-json\/wp\/v2\/product_cat?post=22161"},{"taxonomy":"product_tag","embeddable":true,"href":"https:\/\/espak.ee\/epood\/wp-json\/wp\/v2\/product_tag?post=22161"}],"curies":[{"name":"wp","href":"https:\/\/api.w.org\/{rel}","templated":true}]}}