{"id":221058,"date":"2024-12-12T05:05:01","date_gmt":"2024-12-12T03:05:01","guid":{"rendered":"https:\/\/espak.ee\/epood\/?post_type=product&#038;p=221058"},"modified":"2025-06-17T11:03:19","modified_gmt":"2025-06-17T08:03:19","slug":"akulookkruvikeeraja-makita-dtd173z","status":"publish","type":"product","link":"https:\/\/espak.ee\/epood\/toode\/akulookkruvikeeraja-makita-dtd173z\/","title":{"rendered":"AKUL\u00d6\u00d6KKRUVIKEERAJA MAKITA DTD173Z"},"content":{"rendered":"<div class=\"row\"  id=\"row-1071818511\">\n\n\t<div id=\"col-91215783\" class=\"col medium-9 small-12 large-9\"  >\n\t\t\t\t<div class=\"col-inner\"  >\n\t\t\t\n\t\t\t\n<h3>Akul\u00f6\u00f6kkruvikeeraja Makita DTD173Z<\/h3>\n<p><strong>Kompaktne akul\u00f6\u00f6kkruvikeeraja kinnitusmomendiga kuni 180 Nm.<\/strong><br \/>\nV\u00f5imas ja kompaktne, harjavaba mootoriga l\u00f6\u00f6kkruvikeeraja. T\u00f6\u00f6riista pikkus vaid 111 mm. Maksimaalne kinnitusmoment kuni 180 Nm. Nelja t\u00f6\u00f6re\u017eiimiga juhtpaneel v\u00f5imaldab mugavalt reguleerida nii l\u00f6\u00f6gij\u00f5udu kui ka p\u00f6\u00f6retearvu. T\u00f6\u00f6koha valgustamiseks on t\u00f6\u00f6riistal t\u00f5hus ringikujuline LED t\u00f6\u00f6tuli. XPT (Extreme Protection) tehnoloogia tagab suurema tolmu- ja pritsmekindluse.\n <\/p>\n<div class=\"message-box relative\" style=\"padding-top:15px;padding-bottom:15px;\"><div class=\"message-box-bg-image bg-fill fill\" ><\/div><div class=\"message-box-bg-overlay bg-fill fill\" ><\/div><div class=\"container relative\"><div class=\"inner last-reset\">\n<div class=\"row align-middle align-center\"  id=\"row-441001833\">\n\n\t<div id=\"col-1025710457\" class=\"col small-12 large-12\"  >\n\t\t\t\t<div class=\"col-inner text-left\"  >\n\t\t\t\n\t\t\t\n<h4>Omadused<\/h4>\n<div class=\"row\"  id=\"row-1518231111\">\n\n\t<div id=\"col-356292240\" class=\"col medium-6 small-12 large-6\"  >\n\t\t\t\t<div class=\"col-inner\"  >\n\t\t\t\n\t\t\t\n<p><i class=\"fa fa-check fa-2x\"><\/i> <strong>\u00a0Kergesti hoitav kere<\/strong><\/p>\n<p><i class=\"fa fa-check fa-2x\"><\/i> <strong>\u00a0V\u00f5nkumisvastane otsakute struktuur &#8211; kahte kuullaagrit kasutatakse alasi turvaliseks hoidmiseks, et v\u00e4hendada otsaku v\u00f5nkumist<\/strong><\/p>\n\t\t<\/div>\n\t\t\t\t\n<style>\n#col-356292240 > .col-inner {\n  margin: 0px 0px 15px 0px;\n}\n<\/style>\n\t<\/div>\n\n\t\n\n\t<div id=\"col-1061852148\" class=\"col medium-6 small-12 large-6\"  >\n\t\t\t\t<div class=\"col-inner\"  >\n\t\t\t\n\t\t\t\n<p><i class=\"fa fa-check fa-2x\"><\/i> <strong>\u00a0Elektriline pidur suurendamaks t\u00f6\u00f6tamise ohutust<\/strong><\/p>\n\t\t<\/div>\n\t\t\t\t\n<style>\n#col-1061852148 > .col-inner {\n  margin: 0px 0px 15px 0px;\n}\n<\/style>\n\t<\/div>\n\n\t\n<\/div>\n\t\t<\/div>\n\t\t\t\t\t<\/div>\n\n\t\n<\/div>\n<\/div><\/div><\/div>\n\t<div id=\"gap-984696411\" class=\"gap-element clearfix\" style=\"display:block; height:auto;\">\n\t\t\n<style>\n#gap-984696411 {\n  padding-top: 30px;\n}\n<\/style>\n\t<\/div>\n\t\n<p><strong>Aku ja laadijata mudel &#8211; toode tarnitakse ilma aku ja laadimisseadmeta.<\/strong><\/p>\n<p>Makita harjavaba mootoriga l\u00f6\u00f6kkruvikeeraja DTD173 on \u00e4\u00e4rmiselt kompaktne. T\u00f6\u00f6riist pakub maksimaalset kinnitusmomenti kuni 180 Nm. Uuenduslikult on l\u00f6\u00f6kkruvikeeraja juhtpaneel viidud t\u00f6\u00f6riista tagaosale. H\u00e4sti n\u00e4htav nelja t\u00f6\u00f6re\u017eiimiga juhtpaneel v\u00f5imaldab mugavalt reguleerida nii l\u00f6\u00f6gij\u00f5udu kui ka p\u00f6\u00f6retearvu. L\u00f6\u00f6gij\u00f5u tasemeid saab reguleerida ka re\u017eiimi kiirvahetamise nupust, mis asub t\u00f6\u00f6riista p\u00e4\u00e4stiku kohal.<br \/>\nJuhtpaneelilt saab valida mitmesuguseid abifunktsioone. N\u00e4iteks re\u017eiim, kus t\u00f6\u00f6riist alustab t\u00f6\u00f6d t\u00e4iskiirusel kuid kruvi metalli sisenemisel tuvastab t\u00f6\u00f6riist vastupanu suurenemise ja aeglustab p\u00f6\u00f6retearvu. See funktsioon v\u00f5imaldab kruvi l\u00f5plikku kinnitamist sujuvamalt ja t\u00e4psemalt juhtida. Vastavalt materjali tugevusele on kinnitamiseks valida kahe erineva seadistuse vahel.<\/p>\n\t\t<\/div>\n\t\t\t\t\t<\/div>\n\n\t\n\n\t<div id=\"col-1809705682\" class=\"col medium-3 small-12 large-3\"  >\n\t\t\t\t<div class=\"col-inner\"  >\n\t\t\t\n\t\t\t\n\t<div id=\"gap-1439408284\" class=\"gap-element clearfix\" style=\"display:block; height:auto;\">\n\t\t\n<style>\n#gap-1439408284 {\n  padding-top: 30px;\n}\n<\/style>\n\t<\/div>\n\t\n<h3>Infoleht<\/h3>\n<p><a href=\"https:\/\/espak.ee\/epood\/wp-content\/uploads\/2024\/12\/dtd173z_6_318962234.pdf\"target=\"_blank\" rel=\"noopener noreferrer\"><i class=\"far fa-file-pdf\"><\/i> Infoleht (PDF)<\/a><\/p>\n<h3>Kasutusjuhend<\/h3>\n<p><a href=\"https:\/\/espak.ee\/epood\/wp-content\/uploads\/2024\/12\/DTD173.pdf\"target=\"_blank\" rel=\"noopener noreferrer\"><i class=\"far fa-file-pdf\"><\/i> Kasutusjuhend (PDF)<\/a><\/p>\n<div class=\"is-divider divider clearfix\" ><\/div>\n<p><strong>\u00dcksikasjalikuma n\u00f5u saamiseks v\u00f5tke \u00fchendust:<br \/><\/strong>Espak AS<br \/>Viadukti 42<br \/>11313<br \/>Tallinn<br \/> T\u00f6\u00f6riista osakond +372 6512 335<br \/><a href=\"mailto:tooriist@espak.ee\">tooriist@espak.ee<\/a><\/p>\n\t\t<\/div>\n\t\t\t\t\t<\/div>\n\n\t\n<\/div>\n","protected":false},"excerpt":{"rendered":"","protected":false},"featured_media":221690,"comment_status":"closed","ping_status":"closed","template":"","meta":[],"product_brand":[],"product_cat":[2747,2733,2680,2679],"product_tag":[],"class_list":{"0":"post-221058","1":"product","2":"type-product","3":"status-publish","4":"has-post-thumbnail","6":"product_cat-akulookkruvikeerajad","7":"product_cat-akutooriistad","8":"product_cat-elektritooriistad","9":"product_cat-tooriistad","10":"pa_kaubamark-makita","12":"first","13":"instock","14":"sale","15":"taxable","16":"shipping-taxable","17":"purchasable","18":"product-type-simple"},"yoast_head":"<!-- This site is optimized with the Yoast SEO plugin v26.9 - https:\/\/yoast.com\/product\/yoast-seo-wordpress\/ -->\n<title>AKUL\u00d6\u00d6KKRUVIKEERAJA MAKITA DTD173Z - Espak E-pood<\/title>\n<meta name=\"robots\" content=\"index, follow, max-snippet:-1, max-image-preview:large, max-video-preview:-1\" \/>\n<link rel=\"canonical\" href=\"https:\/\/espak.ee\/epood\/toode\/akulookkruvikeeraja-makita-dtd173z\/\" \/>\n<meta property=\"og:locale\" content=\"et_EE\" \/>\n<meta property=\"og:type\" content=\"article\" \/>\n<meta property=\"og:title\" content=\"AKUL\u00d6\u00d6KKRUVIKEERAJA MAKITA DTD173Z - Espak E-pood\" \/>\n<meta property=\"og:url\" content=\"https:\/\/espak.ee\/epood\/toode\/akulookkruvikeeraja-makita-dtd173z\/\" \/>\n<meta property=\"og:site_name\" content=\"Espak E-pood\" \/>\n<meta property=\"article:modified_time\" content=\"2025-06-17T08:03:19+00:00\" \/>\n<meta property=\"og:image\" content=\"https:\/\/espak.ee\/epood\/wp-content\/uploads\/2024\/12\/DTD173Z_C2L0.jpg\" \/>\n\t<meta property=\"og:image:width\" content=\"1000\" \/>\n\t<meta property=\"og:image:height\" content=\"1000\" \/>\n\t<meta property=\"og:image:type\" content=\"image\/jpeg\" \/>\n<meta name=\"twitter:card\" content=\"summary_large_image\" \/>\n<meta name=\"twitter:label1\" content=\"Est. reading time\" \/>\n\t<meta name=\"twitter:data1\" content=\"2 minutit\" \/>\n<script type=\"application\/ld+json\" class=\"yoast-schema-graph\">{\"@context\":\"https:\/\/schema.org\",\"@graph\":[{\"@type\":\"WebPage\",\"@id\":\"https:\/\/espak.ee\/epood\/toode\/akulookkruvikeeraja-makita-dtd173z\/\",\"url\":\"https:\/\/espak.ee\/epood\/toode\/akulookkruvikeeraja-makita-dtd173z\/\",\"name\":\"AKUL\u00d6\u00d6KKRUVIKEERAJA MAKITA DTD173Z - Espak E-pood\",\"isPartOf\":{\"@id\":\"https:\/\/espak.ee\/epood\/#website\"},\"primaryImageOfPage\":{\"@id\":\"https:\/\/espak.ee\/epood\/toode\/akulookkruvikeeraja-makita-dtd173z\/#primaryimage\"},\"image\":{\"@id\":\"https:\/\/espak.ee\/epood\/toode\/akulookkruvikeeraja-makita-dtd173z\/#primaryimage\"},\"thumbnailUrl\":\"https:\/\/espak.ee\/epood\/wp-content\/uploads\/2024\/12\/DTD173Z_C2L0.jpg\",\"datePublished\":\"2024-12-12T03:05:01+00:00\",\"dateModified\":\"2025-06-17T08:03:19+00:00\",\"breadcrumb\":{\"@id\":\"https:\/\/espak.ee\/epood\/toode\/akulookkruvikeeraja-makita-dtd173z\/#breadcrumb\"},\"inLanguage\":\"et\",\"potentialAction\":[{\"@type\":\"ReadAction\",\"target\":[\"https:\/\/espak.ee\/epood\/toode\/akulookkruvikeeraja-makita-dtd173z\/\"]}]},{\"@type\":\"ImageObject\",\"inLanguage\":\"et\",\"@id\":\"https:\/\/espak.ee\/epood\/toode\/akulookkruvikeeraja-makita-dtd173z\/#primaryimage\",\"url\":\"https:\/\/espak.ee\/epood\/wp-content\/uploads\/2024\/12\/DTD173Z_C2L0.jpg\",\"contentUrl\":\"https:\/\/espak.ee\/epood\/wp-content\/uploads\/2024\/12\/DTD173Z_C2L0.jpg\",\"width\":1000,\"height\":1000},{\"@type\":\"BreadcrumbList\",\"@id\":\"https:\/\/espak.ee\/epood\/toode\/akulookkruvikeeraja-makita-dtd173z\/#breadcrumb\",\"itemListElement\":[{\"@type\":\"ListItem\",\"position\":1,\"name\":\"Home\",\"item\":\"https:\/\/espak.ee\/epood\/\"},{\"@type\":\"ListItem\",\"position\":2,\"name\":\"Tootevalik\",\"item\":\"https:\/\/espak.ee\/epood\/tootevalik\/\"},{\"@type\":\"ListItem\",\"position\":3,\"name\":\"AKUL\u00d6\u00d6KKRUVIKEERAJA MAKITA DTD173Z\"}]},{\"@type\":\"WebSite\",\"@id\":\"https:\/\/espak.ee\/epood\/#website\",\"url\":\"https:\/\/espak.ee\/epood\/\",\"name\":\"Espak E-pood\",\"description\":\"\",\"potentialAction\":[{\"@type\":\"SearchAction\",\"target\":{\"@type\":\"EntryPoint\",\"urlTemplate\":\"https:\/\/espak.ee\/epood\/?s={search_term_string}\"},\"query-input\":{\"@type\":\"PropertyValueSpecification\",\"valueRequired\":true,\"valueName\":\"search_term_string\"}}],\"inLanguage\":\"et\"}]}<\/script>\n<!-- \/ Yoast SEO plugin. -->","yoast_head_json":{"title":"AKUL\u00d6\u00d6KKRUVIKEERAJA MAKITA DTD173Z - Espak E-pood","robots":{"index":"index","follow":"follow","max-snippet":"max-snippet:-1","max-image-preview":"max-image-preview:large","max-video-preview":"max-video-preview:-1"},"canonical":"https:\/\/espak.ee\/epood\/toode\/akulookkruvikeeraja-makita-dtd173z\/","og_locale":"et_EE","og_type":"article","og_title":"AKUL\u00d6\u00d6KKRUVIKEERAJA MAKITA DTD173Z - Espak E-pood","og_url":"https:\/\/espak.ee\/epood\/toode\/akulookkruvikeeraja-makita-dtd173z\/","og_site_name":"Espak E-pood","article_modified_time":"2025-06-17T08:03:19+00:00","og_image":[{"width":1000,"height":1000,"url":"https:\/\/espak.ee\/epood\/wp-content\/uploads\/2024\/12\/DTD173Z_C2L0.jpg","type":"image\/jpeg"}],"twitter_card":"summary_large_image","twitter_misc":{"Est. reading time":"2 minutit"},"schema":{"@context":"https:\/\/schema.org","@graph":[{"@type":"WebPage","@id":"https:\/\/espak.ee\/epood\/toode\/akulookkruvikeeraja-makita-dtd173z\/","url":"https:\/\/espak.ee\/epood\/toode\/akulookkruvikeeraja-makita-dtd173z\/","name":"AKUL\u00d6\u00d6KKRUVIKEERAJA MAKITA DTD173Z - Espak E-pood","isPartOf":{"@id":"https:\/\/espak.ee\/epood\/#website"},"primaryImageOfPage":{"@id":"https:\/\/espak.ee\/epood\/toode\/akulookkruvikeeraja-makita-dtd173z\/#primaryimage"},"image":{"@id":"https:\/\/espak.ee\/epood\/toode\/akulookkruvikeeraja-makita-dtd173z\/#primaryimage"},"thumbnailUrl":"https:\/\/espak.ee\/epood\/wp-content\/uploads\/2024\/12\/DTD173Z_C2L0.jpg","datePublished":"2024-12-12T03:05:01+00:00","dateModified":"2025-06-17T08:03:19+00:00","breadcrumb":{"@id":"https:\/\/espak.ee\/epood\/toode\/akulookkruvikeeraja-makita-dtd173z\/#breadcrumb"},"inLanguage":"et","potentialAction":[{"@type":"ReadAction","target":["https:\/\/espak.ee\/epood\/toode\/akulookkruvikeeraja-makita-dtd173z\/"]}]},{"@type":"ImageObject","inLanguage":"et","@id":"https:\/\/espak.ee\/epood\/toode\/akulookkruvikeeraja-makita-dtd173z\/#primaryimage","url":"https:\/\/espak.ee\/epood\/wp-content\/uploads\/2024\/12\/DTD173Z_C2L0.jpg","contentUrl":"https:\/\/espak.ee\/epood\/wp-content\/uploads\/2024\/12\/DTD173Z_C2L0.jpg","width":1000,"height":1000},{"@type":"BreadcrumbList","@id":"https:\/\/espak.ee\/epood\/toode\/akulookkruvikeeraja-makita-dtd173z\/#breadcrumb","itemListElement":[{"@type":"ListItem","position":1,"name":"Home","item":"https:\/\/espak.ee\/epood\/"},{"@type":"ListItem","position":2,"name":"Tootevalik","item":"https:\/\/espak.ee\/epood\/tootevalik\/"},{"@type":"ListItem","position":3,"name":"AKUL\u00d6\u00d6KKRUVIKEERAJA MAKITA DTD173Z"}]},{"@type":"WebSite","@id":"https:\/\/espak.ee\/epood\/#website","url":"https:\/\/espak.ee\/epood\/","name":"Espak E-pood","description":"","potentialAction":[{"@type":"SearchAction","target":{"@type":"EntryPoint","urlTemplate":"https:\/\/espak.ee\/epood\/?s={search_term_string}"},"query-input":{"@type":"PropertyValueSpecification","valueRequired":true,"valueName":"search_term_string"}}],"inLanguage":"et"}]}},"_links":{"self":[{"href":"https:\/\/espak.ee\/epood\/wp-json\/wp\/v2\/product\/221058","targetHints":{"allow":["GET"]}}],"collection":[{"href":"https:\/\/espak.ee\/epood\/wp-json\/wp\/v2\/product"}],"about":[{"href":"https:\/\/espak.ee\/epood\/wp-json\/wp\/v2\/types\/product"}],"replies":[{"embeddable":true,"href":"https:\/\/espak.ee\/epood\/wp-json\/wp\/v2\/comments?post=221058"}],"wp:featuredmedia":[{"embeddable":true,"href":"https:\/\/espak.ee\/epood\/wp-json\/wp\/v2\/media\/221690"}],"wp:attachment":[{"href":"https:\/\/espak.ee\/epood\/wp-json\/wp\/v2\/media?parent=221058"}],"wp:term":[{"taxonomy":"product_brand","embeddable":true,"href":"https:\/\/espak.ee\/epood\/wp-json\/wp\/v2\/product_brand?post=221058"},{"taxonomy":"product_cat","embeddable":true,"href":"https:\/\/espak.ee\/epood\/wp-json\/wp\/v2\/product_cat?post=221058"},{"taxonomy":"product_tag","embeddable":true,"href":"https:\/\/espak.ee\/epood\/wp-json\/wp\/v2\/product_tag?post=221058"}],"curies":[{"name":"wp","href":"https:\/\/api.w.org\/{rel}","templated":true}]}}