{"id":218820,"date":"2024-11-20T05:05:22","date_gmt":"2024-11-20T03:05:22","guid":{"rendered":"https:\/\/espak.ee\/epood\/?post_type=product&#038;p=218820"},"modified":"2025-09-08T10:01:58","modified_gmt":"2025-09-08T07:01:58","slug":"bbq-grilli-puhastuslapid-ultragrime-life-30tk","status":"publish","type":"product","link":"https:\/\/espak.ee\/epood\/toode\/bbq-grilli-puhastuslapid-ultragrime-life-30tk\/","title":{"rendered":"BBQ\/GRILLI PUHASTUSLAPID ULTRAGRIME LIFE 30TK"},"content":{"rendered":"<div class=\"row\"  id=\"row-722180261\">\n\n\t<div id=\"col-1185929754\" class=\"col medium-9 small-12 large-9\"  >\n\t\t\t\t<div class=\"col-inner\"  >\n\t\t\t\n\t\t\t\n<h3>BBQ\/GRILLI puhastuslapid Ultragrime Life 30tk<\/h3>\n<p>UltraGrime\u00ae Life BBQ puhastuslapid on ideaalsed abivahendid juhuks kui tahate pere ja s\u00f5pradega kodus v\u00f5i looduses grillida. Nahas\u00f5bralik, kuid samas armutu rasvale, seega saate neid kasutada oma n\u00f5ude, grilli ja muude tarvikute puhastamiseks. Abrasiivse tekstuuriga lapp eemaldab ka k\u00f5ige t\u00f5rksama mustuse ja kinnip\u00f5lenud rasva. Sobib metallgrillide ja nende teiste pindade puhastamiseks, samuti aiam\u00f6\u00f6bli, n\u00f5ude ja lauaplaatide puhastamiseks. XXL+ puhastuslapid on loodud igap\u00e4evase mustusega kergelt toime tulema &#8211; need on suuremad, m\u00e4rjemad ja tugevamad kui tavalised puhastuslapid. V\u00f5lu peitub riidetaolises kangas, mis ei rebene ega lagune kasutamise ajal. Lisaks p\u00fcsivad need puhastuslapid kaua m\u00e4rjad ja on kasutatavad kauem kui \u00fckski teine puhastuslapp. Unustage kulukad puhastuslahused ja pehmed paberr\u00e4tikud ning ostke m\u00e4rjad UltraGrime puhastuslapid.<\/p>\n<div class=\"message-box relative\" style=\"padding-top:15px;padding-bottom:15px;\"><div class=\"message-box-bg-image bg-fill fill\" ><\/div><div class=\"message-box-bg-overlay bg-fill fill\" ><\/div><div class=\"container relative\"><div class=\"inner last-reset\">\n<div class=\"row align-middle align-center\"  id=\"row-1582007544\">\n\n\t<div id=\"col-1388030141\" class=\"col small-12 large-12\"  >\n\t\t\t\t<div class=\"col-inner text-left\"  >\n\t\t\t\n\t\t\t\n<h4>Omadused<\/h4>\n<div class=\"row\"  id=\"row-239534273\">\n\n\t<div id=\"col-2070007859\" class=\"col medium-6 small-12 large-6\"  >\n\t\t\t\t<div class=\"col-inner\"  >\n\t\t\t\n\t\t\t\n<p><i class=\"fa fa-check fa-2x\"><\/i> <strong> XXL suuruses &#8211; 38*25cm<\/strong><\/p>\n<p><i class=\"fa fa-check fa-2x\"><\/i> <strong> \u00dchelt poolt struktuurne, teiselt poolt pehme<\/strong><\/p>\n<p><i class=\"fa fa-check fa-2x\"><\/i> <strong> P\u00fcsib m\u00e4rjana ja kasutatav \u00fcle 60 minuti \u2013 enamik teisi kuivab 5-10 minutiga<\/strong><\/p>\n\t\t<\/div>\n\t\t\t\t\n<style>\n#col-2070007859 > .col-inner {\n  margin: 0px 0px 15px 0px;\n}\n<\/style>\n\t<\/div>\n\n\t\n\n\t<div id=\"col-1362443744\" class=\"col medium-6 small-12 large-6\"  >\n\t\t\t\t<div class=\"col-inner\"  >\n\t\t\t\n\t\t\t\n<p><i class=\"fa fa-check fa-2x\"><\/i> <strong> Ohutu k\u00e4tele ja k\u00f5ikidel pindadele<\/strong><\/p>\n<p><i class=\"fa fa-check fa-2x\"><\/i> <strong> Suur imamisv\u00f5ime <\/strong><\/p>\n<p><i class=\"fa fa-check fa-2x\"><\/i> <strong>Eemaldab rasva ja mustuse <\/strong><\/p>\n\t\t<\/div>\n\t\t\t\t\n<style>\n#col-1362443744 > .col-inner {\n  margin: 0px 0px 15px 0px;\n}\n<\/style>\n\t<\/div>\n\n\t\n<\/div>\n\t\t<\/div>\n\t\t\t\t\t<\/div>\n\n\t\n<\/div>\n<\/div><\/div><\/div>\n\t<div id=\"gap-1239485270\" class=\"gap-element clearfix\" style=\"display:block; height:auto;\">\n\t\t\n<style>\n#gap-1239485270 {\n  padding-top: 30px;\n}\n<\/style>\n\t<\/div>\n\t\n\t\t<\/div>\n\t\t\t\t\t<\/div>\n\n\t\n\n\t<div id=\"col-203115339\" class=\"col medium-3 small-12 large-3\"  >\n\t\t\t\t<div class=\"col-inner\"  >\n\t\t\t\n\t\t\t\n\t<div id=\"gap-1175509190\" class=\"gap-element clearfix\" style=\"display:block; height:auto;\">\n\t\t\n<style>\n#gap-1175509190 {\n  padding-top: 30px;\n}\n<\/style>\n\t<\/div>\n\t\n<p><strong>\u00dcksikasjalikuma n\u00f5u saamiseks v\u00f5tke \u00fchendust:<br \/><\/strong>MOTORAL EESTI AS<br \/>Tala 6<br \/>11415<br \/>Tallinn<br \/> Telefon +372 620 1464<\/p>\n\t\t<\/div>\n\t\t\t\t\t<\/div>\n\n\t\n<\/div>\n","protected":false},"excerpt":{"rendered":"","protected":false},"featured_media":219103,"comment_status":"closed","ping_status":"closed","template":"","meta":[],"product_brand":[],"product_cat":[2788,2927,2931,3022],"product_tag":[],"class_list":{"0":"post-218820","1":"product","2":"type-product","3":"status-publish","4":"has-post-thumbnail","6":"product_cat-aiatarbed-ja-kodukaubad","7":"product_cat-kodukaubad","8":"product_cat-koristustarvikud","9":"product_cat-lapid-ja-kummikindad","10":"pa_kaubamark-motoral-eesti-as","12":"first","13":"instock","14":"sale","15":"taxable","16":"shipping-taxable","17":"purchasable","18":"product-type-simple"},"yoast_head":"<!-- This site is optimized with the Yoast SEO plugin v26.9 - https:\/\/yoast.com\/product\/yoast-seo-wordpress\/ -->\n<title>BBQ\/GRILLI PUHASTUSLAPID ULTRAGRIME LIFE 30TK - Espak E-pood<\/title>\n<meta name=\"robots\" content=\"index, follow, max-snippet:-1, max-image-preview:large, max-video-preview:-1\" \/>\n<link rel=\"canonical\" href=\"https:\/\/espak.ee\/epood\/toode\/bbq-grilli-puhastuslapid-ultragrime-life-30tk\/\" \/>\n<meta property=\"og:locale\" content=\"et_EE\" \/>\n<meta property=\"og:type\" content=\"article\" \/>\n<meta property=\"og:title\" content=\"BBQ\/GRILLI PUHASTUSLAPID ULTRAGRIME LIFE 30TK - Espak E-pood\" \/>\n<meta property=\"og:url\" content=\"https:\/\/espak.ee\/epood\/toode\/bbq-grilli-puhastuslapid-ultragrime-life-30tk\/\" \/>\n<meta property=\"og:site_name\" content=\"Espak E-pood\" \/>\n<meta property=\"article:modified_time\" content=\"2025-09-08T07:01:58+00:00\" \/>\n<meta property=\"og:image\" content=\"https:\/\/espak.ee\/epood\/wp-content\/uploads\/2024\/11\/5450UG.jpg\" \/>\n\t<meta property=\"og:image:width\" content=\"1000\" \/>\n\t<meta property=\"og:image:height\" content=\"1000\" \/>\n\t<meta property=\"og:image:type\" content=\"image\/jpeg\" \/>\n<meta name=\"twitter:card\" content=\"summary_large_image\" \/>\n<meta name=\"twitter:label1\" content=\"Est. reading time\" \/>\n\t<meta name=\"twitter:data1\" content=\"1 minut\" \/>\n<script type=\"application\/ld+json\" class=\"yoast-schema-graph\">{\"@context\":\"https:\/\/schema.org\",\"@graph\":[{\"@type\":\"WebPage\",\"@id\":\"https:\/\/espak.ee\/epood\/toode\/bbq-grilli-puhastuslapid-ultragrime-life-30tk\/\",\"url\":\"https:\/\/espak.ee\/epood\/toode\/bbq-grilli-puhastuslapid-ultragrime-life-30tk\/\",\"name\":\"BBQ\/GRILLI PUHASTUSLAPID ULTRAGRIME LIFE 30TK - Espak E-pood\",\"isPartOf\":{\"@id\":\"https:\/\/espak.ee\/epood\/#website\"},\"primaryImageOfPage\":{\"@id\":\"https:\/\/espak.ee\/epood\/toode\/bbq-grilli-puhastuslapid-ultragrime-life-30tk\/#primaryimage\"},\"image\":{\"@id\":\"https:\/\/espak.ee\/epood\/toode\/bbq-grilli-puhastuslapid-ultragrime-life-30tk\/#primaryimage\"},\"thumbnailUrl\":\"https:\/\/espak.ee\/epood\/wp-content\/uploads\/2024\/11\/5450UG.jpg\",\"datePublished\":\"2024-11-20T03:05:22+00:00\",\"dateModified\":\"2025-09-08T07:01:58+00:00\",\"breadcrumb\":{\"@id\":\"https:\/\/espak.ee\/epood\/toode\/bbq-grilli-puhastuslapid-ultragrime-life-30tk\/#breadcrumb\"},\"inLanguage\":\"et\",\"potentialAction\":[{\"@type\":\"ReadAction\",\"target\":[\"https:\/\/espak.ee\/epood\/toode\/bbq-grilli-puhastuslapid-ultragrime-life-30tk\/\"]}]},{\"@type\":\"ImageObject\",\"inLanguage\":\"et\",\"@id\":\"https:\/\/espak.ee\/epood\/toode\/bbq-grilli-puhastuslapid-ultragrime-life-30tk\/#primaryimage\",\"url\":\"https:\/\/espak.ee\/epood\/wp-content\/uploads\/2024\/11\/5450UG.jpg\",\"contentUrl\":\"https:\/\/espak.ee\/epood\/wp-content\/uploads\/2024\/11\/5450UG.jpg\",\"width\":1000,\"height\":1000},{\"@type\":\"BreadcrumbList\",\"@id\":\"https:\/\/espak.ee\/epood\/toode\/bbq-grilli-puhastuslapid-ultragrime-life-30tk\/#breadcrumb\",\"itemListElement\":[{\"@type\":\"ListItem\",\"position\":1,\"name\":\"Home\",\"item\":\"https:\/\/espak.ee\/epood\/\"},{\"@type\":\"ListItem\",\"position\":2,\"name\":\"Tootevalik\",\"item\":\"https:\/\/espak.ee\/epood\/tootevalik\/\"},{\"@type\":\"ListItem\",\"position\":3,\"name\":\"BBQ\/GRILLI PUHASTUSLAPID ULTRAGRIME LIFE 30TK\"}]},{\"@type\":\"WebSite\",\"@id\":\"https:\/\/espak.ee\/epood\/#website\",\"url\":\"https:\/\/espak.ee\/epood\/\",\"name\":\"Espak E-pood\",\"description\":\"\",\"potentialAction\":[{\"@type\":\"SearchAction\",\"target\":{\"@type\":\"EntryPoint\",\"urlTemplate\":\"https:\/\/espak.ee\/epood\/?s={search_term_string}\"},\"query-input\":{\"@type\":\"PropertyValueSpecification\",\"valueRequired\":true,\"valueName\":\"search_term_string\"}}],\"inLanguage\":\"et\"}]}<\/script>\n<!-- \/ Yoast SEO plugin. -->","yoast_head_json":{"title":"BBQ\/GRILLI PUHASTUSLAPID ULTRAGRIME LIFE 30TK - Espak E-pood","robots":{"index":"index","follow":"follow","max-snippet":"max-snippet:-1","max-image-preview":"max-image-preview:large","max-video-preview":"max-video-preview:-1"},"canonical":"https:\/\/espak.ee\/epood\/toode\/bbq-grilli-puhastuslapid-ultragrime-life-30tk\/","og_locale":"et_EE","og_type":"article","og_title":"BBQ\/GRILLI PUHASTUSLAPID ULTRAGRIME LIFE 30TK - Espak E-pood","og_url":"https:\/\/espak.ee\/epood\/toode\/bbq-grilli-puhastuslapid-ultragrime-life-30tk\/","og_site_name":"Espak E-pood","article_modified_time":"2025-09-08T07:01:58+00:00","og_image":[{"width":1000,"height":1000,"url":"https:\/\/espak.ee\/epood\/wp-content\/uploads\/2024\/11\/5450UG.jpg","type":"image\/jpeg"}],"twitter_card":"summary_large_image","twitter_misc":{"Est. reading time":"1 minut"},"schema":{"@context":"https:\/\/schema.org","@graph":[{"@type":"WebPage","@id":"https:\/\/espak.ee\/epood\/toode\/bbq-grilli-puhastuslapid-ultragrime-life-30tk\/","url":"https:\/\/espak.ee\/epood\/toode\/bbq-grilli-puhastuslapid-ultragrime-life-30tk\/","name":"BBQ\/GRILLI PUHASTUSLAPID ULTRAGRIME LIFE 30TK - Espak E-pood","isPartOf":{"@id":"https:\/\/espak.ee\/epood\/#website"},"primaryImageOfPage":{"@id":"https:\/\/espak.ee\/epood\/toode\/bbq-grilli-puhastuslapid-ultragrime-life-30tk\/#primaryimage"},"image":{"@id":"https:\/\/espak.ee\/epood\/toode\/bbq-grilli-puhastuslapid-ultragrime-life-30tk\/#primaryimage"},"thumbnailUrl":"https:\/\/espak.ee\/epood\/wp-content\/uploads\/2024\/11\/5450UG.jpg","datePublished":"2024-11-20T03:05:22+00:00","dateModified":"2025-09-08T07:01:58+00:00","breadcrumb":{"@id":"https:\/\/espak.ee\/epood\/toode\/bbq-grilli-puhastuslapid-ultragrime-life-30tk\/#breadcrumb"},"inLanguage":"et","potentialAction":[{"@type":"ReadAction","target":["https:\/\/espak.ee\/epood\/toode\/bbq-grilli-puhastuslapid-ultragrime-life-30tk\/"]}]},{"@type":"ImageObject","inLanguage":"et","@id":"https:\/\/espak.ee\/epood\/toode\/bbq-grilli-puhastuslapid-ultragrime-life-30tk\/#primaryimage","url":"https:\/\/espak.ee\/epood\/wp-content\/uploads\/2024\/11\/5450UG.jpg","contentUrl":"https:\/\/espak.ee\/epood\/wp-content\/uploads\/2024\/11\/5450UG.jpg","width":1000,"height":1000},{"@type":"BreadcrumbList","@id":"https:\/\/espak.ee\/epood\/toode\/bbq-grilli-puhastuslapid-ultragrime-life-30tk\/#breadcrumb","itemListElement":[{"@type":"ListItem","position":1,"name":"Home","item":"https:\/\/espak.ee\/epood\/"},{"@type":"ListItem","position":2,"name":"Tootevalik","item":"https:\/\/espak.ee\/epood\/tootevalik\/"},{"@type":"ListItem","position":3,"name":"BBQ\/GRILLI PUHASTUSLAPID ULTRAGRIME LIFE 30TK"}]},{"@type":"WebSite","@id":"https:\/\/espak.ee\/epood\/#website","url":"https:\/\/espak.ee\/epood\/","name":"Espak E-pood","description":"","potentialAction":[{"@type":"SearchAction","target":{"@type":"EntryPoint","urlTemplate":"https:\/\/espak.ee\/epood\/?s={search_term_string}"},"query-input":{"@type":"PropertyValueSpecification","valueRequired":true,"valueName":"search_term_string"}}],"inLanguage":"et"}]}},"_links":{"self":[{"href":"https:\/\/espak.ee\/epood\/wp-json\/wp\/v2\/product\/218820","targetHints":{"allow":["GET"]}}],"collection":[{"href":"https:\/\/espak.ee\/epood\/wp-json\/wp\/v2\/product"}],"about":[{"href":"https:\/\/espak.ee\/epood\/wp-json\/wp\/v2\/types\/product"}],"replies":[{"embeddable":true,"href":"https:\/\/espak.ee\/epood\/wp-json\/wp\/v2\/comments?post=218820"}],"wp:featuredmedia":[{"embeddable":true,"href":"https:\/\/espak.ee\/epood\/wp-json\/wp\/v2\/media\/219103"}],"wp:attachment":[{"href":"https:\/\/espak.ee\/epood\/wp-json\/wp\/v2\/media?parent=218820"}],"wp:term":[{"taxonomy":"product_brand","embeddable":true,"href":"https:\/\/espak.ee\/epood\/wp-json\/wp\/v2\/product_brand?post=218820"},{"taxonomy":"product_cat","embeddable":true,"href":"https:\/\/espak.ee\/epood\/wp-json\/wp\/v2\/product_cat?post=218820"},{"taxonomy":"product_tag","embeddable":true,"href":"https:\/\/espak.ee\/epood\/wp-json\/wp\/v2\/product_tag?post=218820"}],"curies":[{"name":"wp","href":"https:\/\/api.w.org\/{rel}","templated":true}]}}