{"id":218817,"date":"2024-11-20T05:05:02","date_gmt":"2024-11-20T03:05:02","guid":{"rendered":"https:\/\/espak.ee\/epood\/?post_type=product&#038;p=218817"},"modified":"2026-03-21T09:25:10","modified_gmt":"2026-03-21T07:25:10","slug":"alusvarv-acrylate-premium-c-09l-ainult-toonimiseks","status":"publish","type":"product","link":"https:\/\/espak.ee\/epood\/toode\/alusvarv-acrylate-premium-c-09l-ainult-toonimiseks\/","title":{"rendered":"ALUSV\u00c4RV ACRYLATE PREMIUM C  0,9L &#8211; AINULT TOONIMISEKS!"},"content":{"rendered":"<div class=\"row\"  id=\"row-932023775\">\n\n\t<div id=\"col-1336388137\" class=\"col medium-9 small-12 large-9\"  >\n\t\t\t\t<div class=\"col-inner\"  >\n\t\t\t\n\t\t\t\n<h2>Alusv\u00e4rv Acrylate Premium C 0,9L &#8211; Ainult toonimiseks!<\/h2>\n<p>Acrylate Premium on veep\u00f5hine niiskuskindel matt (7) v\u00e4rv siset\u00f6\u00f6deks. Sisaldab hallitusvastaseid komponente. V\u00e4rvitud pind on erakordselt pesemis- ja kulumiskindel, mist\u00f5ttu on v\u00e4rv sobilik eriti suurt koormuskindlust n\u00f5udvatesse ruumidesse. M\u00e4rgh\u00f5\u00f5rdekindlus klass 1 vastavalt standardile ISO 11998. V\u00e4rv sisaldab minimaalselt lenduvaid orgaanilisi \u00fchendeid (LO\u00dc) ja on sertifitseeritud Nordic Swan Ecolabel (Luigem\u00e4rk) \u00f6kom\u00e4rgisega.<\/p>\n<div class=\"message-box relative\" style=\"padding-top:15px;padding-bottom:15px;\"><div class=\"message-box-bg-image bg-fill fill\" ><\/div><div class=\"message-box-bg-overlay bg-fill fill\" ><\/div><div class=\"container relative\"><div class=\"inner last-reset\">\n<div class=\"row align-middle align-center\"  id=\"row-1185839306\">\n\n\t<div id=\"col-1769319359\" class=\"col small-12 large-12\"  >\n\t\t\t\t<div class=\"col-inner text-left\"  >\n\t\t\t\n\t\t\t\n<h4>Omadused<\/h4>\n<div class=\"row\"  id=\"row-1181362339\">\n\n\t<div id=\"col-846894488\" class=\"col medium-6 small-12 large-6\"  >\n\t\t\t\t<div class=\"col-inner\"  >\n\t\t\t\n\t\t\t\n<p><i class=\"fa fa-check fa-2x\"><\/i> <strong> Sisaldab hallitusvastaseid komponente<\/strong><\/p>\n<p><i class=\"fa fa-check fa-2x\"><\/i> <strong> Lihtne puhastada<\/strong><\/p>\n\t\t<\/div>\n\t\t\t\t\n<style>\n#col-846894488 > .col-inner {\n  margin: 10px 0px 15px 0px;\n}\n<\/style>\n\t<\/div>\n\n\t\n\n\t<div id=\"col-450838651\" class=\"col medium-6 small-12 large-6\"  >\n\t\t\t\t<div class=\"col-inner\"  >\n\t\t\t\n\t\t\t\n<p><i class=\"fa fa-check fa-2x\"><\/i> <strong> Suurep\u00e4rase katvusega<\/strong><\/p>\n\t\t<\/div>\n\t\t\t\t\n<style>\n#col-450838651 > .col-inner {\n  margin: 0px 0px 15px 0px;\n}\n<\/style>\n\t<\/div>\n\n\t\n<\/div>\n\t\t<\/div>\n\t\t\t\t\t<\/div>\n\n\t\n<\/div>\n<\/div><\/div><\/div>\n\t<div id=\"gap-2130393998\" class=\"gap-element clearfix\" style=\"display:block; height:auto;\">\n\t\t\n<style>\n#gap-2130393998 {\n  padding-top: 30px;\n}\n<\/style>\n\t<\/div>\n\t\n<p><strong>Pinna ettevalmistamine:<\/strong><br \/>\n V\u00e4rvimata pind: Puhasta pind tolmust ja mustusest. Pahtelda ebatasasused sobiva pahtliga Vivacolor sarjast, lihvi ja eemalda lihvimistolm. Krundi pahteldatud, poorne v\u00f5i eba\u00fchtlase imavusega pind ning kipsplaat- ja puitkiudplaat pind veep\u00f5hise kruntv\u00e4rviga Vivacolor Primer 1. Metallpind krundi metalli kruntv\u00e4rviga Tikkurila Rostex Super Akva v\u00f5i Rostex Super. Kriitpahtliga pahteldatud pind krundi Special Primer alk\u00fc\u00fcdkruntv\u00e4rviga. K\u00f5ikide kruntv\u00e4rvide kasutamisel j\u00e4rgi nende kasutusjuhendit.<\/p>\n<p> Varem v\u00e4rvitud pind: Eemalda lahtine v\u00e4rvikiht. Pese pind puhastusvahendi Special Clean vesilahusega vastavalt kasutusjuhendile, loputa veega ja lase kuivada. Lihvi k\u00f5va ja l\u00e4ikiv pind matiks, eemalda lihvimistolm. N\u00f5rk v\u00f5i tolmune pind krundi alk\u00fc\u00fcdkruntv\u00e4rviga Special Primer. Praod ja ebatasasused pahtelda sobiva pahtliga Vivacolor sarjast, lihvi ja eemalda lihvimistolm. Pahteldatud pind krundi kruntv\u00e4rviga Primer 1.<\/p>\n<p><strong>Viimistlemine: <\/strong>Sega v\u00e4rvi enne kasutamist hoolikalt, vajadusel vedelda veega kuni 5% v\u00e4rvi mahust. \u00dchtlase toonierinevusteta v\u00e4rvipinna saamiseks sega v\u00e4rvimisn\u00f5usse valmis piisav kogus toonitud v\u00e4rvi. V\u00e4rvi 1-2 korda rulli, pintsli v\u00f5i pihustiga.<\/p>\n\t\t<\/div>\n\t\t\t\t\t<\/div>\n\n\t\n\n\t<div id=\"col-42002160\" class=\"col medium-3 small-12 large-3\"  >\n\t\t\t\t<div class=\"col-inner\"  >\n\t\t\t\n\t\t\t\n\t<div id=\"gap-2049971924\" class=\"gap-element clearfix\" style=\"display:block; height:auto;\">\n\t\t\n<style>\n#gap-2049971924 {\n  padding-top: 30px;\n}\n<\/style>\n\t<\/div>\n\t\n<h3>Tehniline informatsioon<\/h3>\n<p><a href=\"https:\/\/espak.ee\/epood\/wp-content\/uploads\/2024\/06\/Acrylate_Premium_ET_PDS_Vivacolor.pdf\"target=\"_blank\" rel=\"noopener noreferrer\"><i class=\"far fa-file-pdf\"><\/i> Tehniline info (PDF)<\/a><\/p>\n<h3>Ohutuskaart<\/h3>\n<p><a href=\"https:\/\/espak.ee\/epood\/wp-content\/uploads\/2024\/06\/710EE_Estonia_EE_Vivacolor.pdf.pdf\"target=\"_blank\" rel=\"noopener noreferrer\"><i class=\"far fa-file-pdf\"><\/i> Ohutuskaart (PDF)<\/a><\/p>\n<div class=\"is-divider divider clearfix\" ><\/div>\n<h3>K\u00fcsi v\u00e4rvimisalast n\u00f5u:<\/h3>\n<p><a href=\"https:\/\/www.vivacolor.ee\/varviliin\" target=\"_blank\" rel=\"noopener noreferrer\"><img decoding=\"async\" class=\"alignnone size-full\" src=\"https:\/\/espak.ee\/epood\/wp-content\/uploads\/2023\/05\/TIK_Color_Line_EST2022_vert_BG_turqoise.jpg\" alt=\"\" width=\"158\" height=\"234\" \/><\/a><\/p>\n\t\t<\/div>\n\t\t\t\t\t<\/div>\n\n\t\n<\/div>\n","protected":false},"excerpt":{"rendered":"","protected":false},"featured_media":202181,"comment_status":"closed","ping_status":"closed","template":"","meta":[],"product_brand":[],"product_cat":[2689,2685,2684,2683],"product_tag":[],"class_list":{"0":"post-218817","1":"product","2":"type-product","3":"status-publish","4":"has-post-thumbnail","6":"product_cat-sisevarvid","7":"product_cat-varvid","8":"product_cat-varvid-lakid-lahustid-puidukaitsed-olid","9":"product_cat-viimistluskaubad","10":"pa_kaubamark-tikkurila","12":"first","13":"instock","14":"sale","15":"taxable","16":"shipping-taxable","17":"purchasable","18":"product-type-simple"},"yoast_head":"<!-- This site is optimized with the Yoast SEO plugin v26.9 - https:\/\/yoast.com\/product\/yoast-seo-wordpress\/ -->\n<title>ALUSV\u00c4RV ACRYLATE PREMIUM C 0,9L - AINULT TOONIMISEKS! - Espak E-pood<\/title>\n<meta name=\"robots\" content=\"index, follow, max-snippet:-1, max-image-preview:large, max-video-preview:-1\" \/>\n<link rel=\"canonical\" href=\"https:\/\/espak.ee\/epood\/toode\/alusvarv-acrylate-premium-c-09l-ainult-toonimiseks\/\" \/>\n<meta property=\"og:locale\" content=\"et_EE\" \/>\n<meta property=\"og:type\" content=\"article\" \/>\n<meta property=\"og:title\" content=\"ALUSV\u00c4RV ACRYLATE PREMIUM C 0,9L - AINULT TOONIMISEKS! - Espak E-pood\" \/>\n<meta property=\"og:url\" content=\"https:\/\/espak.ee\/epood\/toode\/alusvarv-acrylate-premium-c-09l-ainult-toonimiseks\/\" \/>\n<meta property=\"og:site_name\" content=\"Espak E-pood\" \/>\n<meta property=\"article:modified_time\" content=\"2026-03-21T07:25:10+00:00\" \/>\n<meta property=\"og:image\" content=\"https:\/\/espak.ee\/epood\/wp-content\/uploads\/2024\/06\/EE_Vivacolor_AcrylatePremium_-09L-1.jpg\" \/>\n\t<meta property=\"og:image:width\" content=\"1000\" \/>\n\t<meta property=\"og:image:height\" content=\"1000\" \/>\n\t<meta property=\"og:image:type\" content=\"image\/jpeg\" \/>\n<meta name=\"twitter:card\" content=\"summary_large_image\" \/>\n<meta name=\"twitter:label1\" content=\"Est. reading time\" \/>\n\t<meta name=\"twitter:data1\" content=\"2 minutit\" \/>\n<script type=\"application\/ld+json\" class=\"yoast-schema-graph\">{\"@context\":\"https:\/\/schema.org\",\"@graph\":[{\"@type\":\"WebPage\",\"@id\":\"https:\/\/espak.ee\/epood\/toode\/alusvarv-acrylate-premium-c-09l-ainult-toonimiseks\/\",\"url\":\"https:\/\/espak.ee\/epood\/toode\/alusvarv-acrylate-premium-c-09l-ainult-toonimiseks\/\",\"name\":\"ALUSV\u00c4RV ACRYLATE PREMIUM C 0,9L - AINULT TOONIMISEKS! - Espak E-pood\",\"isPartOf\":{\"@id\":\"https:\/\/espak.ee\/epood\/#website\"},\"primaryImageOfPage\":{\"@id\":\"https:\/\/espak.ee\/epood\/toode\/alusvarv-acrylate-premium-c-09l-ainult-toonimiseks\/#primaryimage\"},\"image\":{\"@id\":\"https:\/\/espak.ee\/epood\/toode\/alusvarv-acrylate-premium-c-09l-ainult-toonimiseks\/#primaryimage\"},\"thumbnailUrl\":\"https:\/\/espak.ee\/epood\/wp-content\/uploads\/2024\/06\/EE_Vivacolor_AcrylatePremium_-09L-1.jpg\",\"datePublished\":\"2024-11-20T03:05:02+00:00\",\"dateModified\":\"2026-03-21T07:25:10+00:00\",\"breadcrumb\":{\"@id\":\"https:\/\/espak.ee\/epood\/toode\/alusvarv-acrylate-premium-c-09l-ainult-toonimiseks\/#breadcrumb\"},\"inLanguage\":\"et\",\"potentialAction\":[{\"@type\":\"ReadAction\",\"target\":[\"https:\/\/espak.ee\/epood\/toode\/alusvarv-acrylate-premium-c-09l-ainult-toonimiseks\/\"]}]},{\"@type\":\"ImageObject\",\"inLanguage\":\"et\",\"@id\":\"https:\/\/espak.ee\/epood\/toode\/alusvarv-acrylate-premium-c-09l-ainult-toonimiseks\/#primaryimage\",\"url\":\"https:\/\/espak.ee\/epood\/wp-content\/uploads\/2024\/06\/EE_Vivacolor_AcrylatePremium_-09L-1.jpg\",\"contentUrl\":\"https:\/\/espak.ee\/epood\/wp-content\/uploads\/2024\/06\/EE_Vivacolor_AcrylatePremium_-09L-1.jpg\",\"width\":1000,\"height\":1000},{\"@type\":\"BreadcrumbList\",\"@id\":\"https:\/\/espak.ee\/epood\/toode\/alusvarv-acrylate-premium-c-09l-ainult-toonimiseks\/#breadcrumb\",\"itemListElement\":[{\"@type\":\"ListItem\",\"position\":1,\"name\":\"Home\",\"item\":\"https:\/\/espak.ee\/epood\/\"},{\"@type\":\"ListItem\",\"position\":2,\"name\":\"Tootevalik\",\"item\":\"https:\/\/espak.ee\/epood\/tootevalik\/\"},{\"@type\":\"ListItem\",\"position\":3,\"name\":\"ALUSV\u00c4RV ACRYLATE PREMIUM C 0,9L &#8211; AINULT TOONIMISEKS!\"}]},{\"@type\":\"WebSite\",\"@id\":\"https:\/\/espak.ee\/epood\/#website\",\"url\":\"https:\/\/espak.ee\/epood\/\",\"name\":\"Espak E-pood\",\"description\":\"\",\"potentialAction\":[{\"@type\":\"SearchAction\",\"target\":{\"@type\":\"EntryPoint\",\"urlTemplate\":\"https:\/\/espak.ee\/epood\/?s={search_term_string}\"},\"query-input\":{\"@type\":\"PropertyValueSpecification\",\"valueRequired\":true,\"valueName\":\"search_term_string\"}}],\"inLanguage\":\"et\"}]}<\/script>\n<!-- \/ Yoast SEO plugin. -->","yoast_head_json":{"title":"ALUSV\u00c4RV ACRYLATE PREMIUM C 0,9L - AINULT TOONIMISEKS! - Espak E-pood","robots":{"index":"index","follow":"follow","max-snippet":"max-snippet:-1","max-image-preview":"max-image-preview:large","max-video-preview":"max-video-preview:-1"},"canonical":"https:\/\/espak.ee\/epood\/toode\/alusvarv-acrylate-premium-c-09l-ainult-toonimiseks\/","og_locale":"et_EE","og_type":"article","og_title":"ALUSV\u00c4RV ACRYLATE PREMIUM C 0,9L - AINULT TOONIMISEKS! - Espak E-pood","og_url":"https:\/\/espak.ee\/epood\/toode\/alusvarv-acrylate-premium-c-09l-ainult-toonimiseks\/","og_site_name":"Espak E-pood","article_modified_time":"2026-03-21T07:25:10+00:00","og_image":[{"width":1000,"height":1000,"url":"https:\/\/espak.ee\/epood\/wp-content\/uploads\/2024\/06\/EE_Vivacolor_AcrylatePremium_-09L-1.jpg","type":"image\/jpeg"}],"twitter_card":"summary_large_image","twitter_misc":{"Est. reading time":"2 minutit"},"schema":{"@context":"https:\/\/schema.org","@graph":[{"@type":"WebPage","@id":"https:\/\/espak.ee\/epood\/toode\/alusvarv-acrylate-premium-c-09l-ainult-toonimiseks\/","url":"https:\/\/espak.ee\/epood\/toode\/alusvarv-acrylate-premium-c-09l-ainult-toonimiseks\/","name":"ALUSV\u00c4RV ACRYLATE PREMIUM C 0,9L - AINULT TOONIMISEKS! - Espak E-pood","isPartOf":{"@id":"https:\/\/espak.ee\/epood\/#website"},"primaryImageOfPage":{"@id":"https:\/\/espak.ee\/epood\/toode\/alusvarv-acrylate-premium-c-09l-ainult-toonimiseks\/#primaryimage"},"image":{"@id":"https:\/\/espak.ee\/epood\/toode\/alusvarv-acrylate-premium-c-09l-ainult-toonimiseks\/#primaryimage"},"thumbnailUrl":"https:\/\/espak.ee\/epood\/wp-content\/uploads\/2024\/06\/EE_Vivacolor_AcrylatePremium_-09L-1.jpg","datePublished":"2024-11-20T03:05:02+00:00","dateModified":"2026-03-21T07:25:10+00:00","breadcrumb":{"@id":"https:\/\/espak.ee\/epood\/toode\/alusvarv-acrylate-premium-c-09l-ainult-toonimiseks\/#breadcrumb"},"inLanguage":"et","potentialAction":[{"@type":"ReadAction","target":["https:\/\/espak.ee\/epood\/toode\/alusvarv-acrylate-premium-c-09l-ainult-toonimiseks\/"]}]},{"@type":"ImageObject","inLanguage":"et","@id":"https:\/\/espak.ee\/epood\/toode\/alusvarv-acrylate-premium-c-09l-ainult-toonimiseks\/#primaryimage","url":"https:\/\/espak.ee\/epood\/wp-content\/uploads\/2024\/06\/EE_Vivacolor_AcrylatePremium_-09L-1.jpg","contentUrl":"https:\/\/espak.ee\/epood\/wp-content\/uploads\/2024\/06\/EE_Vivacolor_AcrylatePremium_-09L-1.jpg","width":1000,"height":1000},{"@type":"BreadcrumbList","@id":"https:\/\/espak.ee\/epood\/toode\/alusvarv-acrylate-premium-c-09l-ainult-toonimiseks\/#breadcrumb","itemListElement":[{"@type":"ListItem","position":1,"name":"Home","item":"https:\/\/espak.ee\/epood\/"},{"@type":"ListItem","position":2,"name":"Tootevalik","item":"https:\/\/espak.ee\/epood\/tootevalik\/"},{"@type":"ListItem","position":3,"name":"ALUSV\u00c4RV ACRYLATE PREMIUM C 0,9L &#8211; AINULT TOONIMISEKS!"}]},{"@type":"WebSite","@id":"https:\/\/espak.ee\/epood\/#website","url":"https:\/\/espak.ee\/epood\/","name":"Espak E-pood","description":"","potentialAction":[{"@type":"SearchAction","target":{"@type":"EntryPoint","urlTemplate":"https:\/\/espak.ee\/epood\/?s={search_term_string}"},"query-input":{"@type":"PropertyValueSpecification","valueRequired":true,"valueName":"search_term_string"}}],"inLanguage":"et"}]}},"_links":{"self":[{"href":"https:\/\/espak.ee\/epood\/wp-json\/wp\/v2\/product\/218817","targetHints":{"allow":["GET"]}}],"collection":[{"href":"https:\/\/espak.ee\/epood\/wp-json\/wp\/v2\/product"}],"about":[{"href":"https:\/\/espak.ee\/epood\/wp-json\/wp\/v2\/types\/product"}],"replies":[{"embeddable":true,"href":"https:\/\/espak.ee\/epood\/wp-json\/wp\/v2\/comments?post=218817"}],"wp:featuredmedia":[{"embeddable":true,"href":"https:\/\/espak.ee\/epood\/wp-json\/wp\/v2\/media\/202181"}],"wp:attachment":[{"href":"https:\/\/espak.ee\/epood\/wp-json\/wp\/v2\/media?parent=218817"}],"wp:term":[{"taxonomy":"product_brand","embeddable":true,"href":"https:\/\/espak.ee\/epood\/wp-json\/wp\/v2\/product_brand?post=218817"},{"taxonomy":"product_cat","embeddable":true,"href":"https:\/\/espak.ee\/epood\/wp-json\/wp\/v2\/product_cat?post=218817"},{"taxonomy":"product_tag","embeddable":true,"href":"https:\/\/espak.ee\/epood\/wp-json\/wp\/v2\/product_tag?post=218817"}],"curies":[{"name":"wp","href":"https:\/\/api.w.org\/{rel}","templated":true}]}}