{"id":21580,"date":"2020-04-18T04:20:29","date_gmt":"2020-04-18T01:20:29","guid":{"rendered":"https:\/\/espak.ee\/hinnakiri\/?post_type=product&#038;p=21580"},"modified":"2025-12-17T14:59:24","modified_gmt":"2025-12-17T12:59:24","slug":"jarkamissaag-einhell-tc-sm-2131-1-dual","status":"publish","type":"product","link":"https:\/\/espak.ee\/epood\/toode\/jarkamissaag-einhell-tc-sm-2131-1-dual\/","title":{"rendered":"J\u00c4RKAMISSAAG EINHELL TC-SM 2131\/2 DUAL"},"content":{"rendered":"<div class=\"row\"  id=\"row-551730120\">\n\n\t<div id=\"col-257562232\" class=\"col medium-9 small-12 large-9\"  >\n\t\t\t\t<div class=\"col-inner\"  >\n\t\t\t\n\t\t\t\n<div class=\"message-box relative\" style=\"padding-top:15px;padding-bottom:15px;\"><div class=\"message-box-bg-image bg-fill fill\" ><\/div><div class=\"message-box-bg-overlay bg-fill fill\" ><\/div><div class=\"container relative\"><div class=\"inner last-reset\">\n<div class=\"row align-middle align-center\"  id=\"row-1324884591\">\n\n\t<div id=\"col-756081567\" class=\"col small-12 large-12\"  >\n\t\t\t\t<div class=\"col-inner text-left\"  >\n\t\t\t\n\t\t\t\n<h4>Omadused<\/h4>\n<div class=\"row\"  id=\"row-1430390740\">\n\n\t<div id=\"col-460616697\" class=\"col medium-6 small-12 large-6\"  >\n\t\t\t\t<div class=\"col-inner\"  >\n\t\t\t\n\t\t\t\n<p><i class=\"far fa-check-circle fa-2x\"><\/i><strong>\u00a0Sisseehitatud kelk suurte toorikute l\u00f5ikamiseks <\/strong><\/p>\n<p><i class=\"far fa-check-circle fa-2x\"><\/i><strong> Saagimispea vasakule ja paremale kallutamine kallete l\u00f5ikamiseks <\/strong><\/p>\n<p><i class=\"far fa-check-circle fa-2x\"><\/i><strong> Pikkade toorikute toed m\u00f5lemal k\u00fcljel <\/strong><\/p>\n<p><i class=\"far fa-check-circle fa-2x\"><\/i><strong> Kvaliteetne karbiidhammastega t\u00e4pne saeketas(210*30 48T)\u00a0<\/strong><\/p>\n<p><i class=\"far fa-check-circle fa-2x\"><\/i><strong> Kaasas saepurukott t\u00f6\u00f6koha puhtana hoidmiseks\u00a0<\/strong><\/p>\n\t\t<\/div>\n\t\t\t\t\n<style>\n#col-460616697 > .col-inner {\n  margin: 0px 0px 15px 0px;\n}\n<\/style>\n\t<\/div>\n\n\t\n\n\t<div id=\"col-1589425775\" class=\"col medium-6 small-12 large-6\"  >\n\t\t\t\t<div class=\"col-inner\"  >\n\t\t\t\n\t\t\t\n<p><i class=\"far fa-check-circle fa-2x\"><\/i><strong> Nurga seadistusega p\u00f6\u00f6rdlaud t\u00e4psete nurkl\u00f5igete tegemiseks <\/strong><\/p>\n<p><i class=\"far fa-check-circle fa-2x\"><\/i><strong> Sisseehitatud (v\u00f5rgutoitega) laser l\u00f5ikamise t\u00e4pseks suunamiseks\u00a0<\/strong><\/p>\n<p><i class=\"far fa-check-circle fa-2x\"><\/i><strong> Vasakule ja paremale seadistatav siinidega toorikujuhik\u00a0<\/strong><\/p>\n<p><i class=\"far fa-check-circle fa-2x\"><\/i><strong> Kinnitusrakis tooriku kindlalt paigal hoidmiseks\u00a0<\/strong><\/p>\n<p><i class=\"far fa-check-circle fa-2x\"><\/i><strong> Tolmulehter saeketta taga t\u00f5husaks saepuru eemaldamiseks\u00a0<\/strong><\/p>\n\t\t<\/div>\n\t\t\t\t\n<style>\n#col-1589425775 > .col-inner {\n  margin: 0px 0px 15px 0px;\n}\n<\/style>\n\t<\/div>\n\n\t\n<\/div>\n\t\t<\/div>\n\t\t\t\t\t<\/div>\n\n\t\n<\/div>\n<\/div><\/div><\/div>\n\t<div id=\"gap-2085491902\" class=\"gap-element clearfix\" style=\"display:block; height:auto;\">\n\t\t\n<style>\n#gap-2085491902 {\n  padding-top: 30px;\n}\n<\/style>\n\t<\/div>\n\t\n<h2>Tootekirjeldus<\/h2>\n<p> J\u00e4rkamissaag TC-SM 2131\/2 Dual on m\u00f5eldud puidu, lamineeritud tahvlite ning plasti j\u00e4rkamiseks ja kaldl\u00f5ikamiseks. Saagimispead saab kallutada sujuvalt vasakule ja paremale, et kahe poole kaldenurkade seadmine oleks paindlik. Sisseehitatud v\u00f5rgutoitega laser n\u00e4itab l\u00f5ikejoont, v\u00f5imaldades toorikut kiiresti ja t\u00e4pselt paigutada. J\u00e4rkamissae TC-SM 2131 Dual kvaliteetsel p\u00f6\u00f6rdlaual on t\u00e4pne nurga seadistamise v\u00f5imalus nurkl\u00f5ikuste tegemiseks, mida saab \u00fche k\u00e4ega erinevates asendites lukustada. Sissehitatud kelk h\u00f5lbustab eriti suurte toorikute l\u00f5ikamist. Kahepoolsed t\u00f6\u00f6laua laiendid, toorikusuruti usaldusv\u00e4\u00e4rseks kinnitamiseks ning vasakule ja paremale seadistatav siinidega toorikujuhik v\u00f5imaldavad ohutut ja t\u00e4pset t\u00f6\u00f6tamist. T\u00f6\u00f6laua siseosal on selge skaala tooriku laiuse h\u00f5lpsaks lugemiseks. Kvaliteetne karbiidhammastega t\u00e4pne saeketas tagab puhtad ja kiired l\u00f5iketulemused. Saepurukott hoiab t\u00f6\u00f6koha puhtana ja saeketta taga asuv tolmulehter parandab veelgi saepuru eemaldamise t\u00f5husust. H\u00f5lpsa ja ohutu teisalduse tagamiseks on teisaldusklamber. <\/p>\n\t<div id=\"gap-1718332753\" class=\"gap-element clearfix\" style=\"display:block; height:auto;\">\n\t\t\n<style>\n#gap-1718332753 {\n  padding-top: 30px;\n}\n<\/style>\n\t<\/div>\n\t\n\t\t<\/div>\n\t\t\t\t\t<\/div>\n\n\t\n\n\t<div id=\"col-1608770066\" class=\"col medium-3 small-12 large-3\"  >\n\t\t\t\t<div class=\"col-inner\"  >\n\t\t\t\n\t\t\t\n\t<div id=\"gap-1534133845\" class=\"gap-element clearfix\" style=\"display:block; height:auto;\">\n\t\t\n<style>\n#gap-1534133845 {\n  padding-top: 30px;\n}\n<\/style>\n\t<\/div>\n\t\n<h3>Kasutusjuhend<\/h3>\n<p><a href=\"https:\/\/espak.ee\/epood\/wp-content\/uploads\/J\u00e4rkamissaag-Einhell-TC-SM-2131-Dual-4300835.pdf\" target=\"_blank\" rel=\"noopener noreferrer\"><i class=\"far fa-file-pdf\"><\/i> Kasutusjuhend (PDF)<\/a><\/p>\n<div class=\"is-divider divider clearfix\" ><\/div>\n<p><strong>\u00dcksikasjalikuma n\u00f5u saamiseks v\u00f5tke \u00fchendust:<br \/><\/strong>Espak AS<br \/>Viadukti 42<br \/>11313<br \/>Tallinn<br \/>+372 6 512333<\/p>\n\t\t<\/div>\n\t\t\t\t\t<\/div>\n\n\t\n<\/div>\n","protected":false},"excerpt":{"rendered":"","protected":false},"featured_media":32350,"comment_status":"closed","ping_status":"closed","template":"","meta":[],"product_brand":[],"product_cat":[2680,3041,2681,2679],"product_tag":[],"class_list":{"0":"post-21580","1":"product","2":"type-product","3":"status-publish","4":"has-post-thumbnail","6":"product_cat-elektritooriistad","7":"product_cat-jarkamis-ja-nurgasaed","8":"product_cat-masinad-ja-seadmed","9":"product_cat-tooriistad","10":"pa_kaubamark-einhell","12":"first","13":"instock","14":"sale","15":"taxable","16":"shipping-taxable","17":"purchasable","18":"product-type-simple"},"yoast_head":"<!-- This site is optimized with the Yoast SEO plugin v26.9 - https:\/\/yoast.com\/product\/yoast-seo-wordpress\/ -->\n<title>J\u00c4RKAMISSAAG EINHELL TC-SM 2131\/2 DUAL - Espak E-pood<\/title>\n<meta name=\"description\" content=\"J\u00e4rkamissaag TC-SM 2131\/1 Dual on m\u00f5eldud puidu, lamineeritud tahvlite ning plasti j\u00e4rkamiseks ja kaldl\u00f5ikamiseks. Saagimispead saab kallutada sujuvalt vasakule ja paremale, et kahe poole kaldenurkade seadmine oleks paindlik.\" \/>\n<meta name=\"robots\" content=\"index, follow, max-snippet:-1, max-image-preview:large, max-video-preview:-1\" \/>\n<link rel=\"canonical\" href=\"https:\/\/espak.ee\/epood\/toode\/jarkamissaag-einhell-tc-sm-2131-1-dual\/\" \/>\n<meta property=\"og:locale\" content=\"et_EE\" \/>\n<meta property=\"og:type\" content=\"article\" \/>\n<meta property=\"og:title\" content=\"J\u00c4RKAMISSAAG EINHELL TC-SM 2131\/2 DUAL - Espak E-pood\" \/>\n<meta property=\"og:description\" content=\"J\u00e4rkamissaag TC-SM 2131\/1 Dual on m\u00f5eldud puidu, lamineeritud tahvlite ning plasti j\u00e4rkamiseks ja kaldl\u00f5ikamiseks. Saagimispead saab kallutada sujuvalt vasakule ja paremale, et kahe poole kaldenurkade seadmine oleks paindlik.\" \/>\n<meta property=\"og:url\" content=\"https:\/\/espak.ee\/epood\/toode\/jarkamissaag-einhell-tc-sm-2131-1-dual\/\" \/>\n<meta property=\"og:site_name\" content=\"Espak E-pood\" \/>\n<meta property=\"article:modified_time\" content=\"2025-12-17T12:59:24+00:00\" \/>\n<meta property=\"og:image\" content=\"https:\/\/espak.ee\/epood\/wp-content\/uploads\/4300390_11019_001_TC_SM_2131_Dual_RAL3002_Pic-1024x900.jpg\" \/>\n\t<meta property=\"og:image:width\" content=\"1024\" \/>\n\t<meta property=\"og:image:height\" content=\"900\" \/>\n\t<meta property=\"og:image:type\" content=\"image\/jpeg\" \/>\n<meta name=\"twitter:card\" content=\"summary_large_image\" \/>\n<meta name=\"twitter:label1\" content=\"Est. reading time\" \/>\n\t<meta name=\"twitter:data1\" content=\"2 minutit\" \/>\n<script type=\"application\/ld+json\" class=\"yoast-schema-graph\">{\"@context\":\"https:\/\/schema.org\",\"@graph\":[{\"@type\":\"WebPage\",\"@id\":\"https:\/\/espak.ee\/epood\/toode\/jarkamissaag-einhell-tc-sm-2131-1-dual\/\",\"url\":\"https:\/\/espak.ee\/epood\/toode\/jarkamissaag-einhell-tc-sm-2131-1-dual\/\",\"name\":\"J\u00c4RKAMISSAAG EINHELL TC-SM 2131\/2 DUAL - Espak E-pood\",\"isPartOf\":{\"@id\":\"https:\/\/espak.ee\/epood\/#website\"},\"primaryImageOfPage\":{\"@id\":\"https:\/\/espak.ee\/epood\/toode\/jarkamissaag-einhell-tc-sm-2131-1-dual\/#primaryimage\"},\"image\":{\"@id\":\"https:\/\/espak.ee\/epood\/toode\/jarkamissaag-einhell-tc-sm-2131-1-dual\/#primaryimage\"},\"thumbnailUrl\":\"https:\/\/espak.ee\/epood\/wp-content\/uploads\/4300390_11019_001_TC_SM_2131_Dual_RAL3002_Pic.jpg\",\"datePublished\":\"2020-04-18T01:20:29+00:00\",\"dateModified\":\"2025-12-17T12:59:24+00:00\",\"description\":\"J\u00e4rkamissaag TC-SM 2131\/1 Dual on m\u00f5eldud puidu, lamineeritud tahvlite ning plasti j\u00e4rkamiseks ja kaldl\u00f5ikamiseks. Saagimispead saab kallutada sujuvalt vasakule ja paremale, et kahe poole kaldenurkade seadmine oleks paindlik.\",\"breadcrumb\":{\"@id\":\"https:\/\/espak.ee\/epood\/toode\/jarkamissaag-einhell-tc-sm-2131-1-dual\/#breadcrumb\"},\"inLanguage\":\"et\",\"potentialAction\":[{\"@type\":\"ReadAction\",\"target\":[\"https:\/\/espak.ee\/epood\/toode\/jarkamissaag-einhell-tc-sm-2131-1-dual\/\"]}]},{\"@type\":\"ImageObject\",\"inLanguage\":\"et\",\"@id\":\"https:\/\/espak.ee\/epood\/toode\/jarkamissaag-einhell-tc-sm-2131-1-dual\/#primaryimage\",\"url\":\"https:\/\/espak.ee\/epood\/wp-content\/uploads\/4300390_11019_001_TC_SM_2131_Dual_RAL3002_Pic.jpg\",\"contentUrl\":\"https:\/\/espak.ee\/epood\/wp-content\/uploads\/4300390_11019_001_TC_SM_2131_Dual_RAL3002_Pic.jpg\",\"width\":1772,\"height\":1557},{\"@type\":\"BreadcrumbList\",\"@id\":\"https:\/\/espak.ee\/epood\/toode\/jarkamissaag-einhell-tc-sm-2131-1-dual\/#breadcrumb\",\"itemListElement\":[{\"@type\":\"ListItem\",\"position\":1,\"name\":\"Home\",\"item\":\"https:\/\/espak.ee\/epood\/\"},{\"@type\":\"ListItem\",\"position\":2,\"name\":\"Tootevalik\",\"item\":\"https:\/\/espak.ee\/epood\/tootevalik\/\"},{\"@type\":\"ListItem\",\"position\":3,\"name\":\"J\u00c4RKAMISSAAG EINHELL TC-SM 2131\/2 DUAL\"}]},{\"@type\":\"WebSite\",\"@id\":\"https:\/\/espak.ee\/epood\/#website\",\"url\":\"https:\/\/espak.ee\/epood\/\",\"name\":\"Espak E-pood\",\"description\":\"\",\"potentialAction\":[{\"@type\":\"SearchAction\",\"target\":{\"@type\":\"EntryPoint\",\"urlTemplate\":\"https:\/\/espak.ee\/epood\/?s={search_term_string}\"},\"query-input\":{\"@type\":\"PropertyValueSpecification\",\"valueRequired\":true,\"valueName\":\"search_term_string\"}}],\"inLanguage\":\"et\"}]}<\/script>\n<!-- \/ Yoast SEO plugin. -->","yoast_head_json":{"title":"J\u00c4RKAMISSAAG EINHELL TC-SM 2131\/2 DUAL - Espak E-pood","description":"J\u00e4rkamissaag TC-SM 2131\/1 Dual on m\u00f5eldud puidu, lamineeritud tahvlite ning plasti j\u00e4rkamiseks ja kaldl\u00f5ikamiseks. Saagimispead saab kallutada sujuvalt vasakule ja paremale, et kahe poole kaldenurkade seadmine oleks paindlik.","robots":{"index":"index","follow":"follow","max-snippet":"max-snippet:-1","max-image-preview":"max-image-preview:large","max-video-preview":"max-video-preview:-1"},"canonical":"https:\/\/espak.ee\/epood\/toode\/jarkamissaag-einhell-tc-sm-2131-1-dual\/","og_locale":"et_EE","og_type":"article","og_title":"J\u00c4RKAMISSAAG EINHELL TC-SM 2131\/2 DUAL - Espak E-pood","og_description":"J\u00e4rkamissaag TC-SM 2131\/1 Dual on m\u00f5eldud puidu, lamineeritud tahvlite ning plasti j\u00e4rkamiseks ja kaldl\u00f5ikamiseks. Saagimispead saab kallutada sujuvalt vasakule ja paremale, et kahe poole kaldenurkade seadmine oleks paindlik.","og_url":"https:\/\/espak.ee\/epood\/toode\/jarkamissaag-einhell-tc-sm-2131-1-dual\/","og_site_name":"Espak E-pood","article_modified_time":"2025-12-17T12:59:24+00:00","og_image":[{"width":1024,"height":900,"url":"https:\/\/espak.ee\/epood\/wp-content\/uploads\/4300390_11019_001_TC_SM_2131_Dual_RAL3002_Pic-1024x900.jpg","type":"image\/jpeg"}],"twitter_card":"summary_large_image","twitter_misc":{"Est. reading time":"2 minutit"},"schema":{"@context":"https:\/\/schema.org","@graph":[{"@type":"WebPage","@id":"https:\/\/espak.ee\/epood\/toode\/jarkamissaag-einhell-tc-sm-2131-1-dual\/","url":"https:\/\/espak.ee\/epood\/toode\/jarkamissaag-einhell-tc-sm-2131-1-dual\/","name":"J\u00c4RKAMISSAAG EINHELL TC-SM 2131\/2 DUAL - Espak E-pood","isPartOf":{"@id":"https:\/\/espak.ee\/epood\/#website"},"primaryImageOfPage":{"@id":"https:\/\/espak.ee\/epood\/toode\/jarkamissaag-einhell-tc-sm-2131-1-dual\/#primaryimage"},"image":{"@id":"https:\/\/espak.ee\/epood\/toode\/jarkamissaag-einhell-tc-sm-2131-1-dual\/#primaryimage"},"thumbnailUrl":"https:\/\/espak.ee\/epood\/wp-content\/uploads\/4300390_11019_001_TC_SM_2131_Dual_RAL3002_Pic.jpg","datePublished":"2020-04-18T01:20:29+00:00","dateModified":"2025-12-17T12:59:24+00:00","description":"J\u00e4rkamissaag TC-SM 2131\/1 Dual on m\u00f5eldud puidu, lamineeritud tahvlite ning plasti j\u00e4rkamiseks ja kaldl\u00f5ikamiseks. Saagimispead saab kallutada sujuvalt vasakule ja paremale, et kahe poole kaldenurkade seadmine oleks paindlik.","breadcrumb":{"@id":"https:\/\/espak.ee\/epood\/toode\/jarkamissaag-einhell-tc-sm-2131-1-dual\/#breadcrumb"},"inLanguage":"et","potentialAction":[{"@type":"ReadAction","target":["https:\/\/espak.ee\/epood\/toode\/jarkamissaag-einhell-tc-sm-2131-1-dual\/"]}]},{"@type":"ImageObject","inLanguage":"et","@id":"https:\/\/espak.ee\/epood\/toode\/jarkamissaag-einhell-tc-sm-2131-1-dual\/#primaryimage","url":"https:\/\/espak.ee\/epood\/wp-content\/uploads\/4300390_11019_001_TC_SM_2131_Dual_RAL3002_Pic.jpg","contentUrl":"https:\/\/espak.ee\/epood\/wp-content\/uploads\/4300390_11019_001_TC_SM_2131_Dual_RAL3002_Pic.jpg","width":1772,"height":1557},{"@type":"BreadcrumbList","@id":"https:\/\/espak.ee\/epood\/toode\/jarkamissaag-einhell-tc-sm-2131-1-dual\/#breadcrumb","itemListElement":[{"@type":"ListItem","position":1,"name":"Home","item":"https:\/\/espak.ee\/epood\/"},{"@type":"ListItem","position":2,"name":"Tootevalik","item":"https:\/\/espak.ee\/epood\/tootevalik\/"},{"@type":"ListItem","position":3,"name":"J\u00c4RKAMISSAAG EINHELL TC-SM 2131\/2 DUAL"}]},{"@type":"WebSite","@id":"https:\/\/espak.ee\/epood\/#website","url":"https:\/\/espak.ee\/epood\/","name":"Espak E-pood","description":"","potentialAction":[{"@type":"SearchAction","target":{"@type":"EntryPoint","urlTemplate":"https:\/\/espak.ee\/epood\/?s={search_term_string}"},"query-input":{"@type":"PropertyValueSpecification","valueRequired":true,"valueName":"search_term_string"}}],"inLanguage":"et"}]}},"_links":{"self":[{"href":"https:\/\/espak.ee\/epood\/wp-json\/wp\/v2\/product\/21580","targetHints":{"allow":["GET"]}}],"collection":[{"href":"https:\/\/espak.ee\/epood\/wp-json\/wp\/v2\/product"}],"about":[{"href":"https:\/\/espak.ee\/epood\/wp-json\/wp\/v2\/types\/product"}],"replies":[{"embeddable":true,"href":"https:\/\/espak.ee\/epood\/wp-json\/wp\/v2\/comments?post=21580"}],"wp:featuredmedia":[{"embeddable":true,"href":"https:\/\/espak.ee\/epood\/wp-json\/wp\/v2\/media\/32350"}],"wp:attachment":[{"href":"https:\/\/espak.ee\/epood\/wp-json\/wp\/v2\/media?parent=21580"}],"wp:term":[{"taxonomy":"product_brand","embeddable":true,"href":"https:\/\/espak.ee\/epood\/wp-json\/wp\/v2\/product_brand?post=21580"},{"taxonomy":"product_cat","embeddable":true,"href":"https:\/\/espak.ee\/epood\/wp-json\/wp\/v2\/product_cat?post=21580"},{"taxonomy":"product_tag","embeddable":true,"href":"https:\/\/espak.ee\/epood\/wp-json\/wp\/v2\/product_tag?post=21580"}],"curies":[{"name":"wp","href":"https:\/\/api.w.org\/{rel}","templated":true}]}}