{"id":214846,"date":"2024-10-23T05:10:25","date_gmt":"2024-10-23T02:10:25","guid":{"rendered":"https:\/\/espak.ee\/epood\/?post_type=product&#038;p=214846"},"modified":"2024-10-30T14:12:13","modified_gmt":"2024-10-30T12:12:13","slug":"videokaamera-gosmart-ip-6000-owl-4g-lte-emos","status":"publish","type":"product","link":"https:\/\/espak.ee\/epood\/toode\/videokaamera-gosmart-ip-6000-owl-4g-lte-emos\/","title":{"rendered":"VIDEOKAAMERA GOSMART IP-6000 OWL 4G\/LTE EMOS"},"content":{"rendered":"<div class=\"row\"  id=\"row-1716967544\">\n\n\t<div id=\"col-120211082\" class=\"col medium-9 small-12 large-9\"  >\n\t\t\t\t<div class=\"col-inner\"  >\n\t\t\t\n\t\t\t\n<h3>Videokaamera GoSmart IP-6000 Owl 4g\/LTE Emos <\/h3>\n<p>Outdoor Smart Camera koos 4G\/LTE \u00fchenduvusega pakub revolutsioonilist funktsioonide kombinatsiooni, mis tagab turvalisuse ja v\u00f5imaldab paindlikku paigutust. T\u00e4nu \u00fchendusele mobiiliv\u00f5rgu kaudu on v\u00f5imalik j\u00e4lgida valitud ala k\u00f5ikjal, kus teil ei ole Wi-Fi \u00fchendust, kuid on kasutatava mobiilside signaali leviala, n\u00e4iteks suvila l\u00e4hedal metsas, mesilasperes v\u00f5i kaugel asuvatel kinnistutel. See hoiab teie vara kontrolli all, kus iganes te ka ei viibiks. T\u00e4nu teavitustele teie mobiilseadmes saate reageerida igale s\u00fcndmusele.<\/p>\n<p>> \u00fchendus 4G\/LTE mobiilsidev\u00f5rgu kaudu<br \/>\n> toiteks p\u00e4ikesepaneel ja suure v\u00f5imsusega aku<br \/>\n> 3MPx kaamera resolutsiooniga, mis tagab kvaliteetse pildikvaliteedi ja m\u00f5istliku andmekulu<br \/>\n> PTZ (p\u00f6\u00f6ramine \u00fcmber telje ja zoom) &#8211; p\u00f6\u00f6rake ja zoomige kaamerat vastavalt vajadusele ja j\u00e4lgige palju suuremat ala kui fotol\u00f5ksu puhul<br \/>\n> Ideaalne kaugete kohtade kindlustamiseks, kus puudub Wi-Fi signaal: kauged suvilad, hooned, mesilaspered, kasvatustiigid jne.<br \/>\n> kvaliteetne turvalisus ja paindlik paigutus (kaamerat saab ehitada v\u00f5i riputada)<br \/>\n> lisafunktsioonid: kahesuunaline k\u00f5neside, \u00f6\u00f6vaatlus, liikumistuvastus, sireen<br \/>\n> \u00fchildub EMOS GoSmart, TUYA, LIDL, SmartLife, Open Systemiga<br \/>\n> enne kaamera esmakordset kasutamist soovitame akut t\u00e4ielikult laadida<br \/>\n> mobiilirakendus EMOS GoSmart t\u00e4iesti tasuta ja saadaval \u00fcle 60 keeles\n<\/p>\n\t\t<\/div>\n\t\t\t\t\t<\/div>\n\n\t\n\n\t<div id=\"col-448526588\" class=\"col medium-3 small-12 large-3\"  >\n\t\t\t\t<div class=\"col-inner\"  >\n\t\t\t\n\t\t\t\n<h3>Kasutusjuhend<\/h3>\n<p><a href=\"https:\/\/espak.ee\/epood\/wp-content\/uploads\/2024\/10\/3024040580_31-H4058_13_01_WEB_ETI.pdf\"target=\"_blank\" rel=\"noopener noreferrer\"><i class=\"far fa-file-pdf\"><\/i> Kasutusjuhend (PDF)<\/a><\/p>\n\t<div id=\"gap-1082782804\" class=\"gap-element clearfix\" style=\"display:block; height:auto;\">\n\t\t\n<style>\n#gap-1082782804 {\n  padding-top: 30px;\n}\n<\/style>\n\t<\/div>\n\t\n<p><strong>\u00dcksikasjalikuma n\u00f5u saamiseks v\u00f5tke \u00fchendust:<br \/><\/strong>Espak AS<br \/>Viadukti 42<br \/>11313<br \/>Tallinn<br \/>+372 6 512333<\/p>\n\t\t<\/div>\n\t\t\t\t\t<\/div>\n\n\t\n<\/div>\n","protected":false},"excerpt":{"rendered":"","protected":false},"featured_media":216103,"comment_status":"closed","ping_status":"closed","template":"","meta":[],"product_brand":[],"product_cat":[2935,2934,3272,3271],"product_tag":[],"class_list":{"0":"post-214846","1":"product","2":"type-product","3":"status-publish","4":"has-post-thumbnail","6":"product_cat-elektrikaubad","7":"product_cat-elektrikaubad-ja-valgustid","8":"product_cat-elektrikaupade-lisamaterjalid","9":"product_cat-kilbid-ja-tarvikud","10":"pa_kaubamark-emos-spol-s-r-o","12":"first","13":"instock","14":"sale","15":"taxable","16":"shipping-taxable","17":"purchasable","18":"product-type-simple"},"yoast_head":"<!-- This site is optimized with the Yoast SEO plugin v26.9 - https:\/\/yoast.com\/product\/yoast-seo-wordpress\/ -->\n<title>VIDEOKAAMERA GOSMART IP-6000 OWL 4G\/LTE EMOS - Espak E-pood<\/title>\n<meta name=\"robots\" content=\"index, follow, max-snippet:-1, max-image-preview:large, max-video-preview:-1\" \/>\n<link rel=\"canonical\" href=\"https:\/\/espak.ee\/epood\/toode\/videokaamera-gosmart-ip-6000-owl-4g-lte-emos\/\" \/>\n<meta property=\"og:locale\" content=\"et_EE\" \/>\n<meta property=\"og:type\" content=\"article\" \/>\n<meta property=\"og:title\" content=\"VIDEOKAAMERA GOSMART IP-6000 OWL 4G\/LTE EMOS - Espak E-pood\" \/>\n<meta property=\"og:url\" content=\"https:\/\/espak.ee\/epood\/toode\/videokaamera-gosmart-ip-6000-owl-4g-lte-emos\/\" \/>\n<meta property=\"og:site_name\" content=\"Espak E-pood\" \/>\n<meta property=\"article:modified_time\" content=\"2024-10-30T12:12:13+00:00\" \/>\n<meta property=\"og:image\" content=\"https:\/\/espak.ee\/epood\/wp-content\/uploads\/2024\/10\/2679272.jpg\" \/>\n\t<meta property=\"og:image:width\" content=\"1000\" \/>\n\t<meta property=\"og:image:height\" content=\"1000\" \/>\n\t<meta property=\"og:image:type\" content=\"image\/jpeg\" \/>\n<meta name=\"twitter:card\" content=\"summary_large_image\" \/>\n<meta name=\"twitter:label1\" content=\"Est. reading time\" \/>\n\t<meta name=\"twitter:data1\" content=\"1 minut\" \/>\n<script type=\"application\/ld+json\" class=\"yoast-schema-graph\">{\"@context\":\"https:\/\/schema.org\",\"@graph\":[{\"@type\":\"WebPage\",\"@id\":\"https:\/\/espak.ee\/epood\/toode\/videokaamera-gosmart-ip-6000-owl-4g-lte-emos\/\",\"url\":\"https:\/\/espak.ee\/epood\/toode\/videokaamera-gosmart-ip-6000-owl-4g-lte-emos\/\",\"name\":\"VIDEOKAAMERA GOSMART IP-6000 OWL 4G\/LTE EMOS - Espak E-pood\",\"isPartOf\":{\"@id\":\"https:\/\/espak.ee\/epood\/#website\"},\"primaryImageOfPage\":{\"@id\":\"https:\/\/espak.ee\/epood\/toode\/videokaamera-gosmart-ip-6000-owl-4g-lte-emos\/#primaryimage\"},\"image\":{\"@id\":\"https:\/\/espak.ee\/epood\/toode\/videokaamera-gosmart-ip-6000-owl-4g-lte-emos\/#primaryimage\"},\"thumbnailUrl\":\"https:\/\/espak.ee\/epood\/wp-content\/uploads\/2024\/10\/2679272.jpg\",\"datePublished\":\"2024-10-23T02:10:25+00:00\",\"dateModified\":\"2024-10-30T12:12:13+00:00\",\"breadcrumb\":{\"@id\":\"https:\/\/espak.ee\/epood\/toode\/videokaamera-gosmart-ip-6000-owl-4g-lte-emos\/#breadcrumb\"},\"inLanguage\":\"et\",\"potentialAction\":[{\"@type\":\"ReadAction\",\"target\":[\"https:\/\/espak.ee\/epood\/toode\/videokaamera-gosmart-ip-6000-owl-4g-lte-emos\/\"]}]},{\"@type\":\"ImageObject\",\"inLanguage\":\"et\",\"@id\":\"https:\/\/espak.ee\/epood\/toode\/videokaamera-gosmart-ip-6000-owl-4g-lte-emos\/#primaryimage\",\"url\":\"https:\/\/espak.ee\/epood\/wp-content\/uploads\/2024\/10\/2679272.jpg\",\"contentUrl\":\"https:\/\/espak.ee\/epood\/wp-content\/uploads\/2024\/10\/2679272.jpg\",\"width\":1000,\"height\":1000},{\"@type\":\"BreadcrumbList\",\"@id\":\"https:\/\/espak.ee\/epood\/toode\/videokaamera-gosmart-ip-6000-owl-4g-lte-emos\/#breadcrumb\",\"itemListElement\":[{\"@type\":\"ListItem\",\"position\":1,\"name\":\"Home\",\"item\":\"https:\/\/espak.ee\/epood\/\"},{\"@type\":\"ListItem\",\"position\":2,\"name\":\"Tootevalik\",\"item\":\"https:\/\/espak.ee\/epood\/tootevalik\/\"},{\"@type\":\"ListItem\",\"position\":3,\"name\":\"VIDEOKAAMERA GOSMART IP-6000 OWL 4G\/LTE EMOS\"}]},{\"@type\":\"WebSite\",\"@id\":\"https:\/\/espak.ee\/epood\/#website\",\"url\":\"https:\/\/espak.ee\/epood\/\",\"name\":\"Espak E-pood\",\"description\":\"\",\"potentialAction\":[{\"@type\":\"SearchAction\",\"target\":{\"@type\":\"EntryPoint\",\"urlTemplate\":\"https:\/\/espak.ee\/epood\/?s={search_term_string}\"},\"query-input\":{\"@type\":\"PropertyValueSpecification\",\"valueRequired\":true,\"valueName\":\"search_term_string\"}}],\"inLanguage\":\"et\"}]}<\/script>\n<!-- \/ Yoast SEO plugin. -->","yoast_head_json":{"title":"VIDEOKAAMERA GOSMART IP-6000 OWL 4G\/LTE EMOS - Espak E-pood","robots":{"index":"index","follow":"follow","max-snippet":"max-snippet:-1","max-image-preview":"max-image-preview:large","max-video-preview":"max-video-preview:-1"},"canonical":"https:\/\/espak.ee\/epood\/toode\/videokaamera-gosmart-ip-6000-owl-4g-lte-emos\/","og_locale":"et_EE","og_type":"article","og_title":"VIDEOKAAMERA GOSMART IP-6000 OWL 4G\/LTE EMOS - Espak E-pood","og_url":"https:\/\/espak.ee\/epood\/toode\/videokaamera-gosmart-ip-6000-owl-4g-lte-emos\/","og_site_name":"Espak E-pood","article_modified_time":"2024-10-30T12:12:13+00:00","og_image":[{"width":1000,"height":1000,"url":"https:\/\/espak.ee\/epood\/wp-content\/uploads\/2024\/10\/2679272.jpg","type":"image\/jpeg"}],"twitter_card":"summary_large_image","twitter_misc":{"Est. reading time":"1 minut"},"schema":{"@context":"https:\/\/schema.org","@graph":[{"@type":"WebPage","@id":"https:\/\/espak.ee\/epood\/toode\/videokaamera-gosmart-ip-6000-owl-4g-lte-emos\/","url":"https:\/\/espak.ee\/epood\/toode\/videokaamera-gosmart-ip-6000-owl-4g-lte-emos\/","name":"VIDEOKAAMERA GOSMART IP-6000 OWL 4G\/LTE EMOS - Espak E-pood","isPartOf":{"@id":"https:\/\/espak.ee\/epood\/#website"},"primaryImageOfPage":{"@id":"https:\/\/espak.ee\/epood\/toode\/videokaamera-gosmart-ip-6000-owl-4g-lte-emos\/#primaryimage"},"image":{"@id":"https:\/\/espak.ee\/epood\/toode\/videokaamera-gosmart-ip-6000-owl-4g-lte-emos\/#primaryimage"},"thumbnailUrl":"https:\/\/espak.ee\/epood\/wp-content\/uploads\/2024\/10\/2679272.jpg","datePublished":"2024-10-23T02:10:25+00:00","dateModified":"2024-10-30T12:12:13+00:00","breadcrumb":{"@id":"https:\/\/espak.ee\/epood\/toode\/videokaamera-gosmart-ip-6000-owl-4g-lte-emos\/#breadcrumb"},"inLanguage":"et","potentialAction":[{"@type":"ReadAction","target":["https:\/\/espak.ee\/epood\/toode\/videokaamera-gosmart-ip-6000-owl-4g-lte-emos\/"]}]},{"@type":"ImageObject","inLanguage":"et","@id":"https:\/\/espak.ee\/epood\/toode\/videokaamera-gosmart-ip-6000-owl-4g-lte-emos\/#primaryimage","url":"https:\/\/espak.ee\/epood\/wp-content\/uploads\/2024\/10\/2679272.jpg","contentUrl":"https:\/\/espak.ee\/epood\/wp-content\/uploads\/2024\/10\/2679272.jpg","width":1000,"height":1000},{"@type":"BreadcrumbList","@id":"https:\/\/espak.ee\/epood\/toode\/videokaamera-gosmart-ip-6000-owl-4g-lte-emos\/#breadcrumb","itemListElement":[{"@type":"ListItem","position":1,"name":"Home","item":"https:\/\/espak.ee\/epood\/"},{"@type":"ListItem","position":2,"name":"Tootevalik","item":"https:\/\/espak.ee\/epood\/tootevalik\/"},{"@type":"ListItem","position":3,"name":"VIDEOKAAMERA GOSMART IP-6000 OWL 4G\/LTE EMOS"}]},{"@type":"WebSite","@id":"https:\/\/espak.ee\/epood\/#website","url":"https:\/\/espak.ee\/epood\/","name":"Espak E-pood","description":"","potentialAction":[{"@type":"SearchAction","target":{"@type":"EntryPoint","urlTemplate":"https:\/\/espak.ee\/epood\/?s={search_term_string}"},"query-input":{"@type":"PropertyValueSpecification","valueRequired":true,"valueName":"search_term_string"}}],"inLanguage":"et"}]}},"_links":{"self":[{"href":"https:\/\/espak.ee\/epood\/wp-json\/wp\/v2\/product\/214846","targetHints":{"allow":["GET"]}}],"collection":[{"href":"https:\/\/espak.ee\/epood\/wp-json\/wp\/v2\/product"}],"about":[{"href":"https:\/\/espak.ee\/epood\/wp-json\/wp\/v2\/types\/product"}],"replies":[{"embeddable":true,"href":"https:\/\/espak.ee\/epood\/wp-json\/wp\/v2\/comments?post=214846"}],"wp:featuredmedia":[{"embeddable":true,"href":"https:\/\/espak.ee\/epood\/wp-json\/wp\/v2\/media\/216103"}],"wp:attachment":[{"href":"https:\/\/espak.ee\/epood\/wp-json\/wp\/v2\/media?parent=214846"}],"wp:term":[{"taxonomy":"product_brand","embeddable":true,"href":"https:\/\/espak.ee\/epood\/wp-json\/wp\/v2\/product_brand?post=214846"},{"taxonomy":"product_cat","embeddable":true,"href":"https:\/\/espak.ee\/epood\/wp-json\/wp\/v2\/product_cat?post=214846"},{"taxonomy":"product_tag","embeddable":true,"href":"https:\/\/espak.ee\/epood\/wp-json\/wp\/v2\/product_tag?post=214846"}],"curies":[{"name":"wp","href":"https:\/\/api.w.org\/{rel}","templated":true}]}}