{"id":21422,"date":"2020-04-18T04:16:15","date_gmt":"2020-04-18T01:16:15","guid":{"rendered":"https:\/\/espak.ee\/hinnakiri\/?post_type=product&#038;p=21422"},"modified":"2024-05-04T07:50:06","modified_gmt":"2024-05-04T04:50:06","slug":"poleerija-einhell-cc-po-1100-1e","status":"publish","type":"product","link":"https:\/\/espak.ee\/epood\/toode\/poleerija-einhell-cc-po-1100-1e\/","title":{"rendered":"POLEERIJA EINHELL CC-PO 1100\/1E"},"content":{"rendered":"<div class=\"row\"  id=\"row-1446679032\">\n\n\t<div id=\"col-852629226\" class=\"col medium-9 small-12 large-9\"  >\n\t\t\t\t<div class=\"col-inner\"  >\n\t\t\t\n\t\t\t\n<div class=\"message-box relative\" style=\"padding-top:15px;padding-bottom:15px;\"><div class=\"message-box-bg-image bg-fill fill\" ><\/div><div class=\"message-box-bg-overlay bg-fill fill\" ><\/div><div class=\"container relative\"><div class=\"inner last-reset\">\n<div class=\"row align-middle align-center\"  id=\"row-759579807\">\n\n\t<div id=\"col-1175663637\" class=\"col small-12 large-12\"  >\n\t\t\t\t<div class=\"col-inner text-left\"  >\n\t\t\t\n\t\t\t\n<h4>Omadused<\/h4>\n<div class=\"row\"  id=\"row-158316124\">\n\n\t<div id=\"col-2036800728\" class=\"col medium-6 small-12 large-6\"  >\n\t\t\t\t<div class=\"col-inner\"  >\n\t\t\t\n\t\t\t\n<p><i class=\"far fa-check-circle fa-2x\"><\/i><strong>\u00a0Kaks \u00fches seade: Poleerimine ja k\u00e4iamine\/lihvimine \u00fche t\u00f6\u00f6riistaga <\/strong><\/p>\n<p><i class=\"far fa-check-circle fa-2x\"><\/i><strong> Spindli lukustuss\u00fcsteem poleerimisketta h\u00f5lpsaks kinnitamiseks\u00a0<\/strong><\/p>\n<p><i class=\"far fa-check-circle fa-2x\"><\/i><strong> Plastkohver masina h\u00f5lpsaks teisaldamiseks <\/strong><\/p>\n<p><i class=\"far fa-check-circle fa-2x\"><\/i><strong> Vahtplastist padi, 1 tk\u00a0<\/strong><\/p>\n<p><i class=\"far fa-check-circle fa-2x\"><\/i><strong> Lihvpaber karedusega 80, 2 tk\u00a0<\/strong><\/p>\n\t\t<\/div>\n\t\t\t\t\n<style>\n#col-2036800728 > .col-inner {\n  margin: 0px 0px 15px 0px;\n}\n<\/style>\n\t<\/div>\n\n\t\n\n\t<div id=\"col-1861759002\" class=\"col medium-6 small-12 large-6\"  >\n\t\t\t\t<div class=\"col-inner\"  >\n\t\t\t\n\t\t\t\n<p><i class=\"far fa-check-circle fa-2x\"><\/i><strong> Elektrooniline p\u00f6\u00f6rlemissageduse juhtimine vedelkristalln\u00e4idiku abil <\/strong><\/p>\n<p><i class=\"far fa-check-circle fa-2x\"><\/i><strong> Takjakinnis tarvikute kiireks vahetamiseks\u00a0<\/strong><\/p>\n<p><i class=\"far fa-check-circle fa-2x\"><\/i><strong> S\u00fcnteetiline poleerimispadi, 2 tk\u00a0<\/strong><\/p>\n<p><i class=\"far fa-check-circle fa-2x\"><\/i><strong> Lihvpaber karedusega 60, 2 tk\u00a0<\/strong><\/p>\n<p><i class=\"far fa-check-circle fa-2x\"><\/i><strong> Lihvpaber karedusega 120, 2 tk\u00a0<\/strong><\/p>\n\t\t<\/div>\n\t\t\t\t\n<style>\n#col-1861759002 > .col-inner {\n  margin: 0px 0px 15px 0px;\n}\n<\/style>\n\t<\/div>\n\n\t\n<\/div>\n\t\t<\/div>\n\t\t\t\t\t<\/div>\n\n\t\n<\/div>\n<\/div><\/div><\/div>\n\t<div id=\"gap-1683920422\" class=\"gap-element clearfix\" style=\"display:block; height:auto;\">\n\t\t\n<style>\n#gap-1683920422 {\n  padding-top: 30px;\n}\n<\/style>\n\t<\/div>\n\t\n<h2>Tootekirjeldus<\/h2>\n<p> Einhelli poleerimis- ja lihvimismasin CC-PO 1100\/1 E on v\u00f5imas, vastupidav ja k\u00e4ep\u00e4rane profitasemel poleerimis- ja lihvimisseade. See sobib ideaalselt lakitud pindade poleerimiseks, samuti puidu, plasti ja metalli lihvimiseks. T\u00e4nu pehmendusega k\u00e4epidemele saab seda seadet igal ajal kindlalt k\u00e4sitseda ning autode poleerimisega seotud toiminguid saab teostada kiiresti ja p\u00f5hjalikult. Suur lisak\u00e4epide v\u00f5imaldab lakkide hooldamiseks parimat juhitavust ja eeldatavaid tulemusi. P\u00f6\u00f6rlemissageduse elektrooniline t\u00e4ppisjuhtimine v\u00f5imaldab poleerimis- v\u00f5i lihvimistarviku p\u00f6\u00f6rlemissagedust t\u00f6\u00f6deldava pinnaga optimaalselt kohandada. K\u00e4ep\u00e4rase spindlilukusti abil saab spindlit ilma t\u00f6\u00f6riistadeta lukustada. See v\u00f5imaldab poleerimismasina lihvimisketast kiiresti ja h\u00f5lpsalt vahetada. Lihvimiskettal on takjakinnis, et poleerimis- ja lihvimistarvikud kindlalt elektrilisele lihvimismasinale kinnitada ning v\u00e4ltida tolmu sattumist ketta ja lihvpaberi vahele. Poleerimis- ja lihvimistarvikuid saab endiselt h\u00f5lpsalt vabastada ning neid saab soovi korral kiiresti vahetada. K\u00f5ikeh\u00f5lmavas poleerimis- ja lihvimistarvikute valikus on 1 vahttarvik nt auto poleerimiseks, 2 s\u00fcnteetilist poleerimisvilla ning lihvpaberi kettad teralisusega 60, 80 ja 120, k\u00f5iki 2 t\u00fckki. Poleerimis- ja lihvimismasin tarnitakse k\u00e4ep\u00e4rases tugevast plastist hoiukohvris. <\/p>\n\t<div id=\"gap-1474999992\" class=\"gap-element clearfix\" style=\"display:block; height:auto;\">\n\t\t\n<style>\n#gap-1474999992 {\n  padding-top: 30px;\n}\n<\/style>\n\t<\/div>\n\t\n\t\t<\/div>\n\t\t\t\t\t<\/div>\n\n\t\n\n\t<div id=\"col-2083278573\" class=\"col medium-3 small-12 large-3\"  >\n\t\t\t\t<div class=\"col-inner\"  >\n\t\t\t\n\t\t\t\n\t<div id=\"gap-250632213\" class=\"gap-element clearfix\" style=\"display:block; height:auto;\">\n\t\t\n<style>\n#gap-250632213 {\n  padding-top: 30px;\n}\n<\/style>\n\t<\/div>\n\t\n<h3>Kasutusjuhend<\/h3>\n<p><a href=\"https:\/\/espak.ee\/epood\/wp-content\/uploads\/Poleerija-CC-PO-1100-1-E-2093264.pdf\" target=\"_blank\" rel=\"noopener noreferrer\"><i class=\"far fa-file-pdf\"><\/i> Kasutusjuhend (PDF)<\/a><\/p>\n<div class=\"is-divider divider clearfix\" ><\/div>\n<p><strong>\u00dcksikasjalikuma n\u00f5u saamiseks v\u00f5tke \u00fchendust:<br \/><\/strong>Espak AS<br \/>Viadukti 42<br \/>11313<br \/>Tallinn<br \/>+372 6 512333<\/p>\n\t\t<\/div>\n\t\t\t\t\t<\/div>\n\n\t\n<\/div>\n","protected":false},"excerpt":{"rendered":"","protected":false},"featured_media":30577,"comment_status":"closed","ping_status":"open","template":"","meta":[],"product_brand":[],"product_cat":[2739,2680,2759,2679],"product_tag":[],"class_list":{"0":"post-21422","1":"product","2":"type-product","3":"status-publish","4":"has-post-thumbnail","6":"product_cat-elektrikasitooriistad","7":"product_cat-elektritooriistad","8":"product_cat-lihvmasinad","9":"product_cat-tooriistad","10":"pa_kaubamark-einhell","12":"first","13":"instock","14":"sale","15":"taxable","16":"shipping-taxable","17":"purchasable","18":"product-type-simple"},"yoast_head":"<!-- This site is optimized with the Yoast SEO plugin v26.9 - https:\/\/yoast.com\/product\/yoast-seo-wordpress\/ -->\n<title>POLEERIJA EINHELL CC-PO 1100\/1E - Espak E-pood<\/title>\n<meta name=\"description\" content=\"Einhelli poleerimis- ja lihvimismasin CC-PO 1100\/1 E on v\u00f5imas, vastupidav ja k\u00e4ep\u00e4rane profitasemel poleerimis- ja lihvimisseade.\" \/>\n<meta name=\"robots\" content=\"index, follow, max-snippet:-1, max-image-preview:large, max-video-preview:-1\" \/>\n<link rel=\"canonical\" href=\"https:\/\/espak.ee\/epood\/toode\/poleerija-einhell-cc-po-1100-1e\/\" \/>\n<meta property=\"og:locale\" content=\"et_EE\" \/>\n<meta property=\"og:type\" content=\"article\" \/>\n<meta property=\"og:title\" content=\"POLEERIJA EINHELL CC-PO 1100\/1E - Espak E-pood\" \/>\n<meta property=\"og:description\" content=\"Einhelli poleerimis- ja lihvimismasin CC-PO 1100\/1 E on v\u00f5imas, vastupidav ja k\u00e4ep\u00e4rane profitasemel poleerimis- ja lihvimisseade.\" \/>\n<meta property=\"og:url\" content=\"https:\/\/espak.ee\/epood\/toode\/poleerija-einhell-cc-po-1100-1e\/\" \/>\n<meta property=\"og:site_name\" content=\"Espak E-pood\" \/>\n<meta property=\"article:modified_time\" content=\"2024-05-04T04:50:06+00:00\" \/>\n<meta property=\"og:image\" content=\"https:\/\/espak.ee\/epood\/wp-content\/uploads\/2093264_11039_001_CC_PO_1100_1_E_RAL3002_Pic-1024x740.jpg\" \/>\n\t<meta property=\"og:image:width\" content=\"1024\" \/>\n\t<meta property=\"og:image:height\" content=\"740\" \/>\n\t<meta property=\"og:image:type\" content=\"image\/jpeg\" \/>\n<meta name=\"twitter:card\" content=\"summary_large_image\" \/>\n<meta name=\"twitter:label1\" content=\"Est. reading time\" \/>\n\t<meta name=\"twitter:data1\" content=\"2 minutit\" \/>\n<script type=\"application\/ld+json\" class=\"yoast-schema-graph\">{\"@context\":\"https:\/\/schema.org\",\"@graph\":[{\"@type\":\"WebPage\",\"@id\":\"https:\/\/espak.ee\/epood\/toode\/poleerija-einhell-cc-po-1100-1e\/\",\"url\":\"https:\/\/espak.ee\/epood\/toode\/poleerija-einhell-cc-po-1100-1e\/\",\"name\":\"POLEERIJA EINHELL CC-PO 1100\/1E - Espak E-pood\",\"isPartOf\":{\"@id\":\"https:\/\/espak.ee\/epood\/#website\"},\"primaryImageOfPage\":{\"@id\":\"https:\/\/espak.ee\/epood\/toode\/poleerija-einhell-cc-po-1100-1e\/#primaryimage\"},\"image\":{\"@id\":\"https:\/\/espak.ee\/epood\/toode\/poleerija-einhell-cc-po-1100-1e\/#primaryimage\"},\"thumbnailUrl\":\"https:\/\/espak.ee\/epood\/wp-content\/uploads\/2093264_11039_001_CC_PO_1100_1_E_RAL3002_Pic.jpg\",\"datePublished\":\"2020-04-18T01:16:15+00:00\",\"dateModified\":\"2024-05-04T04:50:06+00:00\",\"description\":\"Einhelli poleerimis- ja lihvimismasin CC-PO 1100\/1 E on v\u00f5imas, vastupidav ja k\u00e4ep\u00e4rane profitasemel poleerimis- ja lihvimisseade.\",\"breadcrumb\":{\"@id\":\"https:\/\/espak.ee\/epood\/toode\/poleerija-einhell-cc-po-1100-1e\/#breadcrumb\"},\"inLanguage\":\"et\",\"potentialAction\":[{\"@type\":\"ReadAction\",\"target\":[\"https:\/\/espak.ee\/epood\/toode\/poleerija-einhell-cc-po-1100-1e\/\"]}]},{\"@type\":\"ImageObject\",\"inLanguage\":\"et\",\"@id\":\"https:\/\/espak.ee\/epood\/toode\/poleerija-einhell-cc-po-1100-1e\/#primaryimage\",\"url\":\"https:\/\/espak.ee\/epood\/wp-content\/uploads\/2093264_11039_001_CC_PO_1100_1_E_RAL3002_Pic.jpg\",\"contentUrl\":\"https:\/\/espak.ee\/epood\/wp-content\/uploads\/2093264_11039_001_CC_PO_1100_1_E_RAL3002_Pic.jpg\",\"width\":1772,\"height\":1281},{\"@type\":\"BreadcrumbList\",\"@id\":\"https:\/\/espak.ee\/epood\/toode\/poleerija-einhell-cc-po-1100-1e\/#breadcrumb\",\"itemListElement\":[{\"@type\":\"ListItem\",\"position\":1,\"name\":\"Home\",\"item\":\"https:\/\/espak.ee\/epood\/\"},{\"@type\":\"ListItem\",\"position\":2,\"name\":\"Tootevalik\",\"item\":\"https:\/\/espak.ee\/epood\/tootevalik\/\"},{\"@type\":\"ListItem\",\"position\":3,\"name\":\"POLEERIJA EINHELL CC-PO 1100\/1E\"}]},{\"@type\":\"WebSite\",\"@id\":\"https:\/\/espak.ee\/epood\/#website\",\"url\":\"https:\/\/espak.ee\/epood\/\",\"name\":\"Espak E-pood\",\"description\":\"\",\"potentialAction\":[{\"@type\":\"SearchAction\",\"target\":{\"@type\":\"EntryPoint\",\"urlTemplate\":\"https:\/\/espak.ee\/epood\/?s={search_term_string}\"},\"query-input\":{\"@type\":\"PropertyValueSpecification\",\"valueRequired\":true,\"valueName\":\"search_term_string\"}}],\"inLanguage\":\"et\"}]}<\/script>\n<!-- \/ Yoast SEO plugin. -->","yoast_head_json":{"title":"POLEERIJA EINHELL CC-PO 1100\/1E - Espak E-pood","description":"Einhelli poleerimis- ja lihvimismasin CC-PO 1100\/1 E on v\u00f5imas, vastupidav ja k\u00e4ep\u00e4rane profitasemel poleerimis- ja lihvimisseade.","robots":{"index":"index","follow":"follow","max-snippet":"max-snippet:-1","max-image-preview":"max-image-preview:large","max-video-preview":"max-video-preview:-1"},"canonical":"https:\/\/espak.ee\/epood\/toode\/poleerija-einhell-cc-po-1100-1e\/","og_locale":"et_EE","og_type":"article","og_title":"POLEERIJA EINHELL CC-PO 1100\/1E - Espak E-pood","og_description":"Einhelli poleerimis- ja lihvimismasin CC-PO 1100\/1 E on v\u00f5imas, vastupidav ja k\u00e4ep\u00e4rane profitasemel poleerimis- ja lihvimisseade.","og_url":"https:\/\/espak.ee\/epood\/toode\/poleerija-einhell-cc-po-1100-1e\/","og_site_name":"Espak E-pood","article_modified_time":"2024-05-04T04:50:06+00:00","og_image":[{"width":1024,"height":740,"url":"https:\/\/espak.ee\/epood\/wp-content\/uploads\/2093264_11039_001_CC_PO_1100_1_E_RAL3002_Pic-1024x740.jpg","type":"image\/jpeg"}],"twitter_card":"summary_large_image","twitter_misc":{"Est. reading time":"2 minutit"},"schema":{"@context":"https:\/\/schema.org","@graph":[{"@type":"WebPage","@id":"https:\/\/espak.ee\/epood\/toode\/poleerija-einhell-cc-po-1100-1e\/","url":"https:\/\/espak.ee\/epood\/toode\/poleerija-einhell-cc-po-1100-1e\/","name":"POLEERIJA EINHELL CC-PO 1100\/1E - Espak E-pood","isPartOf":{"@id":"https:\/\/espak.ee\/epood\/#website"},"primaryImageOfPage":{"@id":"https:\/\/espak.ee\/epood\/toode\/poleerija-einhell-cc-po-1100-1e\/#primaryimage"},"image":{"@id":"https:\/\/espak.ee\/epood\/toode\/poleerija-einhell-cc-po-1100-1e\/#primaryimage"},"thumbnailUrl":"https:\/\/espak.ee\/epood\/wp-content\/uploads\/2093264_11039_001_CC_PO_1100_1_E_RAL3002_Pic.jpg","datePublished":"2020-04-18T01:16:15+00:00","dateModified":"2024-05-04T04:50:06+00:00","description":"Einhelli poleerimis- ja lihvimismasin CC-PO 1100\/1 E on v\u00f5imas, vastupidav ja k\u00e4ep\u00e4rane profitasemel poleerimis- ja lihvimisseade.","breadcrumb":{"@id":"https:\/\/espak.ee\/epood\/toode\/poleerija-einhell-cc-po-1100-1e\/#breadcrumb"},"inLanguage":"et","potentialAction":[{"@type":"ReadAction","target":["https:\/\/espak.ee\/epood\/toode\/poleerija-einhell-cc-po-1100-1e\/"]}]},{"@type":"ImageObject","inLanguage":"et","@id":"https:\/\/espak.ee\/epood\/toode\/poleerija-einhell-cc-po-1100-1e\/#primaryimage","url":"https:\/\/espak.ee\/epood\/wp-content\/uploads\/2093264_11039_001_CC_PO_1100_1_E_RAL3002_Pic.jpg","contentUrl":"https:\/\/espak.ee\/epood\/wp-content\/uploads\/2093264_11039_001_CC_PO_1100_1_E_RAL3002_Pic.jpg","width":1772,"height":1281},{"@type":"BreadcrumbList","@id":"https:\/\/espak.ee\/epood\/toode\/poleerija-einhell-cc-po-1100-1e\/#breadcrumb","itemListElement":[{"@type":"ListItem","position":1,"name":"Home","item":"https:\/\/espak.ee\/epood\/"},{"@type":"ListItem","position":2,"name":"Tootevalik","item":"https:\/\/espak.ee\/epood\/tootevalik\/"},{"@type":"ListItem","position":3,"name":"POLEERIJA EINHELL CC-PO 1100\/1E"}]},{"@type":"WebSite","@id":"https:\/\/espak.ee\/epood\/#website","url":"https:\/\/espak.ee\/epood\/","name":"Espak E-pood","description":"","potentialAction":[{"@type":"SearchAction","target":{"@type":"EntryPoint","urlTemplate":"https:\/\/espak.ee\/epood\/?s={search_term_string}"},"query-input":{"@type":"PropertyValueSpecification","valueRequired":true,"valueName":"search_term_string"}}],"inLanguage":"et"}]}},"_links":{"self":[{"href":"https:\/\/espak.ee\/epood\/wp-json\/wp\/v2\/product\/21422","targetHints":{"allow":["GET"]}}],"collection":[{"href":"https:\/\/espak.ee\/epood\/wp-json\/wp\/v2\/product"}],"about":[{"href":"https:\/\/espak.ee\/epood\/wp-json\/wp\/v2\/types\/product"}],"replies":[{"embeddable":true,"href":"https:\/\/espak.ee\/epood\/wp-json\/wp\/v2\/comments?post=21422"}],"wp:featuredmedia":[{"embeddable":true,"href":"https:\/\/espak.ee\/epood\/wp-json\/wp\/v2\/media\/30577"}],"wp:attachment":[{"href":"https:\/\/espak.ee\/epood\/wp-json\/wp\/v2\/media?parent=21422"}],"wp:term":[{"taxonomy":"product_brand","embeddable":true,"href":"https:\/\/espak.ee\/epood\/wp-json\/wp\/v2\/product_brand?post=21422"},{"taxonomy":"product_cat","embeddable":true,"href":"https:\/\/espak.ee\/epood\/wp-json\/wp\/v2\/product_cat?post=21422"},{"taxonomy":"product_tag","embeddable":true,"href":"https:\/\/espak.ee\/epood\/wp-json\/wp\/v2\/product_tag?post=21422"}],"curies":[{"name":"wp","href":"https:\/\/api.w.org\/{rel}","templated":true}]}}