{"id":213661,"date":"2024-10-12T05:05:03","date_gmt":"2024-10-12T02:05:03","guid":{"rendered":"https:\/\/espak.ee\/epood\/?post_type=product&#038;p=213661"},"modified":"2024-10-14T13:11:37","modified_gmt":"2024-10-14T10:11:37","slug":"akuekstsentrik-einhell-tp-rs-18-32-li-bl-solo","status":"publish","type":"product","link":"https:\/\/espak.ee\/epood\/toode\/akuekstsentrik-einhell-tp-rs-18-32-li-bl-solo\/","title":{"rendered":"AKUEKSTSENTRIK EINHELL TP-RS 18\/32 LI BL SOLO"},"content":{"rendered":"<div class=\"row\"  id=\"row-786750941\">\n\n\t<div id=\"col-1492533572\" class=\"col medium-9 small-12 large-9\"  >\n\t\t\t\t<div class=\"col-inner\"  >\n\t\t\t\n\t\t\t\n<h3>Akuekstsentrik Einhell TP-RS 18\/32 Li BL-Solo<\/h3>\n<div class=\"message-box relative\" style=\"padding-top:15px;padding-bottom:15px;\"><div class=\"message-box-bg-image bg-fill fill\" ><\/div><div class=\"message-box-bg-overlay bg-fill fill\" ><\/div><div class=\"container relative\"><div class=\"inner last-reset\">\n<div class=\"row align-middle align-center\"  id=\"row-2067780468\">\n\n\t<div id=\"col-290721816\" class=\"col small-12 large-12\"  >\n\t\t\t\t<div class=\"col-inner text-left\"  >\n\t\t\t\n\t\t\t\n<h4>Omadused<\/h4>\n<div class=\"row\"  id=\"row-88403658\">\n\n\t<div id=\"col-2142808113\" class=\"col medium-6 small-12 large-6\"  >\n\t\t\t\t<div class=\"col-inner\"  >\n\t\t\t\n\t\t\t\n<p><i class=\"far fa-check-circle fa-2x\"><\/i><strong>\u00a0Power X-change tootepere liige<\/strong><\/p>\n<p><i class=\"far fa-check-circle fa-2x\"><\/i><strong>\u00a0Harjadeta mootor \u2013 suurem v\u00f5imsus ja pikem t\u00f6\u00f6aeg<\/strong><\/p>\n<p><i class=\"far fa-check-circle fa-2x\"><\/i><strong> Lihtne lihvpaberi vahetus t\u00e4nu takjakinnisele <\/strong><\/p>\n<p><i class=\"far fa-check-circle fa-2x\"><\/i><strong> Parem kontroll, t\u00e4na t\u00f6\u00f6riista madalala disainile<\/strong><\/p>\n<p><i class=\"far fa-check-circle fa-2x\"><\/i><strong> Saepuru kogumise parendamiseks v\u00f5imalik \u00fchendada tolmuimejaga\u00a0<\/strong><\/p>\n\t\t<\/div>\n\t\t\t\t\n<style>\n#col-2142808113 > .col-inner {\n  margin: 0px 0px 15px 0px;\n}\n<\/style>\n\t<\/div>\n\n\t\n\n\t<div id=\"col-862044470\" class=\"col medium-6 small-12 large-6\"  >\n\t\t\t\t<div class=\"col-inner\"  >\n\t\t\t\n\t\t\t\n<p><i class=\"far fa-check-circle fa-2x\"><\/i><strong> V\u00e4ga sujuv lihvimine t\u00e4nu ekstsentrilisele liikumisele <\/strong><\/p>\n<p><i class=\"far fa-check-circle fa-2x\"><\/i><strong> P\u00f6\u00f6rlemissageduse elektronregulaator materjaliga \u00fchilduvaks t\u00f6\u00f6tlemiseks\u00a0<\/strong><\/p>\n<p><i class=\"far fa-check-circle fa-2x\"><\/i><strong> Ergonoomilised pehmendusega hoidealad\u00a0<\/strong><\/p>\n<p><i class=\"far fa-check-circle fa-2x\"><\/i><strong> Eemaldatav lisak\u00e4epide h\u00e4sti tasakaalustatud k\u00e4sitsemiseks\u00a0<\/strong><\/p>\n<p><i class=\"far fa-check-circle fa-2x\"><\/i><strong> Sisemine tolmueemaldus tolmukoguja ning kurdfiltriga<\/strong><\/p>\n<p><i class=\"far fa-check-circle fa-2x\"><\/i><strong> Aku ja laadijata komplekt<\/strong><\/p>\n\t\t<\/div>\n\t\t\t\t\n<style>\n#col-862044470 > .col-inner {\n  margin: 0px 0px 15px 0px;\n}\n<\/style>\n\t<\/div>\n\n\t\n<\/div>\n\t\t<\/div>\n\t\t\t\t\t<\/div>\n\n\t\n<\/div>\n<\/div><\/div><\/div>\n\t<div id=\"gap-312075461\" class=\"gap-element clearfix\" style=\"display:block; height:auto;\">\n\t\t\n<style>\n#gap-312075461 {\n  padding-top: 30px;\n}\n<\/style>\n\t<\/div>\n\t\n<h2>Tootekirjeldus<\/h2>\n<p> Ekstsentriklihvija TP-RS 18\/32Li BL-Solo on v\u00f5imas t\u00f6\u00f6riist, millele saate t\u00f6\u00f6kojas kindlalt loota. Power X-Change&#8217;i tootepere liikmena saab akuekstsentriklihvijat kasutada k\u00f5igi s\u00fcsteemi akude ja laadijatega. Seadme keskmes on Einhell PurePOWER harjadeta mootor. See harjadeta mootor pakub rohkem v\u00f5imsust ja pikemat t\u00f6\u00f6aega kui tavalised s\u00fcsinikharjaga mootorid. T\u00e4nu elektroonilisele sageduse regulaatorile saab lihvimisj\u00f5udu h\u00e4sti kohandada, see sobib suurep\u00e4raselt suure lihvimisvajadusega ja t\u00e4pseteks t\u00f6\u00f6deks. Ekstsentriklihvijal on lihvpaberi kinnitamiseks eriti tugev takjakinnis, mis v\u00f5imaldab lihvpaberit sekunditega vahetada ja hoiab selle kortsudeta lihvtallal. Ergonoomiline kummeeritud k\u00e4epide ja lisak\u00e4epide tagavad lihvimise ajal hea haarde ning mugava k\u00e4sitsemise isegi pikkade t\u00f6\u00f6seansside ajal. Puhta ja tolmuvaba t\u00f6\u00f6 tagamiseks on lihvmasinal sisemine tolmueemalduss\u00fcsteem koos tolmukoguja ja kurdfiltriga. Lihvijat saab alternatiivina  tolmueemalduseks \u00fchendada ka tolmuimejaga.<br \/>\nKomplektis 3 lihvpaberit P60, P80 ja P120.<br \/>\nKomplekt ilma aku ja laadijata, need on v\u00f5imalik soetada eraldi.  <\/p>\n\t<div id=\"gap-1534856803\" class=\"gap-element clearfix\" style=\"display:block; height:auto;\">\n\t\t\n<style>\n#gap-1534856803 {\n  padding-top: 30px;\n}\n<\/style>\n\t<\/div>\n\t\n\t\t<\/div>\n\t\t\t\t\t<\/div>\n\n\t\n\n\t<div id=\"col-333785175\" class=\"col medium-3 small-12 large-3\"  >\n\t\t\t\t<div class=\"col-inner\"  >\n\t\t\t\n\t\t\t\n\t<div id=\"gap-1050741882\" class=\"gap-element clearfix\" style=\"display:block; height:auto;\">\n\t\t\n<style>\n#gap-1050741882 {\n  padding-top: 30px;\n}\n<\/style>\n\t<\/div>\n\t\n<h3>Kasutusjuhend<\/h3>\n<p><a href=\"https:\/\/espak.ee\/epood\/wp-content\/uploads\/2024\/10\/Akuekstsentrik-Einhell-TP-RS-18-32-LI-BL-4462020-EST.pdf\" target=\"_blank\" rel=\"noopener noreferrer\"><i class=\"far fa-file-pdf\"><\/i> Kasutusjuhend (PDF)<\/a><\/p>\n<div class=\"is-divider divider clearfix\" ><\/div>\n<p><strong>\u00dcksikasjalikuma n\u00f5u saamiseks v\u00f5tke \u00fchendust:<br \/><\/strong>Espak AS<br \/>Viadukti 42<br \/>11313<br \/>Tallinn<br \/>+372 6 512333<\/p>\n\t\t<\/div>\n\t\t\t\t\t<\/div>\n\n\t\n<\/div>\n","protected":false},"excerpt":{"rendered":"","protected":false},"featured_media":213795,"comment_status":"closed","ping_status":"closed","template":"","meta":[],"product_brand":[],"product_cat":[2735,2733,2680,2679],"product_tag":[],"class_list":{"0":"post-213661","1":"product","2":"type-product","3":"status-publish","4":"has-post-thumbnail","6":"product_cat-akulihvmasinad","7":"product_cat-akutooriistad","8":"product_cat-elektritooriistad","9":"product_cat-tooriistad","10":"pa_kaubamark-einhell","12":"first","13":"instock","14":"sale","15":"taxable","16":"shipping-taxable","17":"purchasable","18":"product-type-simple"},"yoast_head":"<!-- This site is optimized with the Yoast SEO plugin v26.9 - https:\/\/yoast.com\/product\/yoast-seo-wordpress\/ -->\n<title>AKUEKSTSENTRIK EINHELL TP-RS 18\/32 LI BL SOLO - Espak E-pood<\/title>\n<meta name=\"robots\" content=\"index, follow, max-snippet:-1, max-image-preview:large, max-video-preview:-1\" \/>\n<link rel=\"canonical\" href=\"https:\/\/espak.ee\/epood\/toode\/akuekstsentrik-einhell-tp-rs-18-32-li-bl-solo\/\" \/>\n<meta property=\"og:locale\" content=\"et_EE\" \/>\n<meta property=\"og:type\" content=\"article\" \/>\n<meta property=\"og:title\" content=\"AKUEKSTSENTRIK EINHELL TP-RS 18\/32 LI BL SOLO - Espak E-pood\" \/>\n<meta property=\"og:url\" content=\"https:\/\/espak.ee\/epood\/toode\/akuekstsentrik-einhell-tp-rs-18-32-li-bl-solo\/\" \/>\n<meta property=\"og:site_name\" content=\"Espak E-pood\" \/>\n<meta property=\"article:modified_time\" content=\"2024-10-14T10:11:37+00:00\" \/>\n<meta property=\"og:image\" content=\"https:\/\/espak.ee\/epood\/wp-content\/uploads\/2024\/10\/4462020_21012_002_TP_RS_18_32_BL_Solo_Pic.jpg\" \/>\n\t<meta property=\"og:image:width\" content=\"1000\" \/>\n\t<meta property=\"og:image:height\" content=\"1000\" \/>\n\t<meta property=\"og:image:type\" content=\"image\/jpeg\" \/>\n<meta name=\"twitter:card\" content=\"summary_large_image\" \/>\n<meta name=\"twitter:label1\" content=\"Est. reading time\" \/>\n\t<meta name=\"twitter:data1\" content=\"2 minutit\" \/>\n<script type=\"application\/ld+json\" class=\"yoast-schema-graph\">{\"@context\":\"https:\/\/schema.org\",\"@graph\":[{\"@type\":\"WebPage\",\"@id\":\"https:\/\/espak.ee\/epood\/toode\/akuekstsentrik-einhell-tp-rs-18-32-li-bl-solo\/\",\"url\":\"https:\/\/espak.ee\/epood\/toode\/akuekstsentrik-einhell-tp-rs-18-32-li-bl-solo\/\",\"name\":\"AKUEKSTSENTRIK EINHELL TP-RS 18\/32 LI BL SOLO - Espak E-pood\",\"isPartOf\":{\"@id\":\"https:\/\/espak.ee\/epood\/#website\"},\"primaryImageOfPage\":{\"@id\":\"https:\/\/espak.ee\/epood\/toode\/akuekstsentrik-einhell-tp-rs-18-32-li-bl-solo\/#primaryimage\"},\"image\":{\"@id\":\"https:\/\/espak.ee\/epood\/toode\/akuekstsentrik-einhell-tp-rs-18-32-li-bl-solo\/#primaryimage\"},\"thumbnailUrl\":\"https:\/\/espak.ee\/epood\/wp-content\/uploads\/2024\/10\/4462020_21012_002_TP_RS_18_32_BL_Solo_Pic.jpg\",\"datePublished\":\"2024-10-12T02:05:03+00:00\",\"dateModified\":\"2024-10-14T10:11:37+00:00\",\"breadcrumb\":{\"@id\":\"https:\/\/espak.ee\/epood\/toode\/akuekstsentrik-einhell-tp-rs-18-32-li-bl-solo\/#breadcrumb\"},\"inLanguage\":\"et\",\"potentialAction\":[{\"@type\":\"ReadAction\",\"target\":[\"https:\/\/espak.ee\/epood\/toode\/akuekstsentrik-einhell-tp-rs-18-32-li-bl-solo\/\"]}]},{\"@type\":\"ImageObject\",\"inLanguage\":\"et\",\"@id\":\"https:\/\/espak.ee\/epood\/toode\/akuekstsentrik-einhell-tp-rs-18-32-li-bl-solo\/#primaryimage\",\"url\":\"https:\/\/espak.ee\/epood\/wp-content\/uploads\/2024\/10\/4462020_21012_002_TP_RS_18_32_BL_Solo_Pic.jpg\",\"contentUrl\":\"https:\/\/espak.ee\/epood\/wp-content\/uploads\/2024\/10\/4462020_21012_002_TP_RS_18_32_BL_Solo_Pic.jpg\",\"width\":1000,\"height\":1000},{\"@type\":\"BreadcrumbList\",\"@id\":\"https:\/\/espak.ee\/epood\/toode\/akuekstsentrik-einhell-tp-rs-18-32-li-bl-solo\/#breadcrumb\",\"itemListElement\":[{\"@type\":\"ListItem\",\"position\":1,\"name\":\"Home\",\"item\":\"https:\/\/espak.ee\/epood\/\"},{\"@type\":\"ListItem\",\"position\":2,\"name\":\"Tootevalik\",\"item\":\"https:\/\/espak.ee\/epood\/tootevalik\/\"},{\"@type\":\"ListItem\",\"position\":3,\"name\":\"AKUEKSTSENTRIK EINHELL TP-RS 18\/32 LI BL SOLO\"}]},{\"@type\":\"WebSite\",\"@id\":\"https:\/\/espak.ee\/epood\/#website\",\"url\":\"https:\/\/espak.ee\/epood\/\",\"name\":\"Espak E-pood\",\"description\":\"\",\"potentialAction\":[{\"@type\":\"SearchAction\",\"target\":{\"@type\":\"EntryPoint\",\"urlTemplate\":\"https:\/\/espak.ee\/epood\/?s={search_term_string}\"},\"query-input\":{\"@type\":\"PropertyValueSpecification\",\"valueRequired\":true,\"valueName\":\"search_term_string\"}}],\"inLanguage\":\"et\"}]}<\/script>\n<!-- \/ Yoast SEO plugin. -->","yoast_head_json":{"title":"AKUEKSTSENTRIK EINHELL TP-RS 18\/32 LI BL SOLO - Espak E-pood","robots":{"index":"index","follow":"follow","max-snippet":"max-snippet:-1","max-image-preview":"max-image-preview:large","max-video-preview":"max-video-preview:-1"},"canonical":"https:\/\/espak.ee\/epood\/toode\/akuekstsentrik-einhell-tp-rs-18-32-li-bl-solo\/","og_locale":"et_EE","og_type":"article","og_title":"AKUEKSTSENTRIK EINHELL TP-RS 18\/32 LI BL SOLO - Espak E-pood","og_url":"https:\/\/espak.ee\/epood\/toode\/akuekstsentrik-einhell-tp-rs-18-32-li-bl-solo\/","og_site_name":"Espak E-pood","article_modified_time":"2024-10-14T10:11:37+00:00","og_image":[{"width":1000,"height":1000,"url":"https:\/\/espak.ee\/epood\/wp-content\/uploads\/2024\/10\/4462020_21012_002_TP_RS_18_32_BL_Solo_Pic.jpg","type":"image\/jpeg"}],"twitter_card":"summary_large_image","twitter_misc":{"Est. reading time":"2 minutit"},"schema":{"@context":"https:\/\/schema.org","@graph":[{"@type":"WebPage","@id":"https:\/\/espak.ee\/epood\/toode\/akuekstsentrik-einhell-tp-rs-18-32-li-bl-solo\/","url":"https:\/\/espak.ee\/epood\/toode\/akuekstsentrik-einhell-tp-rs-18-32-li-bl-solo\/","name":"AKUEKSTSENTRIK EINHELL TP-RS 18\/32 LI BL SOLO - Espak E-pood","isPartOf":{"@id":"https:\/\/espak.ee\/epood\/#website"},"primaryImageOfPage":{"@id":"https:\/\/espak.ee\/epood\/toode\/akuekstsentrik-einhell-tp-rs-18-32-li-bl-solo\/#primaryimage"},"image":{"@id":"https:\/\/espak.ee\/epood\/toode\/akuekstsentrik-einhell-tp-rs-18-32-li-bl-solo\/#primaryimage"},"thumbnailUrl":"https:\/\/espak.ee\/epood\/wp-content\/uploads\/2024\/10\/4462020_21012_002_TP_RS_18_32_BL_Solo_Pic.jpg","datePublished":"2024-10-12T02:05:03+00:00","dateModified":"2024-10-14T10:11:37+00:00","breadcrumb":{"@id":"https:\/\/espak.ee\/epood\/toode\/akuekstsentrik-einhell-tp-rs-18-32-li-bl-solo\/#breadcrumb"},"inLanguage":"et","potentialAction":[{"@type":"ReadAction","target":["https:\/\/espak.ee\/epood\/toode\/akuekstsentrik-einhell-tp-rs-18-32-li-bl-solo\/"]}]},{"@type":"ImageObject","inLanguage":"et","@id":"https:\/\/espak.ee\/epood\/toode\/akuekstsentrik-einhell-tp-rs-18-32-li-bl-solo\/#primaryimage","url":"https:\/\/espak.ee\/epood\/wp-content\/uploads\/2024\/10\/4462020_21012_002_TP_RS_18_32_BL_Solo_Pic.jpg","contentUrl":"https:\/\/espak.ee\/epood\/wp-content\/uploads\/2024\/10\/4462020_21012_002_TP_RS_18_32_BL_Solo_Pic.jpg","width":1000,"height":1000},{"@type":"BreadcrumbList","@id":"https:\/\/espak.ee\/epood\/toode\/akuekstsentrik-einhell-tp-rs-18-32-li-bl-solo\/#breadcrumb","itemListElement":[{"@type":"ListItem","position":1,"name":"Home","item":"https:\/\/espak.ee\/epood\/"},{"@type":"ListItem","position":2,"name":"Tootevalik","item":"https:\/\/espak.ee\/epood\/tootevalik\/"},{"@type":"ListItem","position":3,"name":"AKUEKSTSENTRIK EINHELL TP-RS 18\/32 LI BL SOLO"}]},{"@type":"WebSite","@id":"https:\/\/espak.ee\/epood\/#website","url":"https:\/\/espak.ee\/epood\/","name":"Espak E-pood","description":"","potentialAction":[{"@type":"SearchAction","target":{"@type":"EntryPoint","urlTemplate":"https:\/\/espak.ee\/epood\/?s={search_term_string}"},"query-input":{"@type":"PropertyValueSpecification","valueRequired":true,"valueName":"search_term_string"}}],"inLanguage":"et"}]}},"_links":{"self":[{"href":"https:\/\/espak.ee\/epood\/wp-json\/wp\/v2\/product\/213661","targetHints":{"allow":["GET"]}}],"collection":[{"href":"https:\/\/espak.ee\/epood\/wp-json\/wp\/v2\/product"}],"about":[{"href":"https:\/\/espak.ee\/epood\/wp-json\/wp\/v2\/types\/product"}],"replies":[{"embeddable":true,"href":"https:\/\/espak.ee\/epood\/wp-json\/wp\/v2\/comments?post=213661"}],"wp:featuredmedia":[{"embeddable":true,"href":"https:\/\/espak.ee\/epood\/wp-json\/wp\/v2\/media\/213795"}],"wp:attachment":[{"href":"https:\/\/espak.ee\/epood\/wp-json\/wp\/v2\/media?parent=213661"}],"wp:term":[{"taxonomy":"product_brand","embeddable":true,"href":"https:\/\/espak.ee\/epood\/wp-json\/wp\/v2\/product_brand?post=213661"},{"taxonomy":"product_cat","embeddable":true,"href":"https:\/\/espak.ee\/epood\/wp-json\/wp\/v2\/product_cat?post=213661"},{"taxonomy":"product_tag","embeddable":true,"href":"https:\/\/espak.ee\/epood\/wp-json\/wp\/v2\/product_tag?post=213661"}],"curies":[{"name":"wp","href":"https:\/\/api.w.org\/{rel}","templated":true}]}}