{"id":213473,"date":"2024-10-11T05:05:14","date_gmt":"2024-10-11T02:05:14","guid":{"rendered":"https:\/\/espak.ee\/epood\/?post_type=product&#038;p=213473"},"modified":"2024-10-11T08:10:08","modified_gmt":"2024-10-11T05:10:08","slug":"kivivill-linio-10cc-2006001200mm-krunditud-krohviplaat","status":"publish","type":"product","link":"https:\/\/espak.ee\/epood\/toode\/kivivill-linio-10cc-2006001200mm-krunditud-krohviplaat\/","title":{"rendered":"KIVIVILL LINIO 10cc 200*600*1200MM &#8211; KRUNDITUD KROHVIPLAAT"},"content":{"rendered":"<div class=\"row\"  id=\"row-1656633992\">\n\n\t<div id=\"col-385125226\" class=\"col medium-9 small-12 large-9\"  >\n\t\t\t\t<div class=\"col-inner\"  >\n\t\t\t\n\t\t\t\n<h2>Kivivill Linio 10cc Paroc<\/h2>\n<p><strong>Krohvitud fassaadiplaat 200x600x1200mm. <\/strong><\/p>\n<p>Heade soojusomadustega j\u00e4ik, tulekindel kivivillaplaat. Plaadi kaks k\u00fclge on kaetud kruntv\u00e4rviga.<br \/>\nKrohvitud fassaadide soojusisolatsioon. Kinnitatakse aluspinnale nii liimiga kui ka mehaaniliselt vastavalt krohvis\u00fcsteemide juhistele.<br \/>\nPAROC kivivillatooted on v\u00f5imelised taluma k\u00f5rgeid temperatuure. Sideaine hakkab aurustuma, kui selle temperatuur \u00fcletab ligikaudu 200 \u00b0C. Isolatsiooniomadused j\u00e4\u00e4vad muutumatuks, kuid survepinge n\u00f5rgeneb. Kivivillatoodete paakumistemperatuur on \u00fcle 1000 \u00b0C.\n<\/p>\n<p>*Pilt on illustreeriv<\/p>\n\t<div id=\"gap-631667241\" class=\"gap-element clearfix\" style=\"display:block; height:auto;\">\n\t\t\n<style>\n#gap-631667241 {\n  padding-top: 30px;\n}\n<\/style>\n\t<\/div>\n\t\n\t\t<\/div>\n\t\t\t\t\t<\/div>\n\n\t\n\n\t<div id=\"col-404202401\" class=\"col medium-3 small-12 large-3\"  >\n\t\t\t\t<div class=\"col-inner\"  >\n\t\t\t\n\t\t\t\n\t<div id=\"gap-1846209485\" class=\"gap-element clearfix\" style=\"display:block; height:auto;\">\n\t\t\n<style>\n#gap-1846209485 {\n  padding-top: 30px;\n}\n<\/style>\n\t<\/div>\n\t\n<h3>Teabeleht<\/h3>\n<p><a href=\"https:\/\/espak.ee\/epood\/wp-content\/uploads\/2024\/10\/PAROC-Linio-10cc-et-EE-22062023.pdf\"target=\"_blank\" rel=\"noopener noreferrer\"><i class=\"far fa-file-pdf\"><\/i> Toote teabeleht (PDF)<\/a><\/p>\n<div class=\"is-divider divider clearfix\" ><\/div>\n<p><strong>\u00dcksikasjalikuma n\u00f5u saamiseks v\u00f5tke \u00fchendust:<br \/><\/strong>AS Paroc<br \/>P\u00e4rnu mnt 158<br \/>11317<br \/>Tallinn<br \/>+372 6518100<\/p>\n<div class=\"is-divider divider clearfix\" ><\/div>\n\t\t<\/div>\n\t\t\t\t\t<\/div>\n\n\t\n<\/div>\n","protected":false},"excerpt":{"rendered":"","protected":false},"featured_media":48091,"comment_status":"closed","ping_status":"closed","template":"","meta":[],"product_brand":[],"product_cat":[2888,2718,2724,2697],"product_tag":[],"class_list":{"0":"post-213473","1":"product","2":"type-product","3":"status-publish","4":"has-post-thumbnail","6":"product_cat-fassaadivillad","7":"product_cat-isolatsioonimaterjalid","8":"product_cat-kivivill","9":"product_cat-uldehitus","10":"pa_kaubamark-paroc-as","12":"first","13":"instock","14":"sale","15":"taxable","16":"shipping-taxable","17":"purchasable","18":"product-type-simple"},"yoast_head":"<!-- This site is optimized with the Yoast SEO plugin v26.9 - https:\/\/yoast.com\/product\/yoast-seo-wordpress\/ -->\n<title>KIVIVILL LINIO 10cc 200*600*1200MM - KRUNDITUD KROHVIPLAAT - Espak E-pood<\/title>\n<meta name=\"robots\" content=\"index, follow, max-snippet:-1, max-image-preview:large, max-video-preview:-1\" \/>\n<link rel=\"canonical\" href=\"https:\/\/espak.ee\/epood\/toode\/kivivill-linio-10cc-2006001200mm-krunditud-krohviplaat\/\" \/>\n<meta property=\"og:locale\" content=\"et_EE\" \/>\n<meta property=\"og:type\" content=\"article\" \/>\n<meta property=\"og:title\" content=\"KIVIVILL LINIO 10cc 200*600*1200MM - KRUNDITUD KROHVIPLAAT - Espak E-pood\" \/>\n<meta property=\"og:url\" content=\"https:\/\/espak.ee\/epood\/toode\/kivivill-linio-10cc-2006001200mm-krunditud-krohviplaat\/\" \/>\n<meta property=\"og:site_name\" content=\"Espak E-pood\" \/>\n<meta property=\"article:modified_time\" content=\"2024-10-11T05:10:08+00:00\" \/>\n<meta property=\"og:image\" content=\"https:\/\/espak.ee\/epood\/wp-content\/uploads\/Linio-10-scaled-e1716194045571.jpg\" \/>\n\t<meta property=\"og:image:width\" content=\"1617\" \/>\n\t<meta property=\"og:image:height\" content=\"1617\" \/>\n\t<meta property=\"og:image:type\" content=\"image\/jpeg\" \/>\n<meta name=\"twitter:card\" content=\"summary_large_image\" \/>\n<meta name=\"twitter:label1\" content=\"Est. reading time\" \/>\n\t<meta name=\"twitter:data1\" content=\"1 minut\" \/>\n<script type=\"application\/ld+json\" class=\"yoast-schema-graph\">{\"@context\":\"https:\/\/schema.org\",\"@graph\":[{\"@type\":\"WebPage\",\"@id\":\"https:\/\/espak.ee\/epood\/toode\/kivivill-linio-10cc-2006001200mm-krunditud-krohviplaat\/\",\"url\":\"https:\/\/espak.ee\/epood\/toode\/kivivill-linio-10cc-2006001200mm-krunditud-krohviplaat\/\",\"name\":\"KIVIVILL LINIO 10cc 200*600*1200MM - KRUNDITUD KROHVIPLAAT - Espak E-pood\",\"isPartOf\":{\"@id\":\"https:\/\/espak.ee\/epood\/#website\"},\"primaryImageOfPage\":{\"@id\":\"https:\/\/espak.ee\/epood\/toode\/kivivill-linio-10cc-2006001200mm-krunditud-krohviplaat\/#primaryimage\"},\"image\":{\"@id\":\"https:\/\/espak.ee\/epood\/toode\/kivivill-linio-10cc-2006001200mm-krunditud-krohviplaat\/#primaryimage\"},\"thumbnailUrl\":\"https:\/\/espak.ee\/epood\/wp-content\/uploads\/Linio-10-scaled-e1716194045571.jpg\",\"datePublished\":\"2024-10-11T02:05:14+00:00\",\"dateModified\":\"2024-10-11T05:10:08+00:00\",\"breadcrumb\":{\"@id\":\"https:\/\/espak.ee\/epood\/toode\/kivivill-linio-10cc-2006001200mm-krunditud-krohviplaat\/#breadcrumb\"},\"inLanguage\":\"et\",\"potentialAction\":[{\"@type\":\"ReadAction\",\"target\":[\"https:\/\/espak.ee\/epood\/toode\/kivivill-linio-10cc-2006001200mm-krunditud-krohviplaat\/\"]}]},{\"@type\":\"ImageObject\",\"inLanguage\":\"et\",\"@id\":\"https:\/\/espak.ee\/epood\/toode\/kivivill-linio-10cc-2006001200mm-krunditud-krohviplaat\/#primaryimage\",\"url\":\"https:\/\/espak.ee\/epood\/wp-content\/uploads\/Linio-10-scaled-e1716194045571.jpg\",\"contentUrl\":\"https:\/\/espak.ee\/epood\/wp-content\/uploads\/Linio-10-scaled-e1716194045571.jpg\",\"width\":1617,\"height\":1617},{\"@type\":\"BreadcrumbList\",\"@id\":\"https:\/\/espak.ee\/epood\/toode\/kivivill-linio-10cc-2006001200mm-krunditud-krohviplaat\/#breadcrumb\",\"itemListElement\":[{\"@type\":\"ListItem\",\"position\":1,\"name\":\"Home\",\"item\":\"https:\/\/espak.ee\/epood\/\"},{\"@type\":\"ListItem\",\"position\":2,\"name\":\"Tootevalik\",\"item\":\"https:\/\/espak.ee\/epood\/tootevalik\/\"},{\"@type\":\"ListItem\",\"position\":3,\"name\":\"KIVIVILL LINIO 10cc 200*600*1200MM &#8211; KRUNDITUD KROHVIPLAAT\"}]},{\"@type\":\"WebSite\",\"@id\":\"https:\/\/espak.ee\/epood\/#website\",\"url\":\"https:\/\/espak.ee\/epood\/\",\"name\":\"Espak E-pood\",\"description\":\"\",\"potentialAction\":[{\"@type\":\"SearchAction\",\"target\":{\"@type\":\"EntryPoint\",\"urlTemplate\":\"https:\/\/espak.ee\/epood\/?s={search_term_string}\"},\"query-input\":{\"@type\":\"PropertyValueSpecification\",\"valueRequired\":true,\"valueName\":\"search_term_string\"}}],\"inLanguage\":\"et\"}]}<\/script>\n<!-- \/ Yoast SEO plugin. -->","yoast_head_json":{"title":"KIVIVILL LINIO 10cc 200*600*1200MM - KRUNDITUD KROHVIPLAAT - Espak E-pood","robots":{"index":"index","follow":"follow","max-snippet":"max-snippet:-1","max-image-preview":"max-image-preview:large","max-video-preview":"max-video-preview:-1"},"canonical":"https:\/\/espak.ee\/epood\/toode\/kivivill-linio-10cc-2006001200mm-krunditud-krohviplaat\/","og_locale":"et_EE","og_type":"article","og_title":"KIVIVILL LINIO 10cc 200*600*1200MM - KRUNDITUD KROHVIPLAAT - Espak E-pood","og_url":"https:\/\/espak.ee\/epood\/toode\/kivivill-linio-10cc-2006001200mm-krunditud-krohviplaat\/","og_site_name":"Espak E-pood","article_modified_time":"2024-10-11T05:10:08+00:00","og_image":[{"width":1617,"height":1617,"url":"https:\/\/espak.ee\/epood\/wp-content\/uploads\/Linio-10-scaled-e1716194045571.jpg","type":"image\/jpeg"}],"twitter_card":"summary_large_image","twitter_misc":{"Est. reading time":"1 minut"},"schema":{"@context":"https:\/\/schema.org","@graph":[{"@type":"WebPage","@id":"https:\/\/espak.ee\/epood\/toode\/kivivill-linio-10cc-2006001200mm-krunditud-krohviplaat\/","url":"https:\/\/espak.ee\/epood\/toode\/kivivill-linio-10cc-2006001200mm-krunditud-krohviplaat\/","name":"KIVIVILL LINIO 10cc 200*600*1200MM - KRUNDITUD KROHVIPLAAT - Espak E-pood","isPartOf":{"@id":"https:\/\/espak.ee\/epood\/#website"},"primaryImageOfPage":{"@id":"https:\/\/espak.ee\/epood\/toode\/kivivill-linio-10cc-2006001200mm-krunditud-krohviplaat\/#primaryimage"},"image":{"@id":"https:\/\/espak.ee\/epood\/toode\/kivivill-linio-10cc-2006001200mm-krunditud-krohviplaat\/#primaryimage"},"thumbnailUrl":"https:\/\/espak.ee\/epood\/wp-content\/uploads\/Linio-10-scaled-e1716194045571.jpg","datePublished":"2024-10-11T02:05:14+00:00","dateModified":"2024-10-11T05:10:08+00:00","breadcrumb":{"@id":"https:\/\/espak.ee\/epood\/toode\/kivivill-linio-10cc-2006001200mm-krunditud-krohviplaat\/#breadcrumb"},"inLanguage":"et","potentialAction":[{"@type":"ReadAction","target":["https:\/\/espak.ee\/epood\/toode\/kivivill-linio-10cc-2006001200mm-krunditud-krohviplaat\/"]}]},{"@type":"ImageObject","inLanguage":"et","@id":"https:\/\/espak.ee\/epood\/toode\/kivivill-linio-10cc-2006001200mm-krunditud-krohviplaat\/#primaryimage","url":"https:\/\/espak.ee\/epood\/wp-content\/uploads\/Linio-10-scaled-e1716194045571.jpg","contentUrl":"https:\/\/espak.ee\/epood\/wp-content\/uploads\/Linio-10-scaled-e1716194045571.jpg","width":1617,"height":1617},{"@type":"BreadcrumbList","@id":"https:\/\/espak.ee\/epood\/toode\/kivivill-linio-10cc-2006001200mm-krunditud-krohviplaat\/#breadcrumb","itemListElement":[{"@type":"ListItem","position":1,"name":"Home","item":"https:\/\/espak.ee\/epood\/"},{"@type":"ListItem","position":2,"name":"Tootevalik","item":"https:\/\/espak.ee\/epood\/tootevalik\/"},{"@type":"ListItem","position":3,"name":"KIVIVILL LINIO 10cc 200*600*1200MM &#8211; KRUNDITUD KROHVIPLAAT"}]},{"@type":"WebSite","@id":"https:\/\/espak.ee\/epood\/#website","url":"https:\/\/espak.ee\/epood\/","name":"Espak E-pood","description":"","potentialAction":[{"@type":"SearchAction","target":{"@type":"EntryPoint","urlTemplate":"https:\/\/espak.ee\/epood\/?s={search_term_string}"},"query-input":{"@type":"PropertyValueSpecification","valueRequired":true,"valueName":"search_term_string"}}],"inLanguage":"et"}]}},"_links":{"self":[{"href":"https:\/\/espak.ee\/epood\/wp-json\/wp\/v2\/product\/213473","targetHints":{"allow":["GET"]}}],"collection":[{"href":"https:\/\/espak.ee\/epood\/wp-json\/wp\/v2\/product"}],"about":[{"href":"https:\/\/espak.ee\/epood\/wp-json\/wp\/v2\/types\/product"}],"replies":[{"embeddable":true,"href":"https:\/\/espak.ee\/epood\/wp-json\/wp\/v2\/comments?post=213473"}],"wp:featuredmedia":[{"embeddable":true,"href":"https:\/\/espak.ee\/epood\/wp-json\/wp\/v2\/media\/48091"}],"wp:attachment":[{"href":"https:\/\/espak.ee\/epood\/wp-json\/wp\/v2\/media?parent=213473"}],"wp:term":[{"taxonomy":"product_brand","embeddable":true,"href":"https:\/\/espak.ee\/epood\/wp-json\/wp\/v2\/product_brand?post=213473"},{"taxonomy":"product_cat","embeddable":true,"href":"https:\/\/espak.ee\/epood\/wp-json\/wp\/v2\/product_cat?post=213473"},{"taxonomy":"product_tag","embeddable":true,"href":"https:\/\/espak.ee\/epood\/wp-json\/wp\/v2\/product_tag?post=213473"}],"curies":[{"name":"wp","href":"https:\/\/api.w.org\/{rel}","templated":true}]}}