{"id":21307,"date":"2020-04-18T03:16:53","date_gmt":"2020-04-18T00:16:53","guid":{"rendered":"https:\/\/espak.ee\/hinnakiri\/?post_type=product&#038;p=21307"},"modified":"2024-10-15T18:26:35","modified_gmt":"2024-10-15T15:26:35","slug":"puidutreipink-einhell-tc-ww-1000-1","status":"publish","type":"product","link":"https:\/\/espak.ee\/epood\/toode\/puidutreipink-einhell-tc-ww-1000-1\/","title":{"rendered":"PUIDUTREIPINK EINHELL TC-WW 1000\/1"},"content":{"rendered":"<div class=\"row\"  id=\"row-332016866\">\n\n\t<div id=\"col-71894889\" class=\"col medium-9 small-12 large-9\"  >\n\t\t\t\t<div class=\"col-inner\"  >\n\t\t\t\n\t\t\t\n<div class=\"message-box relative\" style=\"padding-top:15px;padding-bottom:15px;\"><div class=\"message-box-bg-image bg-fill fill\" ><\/div><div class=\"message-box-bg-overlay bg-fill fill\" ><\/div><div class=\"container relative\"><div class=\"inner last-reset\">\n<div class=\"row align-middle align-center\"  id=\"row-801209639\">\n\n\t<div id=\"col-1775709824\" class=\"col small-12 large-12\"  >\n\t\t\t\t<div class=\"col-inner text-left\"  >\n\t\t\t\n\t\t\t\n<h4>Omadused<\/h4>\n<div class=\"row\"  id=\"row-1538551142\">\n\n\t<div id=\"col-1313042612\" class=\"col medium-6 small-12 large-6\"  >\n\t\t\t\t<div class=\"col-inner\"  >\n\t\t\t\n\t\t\t\n<p><i class=\"far fa-check-circle fa-2x\"><\/i><strong>\u00a0Kaasas spindli kaasavedaja ja plaanseib <\/strong><\/p>\n<p><i class=\"far fa-check-circle fa-2x\"><\/i><strong> Spindliga tsentripukk pikkade toorikute teise otsa kinnitamiseks\u00a0<\/strong><\/p>\n<p><i class=\"far fa-check-circle fa-2x\"><\/i><strong> 4 p\u00f6\u00f6rlemissageduse s\u00e4tet materjali jaoks parima kiiruse leidmiseks <\/strong><\/p>\n\t\t<\/div>\n\t\t\t\t\n<style>\n#col-1313042612 > .col-inner {\n  margin: 0px 0px 15px 0px;\n}\n<\/style>\n\t<\/div>\n\n\t\n\n\t<div id=\"col-268545805\" class=\"col medium-6 small-12 large-6\"  >\n\t\t\t\t<div class=\"col-inner\"  >\n\t\t\t\n\t\t\t\n<p><i class=\"far fa-check-circle fa-2x\"><\/i><strong> Lihtsalt seadistatav t\u00f6\u00f6riistatugi t\u00e4pseks treimiseks <\/strong><\/p>\n<p><i class=\"far fa-check-circle fa-2x\"><\/i><strong> V\u00e4\u00e4ndekindel ehitus t\u00e4nu s\u00e4ngi kahele juhtraamile\u00a0<\/strong><\/p>\n<p><i class=\"far fa-check-circle fa-2x\"><\/i><strong> V\u00f5imas 400\u00a0W mootor pikkade t\u00f6\u00f6perioodidega t\u00f6\u00f6tamiseks\u00a0<\/strong><\/p>\n\t\t<\/div>\n\t\t\t\t\n<style>\n#col-268545805 > .col-inner {\n  margin: 0px 0px 15px 0px;\n}\n<\/style>\n\t<\/div>\n\n\t\n<\/div>\n\t\t<\/div>\n\t\t\t\t\t<\/div>\n\n\t\n<\/div>\n<\/div><\/div><\/div>\n\t<div id=\"gap-2054148810\" class=\"gap-element clearfix\" style=\"display:block; height:auto;\">\n\t\t\n<style>\n#gap-2054148810 {\n  padding-top: 30px;\n}\n<\/style>\n\t<\/div>\n\t\n<h2>Tootekirjeldus<\/h2>\n<p> Puidutreipink Einhelli TC-WW 1000\/1 on ideaalne t\u00f6\u00f6riist puidutreimise maailmaga liitumiseks ning puidu ja pehmete materjalide h\u00f5lpsaks soovitud kujusse t\u00f6\u00f6tlemiseks. Sellel on lihtsalt seadistatav t\u00f6\u00f6riistatugi tooriku m\u00f5\u00f5tmetega kahandamiseks. Pikkade toorikute teiseks toestuseks on treipingil spindliga tsentripukk. Kahekordne s\u00e4ng ja juhtraam tagavad tarindi v\u00e4\u00e4ndekindluse. T\u00f6\u00f6deldava tooriku jaoks parima l\u00f5ikekiiruse leidmiseks on spindlil neli valitavat p\u00f6\u00f6rlemissagedust (890\/1260\/1760\/2600\u00a0p\/min). V\u00f5imsal 400 W mootoril on piisav varu pikemateks t\u00f6\u00f6perioodideks. Suurim treitav l\u00e4bim\u00f5\u00f5t on 280\u00a0mm (juhtraami kohal isegi kuni 350\u00a0mm) ja suurim tsentrite vaheline kaugus 1000 mm. Tarnitakse koos ajamispindli kaasavedaja ja plaanseibiga. <\/p>\n\t<div id=\"gap-732807482\" class=\"gap-element clearfix\" style=\"display:block; height:auto;\">\n\t\t\n<style>\n#gap-732807482 {\n  padding-top: 30px;\n}\n<\/style>\n\t<\/div>\n\t\n\t\t<\/div>\n\t\t\t\t\t<\/div>\n\n\t\n\n\t<div id=\"col-1890133875\" class=\"col medium-3 small-12 large-3\"  >\n\t\t\t\t<div class=\"col-inner\"  >\n\t\t\t\n\t\t\t\n\t<div id=\"gap-1590587741\" class=\"gap-element clearfix\" style=\"display:block; height:auto;\">\n\t\t\n<style>\n#gap-1590587741 {\n  padding-top: 30px;\n}\n<\/style>\n\t<\/div>\n\t\n<h3>Kasutusjuhend<\/h3>\n<p><a href=\"https:\/\/espak.ee\/epood\/wp-content\/uploads\/Puidutreipink-Einhell-TC-WW-1000-4312105-est.pdf\" target=\"_blank\" rel=\"noopener noreferrer\"><i class=\"far fa-file-pdf\"><\/i> Kasutusjuhend (PDF)<\/a><\/p>\n<div class=\"is-divider divider clearfix\" ><\/div>\n<p><strong>\u00dcksikasjalikuma n\u00f5u saamiseks v\u00f5tke \u00fchendust:<br \/><\/strong>Espak AS<br \/>Viadukti 42<br \/>11313<br \/>Tallinn<br \/>+372 6 512333<\/p>\n\t\t<\/div>\n\t\t\t\t\t<\/div>\n\n\t\n<\/div>\n","protected":false},"excerpt":{"rendered":"","protected":false},"featured_media":32427,"comment_status":"closed","ping_status":"open","template":"","meta":[],"product_brand":[],"product_cat":[2680,2681,3453,2679],"product_tag":[],"class_list":{"0":"post-21307","1":"product","2":"type-product","3":"status-publish","4":"has-post-thumbnail","6":"product_cat-elektritooriistad","7":"product_cat-masinad-ja-seadmed","8":"product_cat-puidutreipingid","9":"product_cat-tooriistad","10":"pa_kaubamark-einhell","12":"first","13":"outofstock","14":"sale","15":"taxable","16":"shipping-taxable","17":"purchasable","18":"product-type-simple"},"yoast_head":"<!-- This site is optimized with the Yoast SEO plugin v26.9 - https:\/\/yoast.com\/product\/yoast-seo-wordpress\/ -->\n<title>PUIDUTREIPINK EINHELL TC-WW 1000\/1 - Espak E-pood<\/title>\n<meta name=\"description\" content=\"Puidutreipink Einhelli TC-WW 1000\/1 on ideaalne t\u00f6\u00f6riist puidutreimise maailmaga liitumiseks ning puidu ja pehmete materjalide h\u00f5lpsaks soovitud kujusse t\u00f6\u00f6tlemiseks.\" \/>\n<meta name=\"robots\" content=\"index, follow, max-snippet:-1, max-image-preview:large, max-video-preview:-1\" \/>\n<link rel=\"canonical\" href=\"https:\/\/espak.ee\/epood\/toode\/puidutreipink-einhell-tc-ww-1000-1\/\" \/>\n<meta property=\"og:locale\" content=\"et_EE\" \/>\n<meta property=\"og:type\" content=\"article\" \/>\n<meta property=\"og:title\" content=\"PUIDUTREIPINK EINHELL TC-WW 1000\/1 - Espak E-pood\" \/>\n<meta property=\"og:description\" content=\"Puidutreipink Einhelli TC-WW 1000\/1 on ideaalne t\u00f6\u00f6riist puidutreimise maailmaga liitumiseks ning puidu ja pehmete materjalide h\u00f5lpsaks soovitud kujusse t\u00f6\u00f6tlemiseks.\" \/>\n<meta property=\"og:url\" content=\"https:\/\/espak.ee\/epood\/toode\/puidutreipink-einhell-tc-ww-1000-1\/\" \/>\n<meta property=\"og:site_name\" content=\"Espak E-pood\" \/>\n<meta property=\"article:modified_time\" content=\"2024-10-15T15:26:35+00:00\" \/>\n<meta property=\"og:image\" content=\"https:\/\/espak.ee\/epood\/wp-content\/uploads\/4312110_11017_001_TC_WW_1000_1_RAL3002.jpg\" \/>\n\t<meta property=\"og:image:width\" content=\"1772\" \/>\n\t<meta property=\"og:image:height\" content=\"1277\" \/>\n\t<meta property=\"og:image:type\" content=\"image\/jpeg\" \/>\n<meta name=\"twitter:card\" content=\"summary_large_image\" \/>\n<meta name=\"twitter:label1\" content=\"Est. reading time\" \/>\n\t<meta name=\"twitter:data1\" content=\"1 minut\" \/>\n<script type=\"application\/ld+json\" class=\"yoast-schema-graph\">{\"@context\":\"https:\/\/schema.org\",\"@graph\":[{\"@type\":\"WebPage\",\"@id\":\"https:\/\/espak.ee\/epood\/toode\/puidutreipink-einhell-tc-ww-1000-1\/\",\"url\":\"https:\/\/espak.ee\/epood\/toode\/puidutreipink-einhell-tc-ww-1000-1\/\",\"name\":\"PUIDUTREIPINK EINHELL TC-WW 1000\/1 - Espak E-pood\",\"isPartOf\":{\"@id\":\"https:\/\/espak.ee\/epood\/#website\"},\"primaryImageOfPage\":{\"@id\":\"https:\/\/espak.ee\/epood\/toode\/puidutreipink-einhell-tc-ww-1000-1\/#primaryimage\"},\"image\":{\"@id\":\"https:\/\/espak.ee\/epood\/toode\/puidutreipink-einhell-tc-ww-1000-1\/#primaryimage\"},\"thumbnailUrl\":\"https:\/\/espak.ee\/epood\/wp-content\/uploads\/4312110_11017_001_TC_WW_1000_1_RAL3002.jpg\",\"datePublished\":\"2020-04-18T00:16:53+00:00\",\"dateModified\":\"2024-10-15T15:26:35+00:00\",\"description\":\"Puidutreipink Einhelli TC-WW 1000\/1 on ideaalne t\u00f6\u00f6riist puidutreimise maailmaga liitumiseks ning puidu ja pehmete materjalide h\u00f5lpsaks soovitud kujusse t\u00f6\u00f6tlemiseks.\",\"breadcrumb\":{\"@id\":\"https:\/\/espak.ee\/epood\/toode\/puidutreipink-einhell-tc-ww-1000-1\/#breadcrumb\"},\"inLanguage\":\"et\",\"potentialAction\":[{\"@type\":\"ReadAction\",\"target\":[\"https:\/\/espak.ee\/epood\/toode\/puidutreipink-einhell-tc-ww-1000-1\/\"]}]},{\"@type\":\"ImageObject\",\"inLanguage\":\"et\",\"@id\":\"https:\/\/espak.ee\/epood\/toode\/puidutreipink-einhell-tc-ww-1000-1\/#primaryimage\",\"url\":\"https:\/\/espak.ee\/epood\/wp-content\/uploads\/4312110_11017_001_TC_WW_1000_1_RAL3002.jpg\",\"contentUrl\":\"https:\/\/espak.ee\/epood\/wp-content\/uploads\/4312110_11017_001_TC_WW_1000_1_RAL3002.jpg\",\"width\":1772,\"height\":1277},{\"@type\":\"BreadcrumbList\",\"@id\":\"https:\/\/espak.ee\/epood\/toode\/puidutreipink-einhell-tc-ww-1000-1\/#breadcrumb\",\"itemListElement\":[{\"@type\":\"ListItem\",\"position\":1,\"name\":\"Home\",\"item\":\"https:\/\/espak.ee\/epood\/\"},{\"@type\":\"ListItem\",\"position\":2,\"name\":\"Tootevalik\",\"item\":\"https:\/\/espak.ee\/epood\/tootevalik\/\"},{\"@type\":\"ListItem\",\"position\":3,\"name\":\"PUIDUTREIPINK EINHELL TC-WW 1000\/1\"}]},{\"@type\":\"WebSite\",\"@id\":\"https:\/\/espak.ee\/epood\/#website\",\"url\":\"https:\/\/espak.ee\/epood\/\",\"name\":\"Espak E-pood\",\"description\":\"\",\"potentialAction\":[{\"@type\":\"SearchAction\",\"target\":{\"@type\":\"EntryPoint\",\"urlTemplate\":\"https:\/\/espak.ee\/epood\/?s={search_term_string}\"},\"query-input\":{\"@type\":\"PropertyValueSpecification\",\"valueRequired\":true,\"valueName\":\"search_term_string\"}}],\"inLanguage\":\"et\"}]}<\/script>\n<!-- \/ Yoast SEO plugin. -->","yoast_head_json":{"title":"PUIDUTREIPINK EINHELL TC-WW 1000\/1 - Espak E-pood","description":"Puidutreipink Einhelli TC-WW 1000\/1 on ideaalne t\u00f6\u00f6riist puidutreimise maailmaga liitumiseks ning puidu ja pehmete materjalide h\u00f5lpsaks soovitud kujusse t\u00f6\u00f6tlemiseks.","robots":{"index":"index","follow":"follow","max-snippet":"max-snippet:-1","max-image-preview":"max-image-preview:large","max-video-preview":"max-video-preview:-1"},"canonical":"https:\/\/espak.ee\/epood\/toode\/puidutreipink-einhell-tc-ww-1000-1\/","og_locale":"et_EE","og_type":"article","og_title":"PUIDUTREIPINK EINHELL TC-WW 1000\/1 - Espak E-pood","og_description":"Puidutreipink Einhelli TC-WW 1000\/1 on ideaalne t\u00f6\u00f6riist puidutreimise maailmaga liitumiseks ning puidu ja pehmete materjalide h\u00f5lpsaks soovitud kujusse t\u00f6\u00f6tlemiseks.","og_url":"https:\/\/espak.ee\/epood\/toode\/puidutreipink-einhell-tc-ww-1000-1\/","og_site_name":"Espak E-pood","article_modified_time":"2024-10-15T15:26:35+00:00","og_image":[{"width":1772,"height":1277,"url":"https:\/\/espak.ee\/epood\/wp-content\/uploads\/4312110_11017_001_TC_WW_1000_1_RAL3002.jpg","type":"image\/jpeg"}],"twitter_card":"summary_large_image","twitter_misc":{"Est. reading time":"1 minut"},"schema":{"@context":"https:\/\/schema.org","@graph":[{"@type":"WebPage","@id":"https:\/\/espak.ee\/epood\/toode\/puidutreipink-einhell-tc-ww-1000-1\/","url":"https:\/\/espak.ee\/epood\/toode\/puidutreipink-einhell-tc-ww-1000-1\/","name":"PUIDUTREIPINK EINHELL TC-WW 1000\/1 - Espak E-pood","isPartOf":{"@id":"https:\/\/espak.ee\/epood\/#website"},"primaryImageOfPage":{"@id":"https:\/\/espak.ee\/epood\/toode\/puidutreipink-einhell-tc-ww-1000-1\/#primaryimage"},"image":{"@id":"https:\/\/espak.ee\/epood\/toode\/puidutreipink-einhell-tc-ww-1000-1\/#primaryimage"},"thumbnailUrl":"https:\/\/espak.ee\/epood\/wp-content\/uploads\/4312110_11017_001_TC_WW_1000_1_RAL3002.jpg","datePublished":"2020-04-18T00:16:53+00:00","dateModified":"2024-10-15T15:26:35+00:00","description":"Puidutreipink Einhelli TC-WW 1000\/1 on ideaalne t\u00f6\u00f6riist puidutreimise maailmaga liitumiseks ning puidu ja pehmete materjalide h\u00f5lpsaks soovitud kujusse t\u00f6\u00f6tlemiseks.","breadcrumb":{"@id":"https:\/\/espak.ee\/epood\/toode\/puidutreipink-einhell-tc-ww-1000-1\/#breadcrumb"},"inLanguage":"et","potentialAction":[{"@type":"ReadAction","target":["https:\/\/espak.ee\/epood\/toode\/puidutreipink-einhell-tc-ww-1000-1\/"]}]},{"@type":"ImageObject","inLanguage":"et","@id":"https:\/\/espak.ee\/epood\/toode\/puidutreipink-einhell-tc-ww-1000-1\/#primaryimage","url":"https:\/\/espak.ee\/epood\/wp-content\/uploads\/4312110_11017_001_TC_WW_1000_1_RAL3002.jpg","contentUrl":"https:\/\/espak.ee\/epood\/wp-content\/uploads\/4312110_11017_001_TC_WW_1000_1_RAL3002.jpg","width":1772,"height":1277},{"@type":"BreadcrumbList","@id":"https:\/\/espak.ee\/epood\/toode\/puidutreipink-einhell-tc-ww-1000-1\/#breadcrumb","itemListElement":[{"@type":"ListItem","position":1,"name":"Home","item":"https:\/\/espak.ee\/epood\/"},{"@type":"ListItem","position":2,"name":"Tootevalik","item":"https:\/\/espak.ee\/epood\/tootevalik\/"},{"@type":"ListItem","position":3,"name":"PUIDUTREIPINK EINHELL TC-WW 1000\/1"}]},{"@type":"WebSite","@id":"https:\/\/espak.ee\/epood\/#website","url":"https:\/\/espak.ee\/epood\/","name":"Espak E-pood","description":"","potentialAction":[{"@type":"SearchAction","target":{"@type":"EntryPoint","urlTemplate":"https:\/\/espak.ee\/epood\/?s={search_term_string}"},"query-input":{"@type":"PropertyValueSpecification","valueRequired":true,"valueName":"search_term_string"}}],"inLanguage":"et"}]}},"_links":{"self":[{"href":"https:\/\/espak.ee\/epood\/wp-json\/wp\/v2\/product\/21307","targetHints":{"allow":["GET"]}}],"collection":[{"href":"https:\/\/espak.ee\/epood\/wp-json\/wp\/v2\/product"}],"about":[{"href":"https:\/\/espak.ee\/epood\/wp-json\/wp\/v2\/types\/product"}],"replies":[{"embeddable":true,"href":"https:\/\/espak.ee\/epood\/wp-json\/wp\/v2\/comments?post=21307"}],"wp:featuredmedia":[{"embeddable":true,"href":"https:\/\/espak.ee\/epood\/wp-json\/wp\/v2\/media\/32427"}],"wp:attachment":[{"href":"https:\/\/espak.ee\/epood\/wp-json\/wp\/v2\/media?parent=21307"}],"wp:term":[{"taxonomy":"product_brand","embeddable":true,"href":"https:\/\/espak.ee\/epood\/wp-json\/wp\/v2\/product_brand?post=21307"},{"taxonomy":"product_cat","embeddable":true,"href":"https:\/\/espak.ee\/epood\/wp-json\/wp\/v2\/product_cat?post=21307"},{"taxonomy":"product_tag","embeddable":true,"href":"https:\/\/espak.ee\/epood\/wp-json\/wp\/v2\/product_tag?post=21307"}],"curies":[{"name":"wp","href":"https:\/\/api.w.org\/{rel}","templated":true}]}}