{"id":204214,"date":"2024-07-06T05:05:12","date_gmt":"2024-07-06T02:05:12","guid":{"rendered":"https:\/\/espak.ee\/epood\/?post_type=product&#038;p=204214"},"modified":"2025-08-04T14:08:30","modified_gmt":"2025-08-04T11:08:30","slug":"aiapump-4100-silent-komplektis-voolik-36m","status":"publish","type":"product","link":"https:\/\/espak.ee\/epood\/toode\/aiapump-4100-silent-komplektis-voolik-36m\/","title":{"rendered":"AIAPUMP 4100 SILENT"},"content":{"rendered":"<div class=\"row\"  id=\"row-246145697\">\n\n\t<div id=\"col-1988612140\" class=\"col medium-9 small-12 large-9\"  >\n\t\t\t\t<div class=\"col-inner\"  >\n\t\t\t\n\t\t\t\n<h2>Aiapump 4100 Silent Gardena<\/h2>\n<div class=\"message-box relative\" style=\"padding-top:15px;padding-bottom:15px;\"><div class=\"message-box-bg-image bg-fill fill\" ><\/div><div class=\"message-box-bg-overlay bg-fill fill\" ><\/div><div class=\"container relative\"><div class=\"inner last-reset\">\n<div class=\"row align-middle align-center\"  id=\"row-824527525\">\n\n\t<div id=\"col-163916503\" class=\"col small-12 large-12\"  >\n\t\t\t\t<div class=\"col-inner text-left\"  >\n\t\t\t\n\t\t\t\n<h4>Omadused<\/h4>\n<div class=\"row\"  id=\"row-1865843283\">\n\n\t<div id=\"col-1578486011\" class=\"col medium-6 small-12 large-6\"  >\n\t\t\t\t<div class=\"col-inner\"  >\n\t\t\t\n\t\t\t\n<p><i class=\"fa fa-check fa-2x\"><\/i> <strong> K\u00f5rge j\u00f5udlus madala energiatarbimisega<\/strong><\/p>\n<p><i class=\"fa fa-check fa-2x\"><\/i> <strong> Ilmastikukindel<\/strong><\/p>\n\t\t<\/div>\n\t\t\t\t\n<style>\n#col-1578486011 > .col-inner {\n  margin: 0px 0px 15px 0px;\n}\n<\/style>\n\t<\/div>\n\n\t\n\n\t<div id=\"col-1704915559\" class=\"col medium-6 small-12 large-6\"  >\n\t\t\t\t<div class=\"col-inner\"  >\n\t\t\t\n\t\t\t\n<p><i class=\"fa fa-check fa-2x\"><\/i> <strong> V\u00e4ga vaikne<\/strong><\/p>\n<p><i class=\"fa fa-check fa-2x\"><\/i> <strong> Mugav ja kasutajas\u00f5bralik<\/strong><\/p>\n\t\t<\/div>\n\t\t\t\t\n<style>\n#col-1704915559 > .col-inner {\n  margin: 0px 0px 15px 0px;\n}\n<\/style>\n\t<\/div>\n\n\t\n<\/div>\n\t\t<\/div>\n\t\t\t\t\t<\/div>\n\n\t\n<\/div>\n<\/div><\/div><\/div>\n\t<div id=\"gap-387800777\" class=\"gap-element clearfix\" style=\"display:block; height:auto;\">\n\t\t\n<style>\n#gap-387800777 {\n  padding-top: 30px;\n}\n<\/style>\n\t<\/div>\n\t\n<p><strong>Kirjeldus:<\/strong><br \/>\n Saksamaal v\u00e4lja t\u00f6\u00f6tatud pumba energiatarve on vaid 550 W, see on t\u00e4nu t\u00f5husale h\u00fcdraulikale energias\u00e4\u00e4stlik ja saavutab voolukiiruse 4100 l\/h 36 meetri k\u00f5rgusel (3,6 baari). See on suuteline vett imema kuni kaheksa meetri s\u00fcgavuselt.<br \/>\n Maksimaalse m\u00fcratase on 75 dB(A).<br \/>\n 5 m kaugusel t\u00f6\u00f6tab pump \u00fcsna vaikselt. Helitaset alandab m\u00fcra summutav plastkorpus. Lisaks tagavad kummijalad pumba stabiilse t\u00f6\u00f6asendi ja madala vibratsiooniga t\u00f6\u00f6.<br \/>\n Kergesti ligip\u00e4\u00e4setav toitel\u00fcliti on nii h\u00e4sti paigutatud, et saate seda mugavalt isegi jalgadega juhtida.<br \/>\n Kasutage survepumpa mitmesugusteks \u00fclesanneteks, n\u00e4iteks kraani- ja vihmavee v\u00e4ljapumpamiseks v\u00f5i aia kastmiseks. Kombinatsioon aiapumba 4100 Silentist ja veereservuaarist- nagu kaev, tsistern v\u00f5i vihmavann, annab v\u00e4\u00e4rtusliku panuse magevee s\u00e4\u00e4stmisse, eriti pikkade p\u00f5uaperioodide ajal. See on v\u00f5rdselt hea nii keskkonnale kui ka teie rahakotile. Olgu selleks pidev vihm, k\u00f5rge \u00f5huniiskus v\u00f5i p\u00e4ikesepaiste: v\u00e4listingimustes kasutatava elektripumba v\u00f5ib aiahooajal \u00f5ue j\u00e4tta.<br \/>\nSellel on ergonoomiline k\u00e4epide, et seda oleks mugav kaasas kanda ja selle saab l\u00fchikeseks ning t\u00f5husaks jalutusk\u00e4iguks otse veeallika juurde asetada.<br \/>\n Survepump on tugev ja vastupidav t\u00e4nu mootori ja pumba ajami vahelisele topelttihendile, keraamilistele tihenditele ja roostevabast terasest v\u00f5llile.<br \/>\n Termokaitsel\u00fcliti kaitseb teie Silent 4100 mootorit \u00fclekoormuse eest. T\u00e4nu suurele t\u00e4iteavale saate aiapumba h\u00f5lpsalt veega t\u00e4ita. K\u00fclmakahjustuste v\u00e4ltimiseks t\u00fchjendate pumba praktilise t\u00fchjendusventiili kaudu.<br \/>\n Integreerige see aiapump lihtsalt GARDENA smart s\u00fcsteemi, kasutades eraldi saadaolevat smart toiteadapterit (art. nr 19095\/19096-20). Kui registreerite aiapumba 4100 Silent veebis, annab GARDENA teile viieaastase garantii. Tundke GARDENA pumpade j\u00f5udu. \u00dcle 40 aasta kogemusi kodu-, kastmise- ja drenaa\u017eikasutuses.<\/p>\n\t\t<\/div>\n\t\t\t\t\t<\/div>\n\n\t\n\n\t<div id=\"col-359038172\" class=\"col medium-3 small-12 large-3\"  >\n\t\t\t\t<div class=\"col-inner\"  >\n\t\t\t\n\t\t\t\n<div class=\"is-divider divider clearfix\" ><\/div>\n<p><strong>\u00dcksikasjalikuma n\u00f5u saamiseks v\u00f5tke \u00fchendust:<br \/><\/strong>Espak AS<br \/>Viadukti 42<br \/>11313<br \/>Tallinn<br \/>+372 6 512333<\/p>\n<div class=\"is-divider divider clearfix\" ><\/div>\n\t\t<\/div>\n\t\t\t\t\t<\/div>\n\n\t\n<\/div>\n","protected":false},"excerpt":{"rendered":"","protected":false},"featured_media":204370,"comment_status":"closed","ping_status":"closed","template":"","meta":[],"product_brand":[],"product_cat":[2789,2788,3115,3371],"product_tag":[],"class_list":{"0":"post-204214","1":"product","2":"type-product","3":"status-publish","4":"has-post-thumbnail","6":"product_cat-aiatarbed","7":"product_cat-aiatarbed-ja-kodukaubad","8":"product_cat-pumbad","9":"product_cat-sukelpumbad","10":"pa_kaubamark-husqvarna-eesti-ou","12":"first","13":"outofstock","14":"sale","15":"taxable","16":"shipping-taxable","17":"purchasable","18":"product-type-simple"},"yoast_head":"<!-- This site is optimized with the Yoast SEO plugin v26.9 - https:\/\/yoast.com\/product\/yoast-seo-wordpress\/ -->\n<title>AIAPUMP 4100 SILENT - Espak E-pood<\/title>\n<meta name=\"robots\" content=\"index, follow, max-snippet:-1, max-image-preview:large, max-video-preview:-1\" \/>\n<link rel=\"canonical\" href=\"https:\/\/espak.ee\/epood\/toode\/aiapump-4100-silent-komplektis-voolik-36m\/\" \/>\n<meta property=\"og:locale\" content=\"et_EE\" \/>\n<meta property=\"og:type\" content=\"article\" \/>\n<meta property=\"og:title\" content=\"AIAPUMP 4100 SILENT - Espak E-pood\" \/>\n<meta property=\"og:url\" content=\"https:\/\/espak.ee\/epood\/toode\/aiapump-4100-silent-komplektis-voolik-36m\/\" \/>\n<meta property=\"og:site_name\" content=\"Espak E-pood\" \/>\n<meta property=\"article:modified_time\" content=\"2025-08-04T11:08:30+00:00\" \/>\n<meta property=\"og:image\" content=\"https:\/\/espak.ee\/epood\/wp-content\/uploads\/2024\/07\/KX-885628_HighResPng.png.jpg\" \/>\n\t<meta property=\"og:image:width\" content=\"800\" \/>\n\t<meta property=\"og:image:height\" content=\"800\" \/>\n\t<meta property=\"og:image:type\" content=\"image\/jpeg\" \/>\n<meta name=\"twitter:card\" content=\"summary_large_image\" \/>\n<meta name=\"twitter:label1\" content=\"Est. reading time\" \/>\n\t<meta name=\"twitter:data1\" content=\"2 minutit\" \/>\n<script type=\"application\/ld+json\" class=\"yoast-schema-graph\">{\"@context\":\"https:\/\/schema.org\",\"@graph\":[{\"@type\":\"WebPage\",\"@id\":\"https:\/\/espak.ee\/epood\/toode\/aiapump-4100-silent-komplektis-voolik-36m\/\",\"url\":\"https:\/\/espak.ee\/epood\/toode\/aiapump-4100-silent-komplektis-voolik-36m\/\",\"name\":\"AIAPUMP 4100 SILENT - Espak E-pood\",\"isPartOf\":{\"@id\":\"https:\/\/espak.ee\/epood\/#website\"},\"primaryImageOfPage\":{\"@id\":\"https:\/\/espak.ee\/epood\/toode\/aiapump-4100-silent-komplektis-voolik-36m\/#primaryimage\"},\"image\":{\"@id\":\"https:\/\/espak.ee\/epood\/toode\/aiapump-4100-silent-komplektis-voolik-36m\/#primaryimage\"},\"thumbnailUrl\":\"https:\/\/espak.ee\/epood\/wp-content\/uploads\/2024\/07\/KX-885628_HighResPng.png.jpg\",\"datePublished\":\"2024-07-06T02:05:12+00:00\",\"dateModified\":\"2025-08-04T11:08:30+00:00\",\"breadcrumb\":{\"@id\":\"https:\/\/espak.ee\/epood\/toode\/aiapump-4100-silent-komplektis-voolik-36m\/#breadcrumb\"},\"inLanguage\":\"et\",\"potentialAction\":[{\"@type\":\"ReadAction\",\"target\":[\"https:\/\/espak.ee\/epood\/toode\/aiapump-4100-silent-komplektis-voolik-36m\/\"]}]},{\"@type\":\"ImageObject\",\"inLanguage\":\"et\",\"@id\":\"https:\/\/espak.ee\/epood\/toode\/aiapump-4100-silent-komplektis-voolik-36m\/#primaryimage\",\"url\":\"https:\/\/espak.ee\/epood\/wp-content\/uploads\/2024\/07\/KX-885628_HighResPng.png.jpg\",\"contentUrl\":\"https:\/\/espak.ee\/epood\/wp-content\/uploads\/2024\/07\/KX-885628_HighResPng.png.jpg\",\"width\":800,\"height\":800},{\"@type\":\"BreadcrumbList\",\"@id\":\"https:\/\/espak.ee\/epood\/toode\/aiapump-4100-silent-komplektis-voolik-36m\/#breadcrumb\",\"itemListElement\":[{\"@type\":\"ListItem\",\"position\":1,\"name\":\"Home\",\"item\":\"https:\/\/espak.ee\/epood\/\"},{\"@type\":\"ListItem\",\"position\":2,\"name\":\"Tootevalik\",\"item\":\"https:\/\/espak.ee\/epood\/tootevalik\/\"},{\"@type\":\"ListItem\",\"position\":3,\"name\":\"AIAPUMP 4100 SILENT\"}]},{\"@type\":\"WebSite\",\"@id\":\"https:\/\/espak.ee\/epood\/#website\",\"url\":\"https:\/\/espak.ee\/epood\/\",\"name\":\"Espak E-pood\",\"description\":\"\",\"potentialAction\":[{\"@type\":\"SearchAction\",\"target\":{\"@type\":\"EntryPoint\",\"urlTemplate\":\"https:\/\/espak.ee\/epood\/?s={search_term_string}\"},\"query-input\":{\"@type\":\"PropertyValueSpecification\",\"valueRequired\":true,\"valueName\":\"search_term_string\"}}],\"inLanguage\":\"et\"}]}<\/script>\n<!-- \/ Yoast SEO plugin. -->","yoast_head_json":{"title":"AIAPUMP 4100 SILENT - Espak E-pood","robots":{"index":"index","follow":"follow","max-snippet":"max-snippet:-1","max-image-preview":"max-image-preview:large","max-video-preview":"max-video-preview:-1"},"canonical":"https:\/\/espak.ee\/epood\/toode\/aiapump-4100-silent-komplektis-voolik-36m\/","og_locale":"et_EE","og_type":"article","og_title":"AIAPUMP 4100 SILENT - Espak E-pood","og_url":"https:\/\/espak.ee\/epood\/toode\/aiapump-4100-silent-komplektis-voolik-36m\/","og_site_name":"Espak E-pood","article_modified_time":"2025-08-04T11:08:30+00:00","og_image":[{"width":800,"height":800,"url":"https:\/\/espak.ee\/epood\/wp-content\/uploads\/2024\/07\/KX-885628_HighResPng.png.jpg","type":"image\/jpeg"}],"twitter_card":"summary_large_image","twitter_misc":{"Est. reading time":"2 minutit"},"schema":{"@context":"https:\/\/schema.org","@graph":[{"@type":"WebPage","@id":"https:\/\/espak.ee\/epood\/toode\/aiapump-4100-silent-komplektis-voolik-36m\/","url":"https:\/\/espak.ee\/epood\/toode\/aiapump-4100-silent-komplektis-voolik-36m\/","name":"AIAPUMP 4100 SILENT - Espak E-pood","isPartOf":{"@id":"https:\/\/espak.ee\/epood\/#website"},"primaryImageOfPage":{"@id":"https:\/\/espak.ee\/epood\/toode\/aiapump-4100-silent-komplektis-voolik-36m\/#primaryimage"},"image":{"@id":"https:\/\/espak.ee\/epood\/toode\/aiapump-4100-silent-komplektis-voolik-36m\/#primaryimage"},"thumbnailUrl":"https:\/\/espak.ee\/epood\/wp-content\/uploads\/2024\/07\/KX-885628_HighResPng.png.jpg","datePublished":"2024-07-06T02:05:12+00:00","dateModified":"2025-08-04T11:08:30+00:00","breadcrumb":{"@id":"https:\/\/espak.ee\/epood\/toode\/aiapump-4100-silent-komplektis-voolik-36m\/#breadcrumb"},"inLanguage":"et","potentialAction":[{"@type":"ReadAction","target":["https:\/\/espak.ee\/epood\/toode\/aiapump-4100-silent-komplektis-voolik-36m\/"]}]},{"@type":"ImageObject","inLanguage":"et","@id":"https:\/\/espak.ee\/epood\/toode\/aiapump-4100-silent-komplektis-voolik-36m\/#primaryimage","url":"https:\/\/espak.ee\/epood\/wp-content\/uploads\/2024\/07\/KX-885628_HighResPng.png.jpg","contentUrl":"https:\/\/espak.ee\/epood\/wp-content\/uploads\/2024\/07\/KX-885628_HighResPng.png.jpg","width":800,"height":800},{"@type":"BreadcrumbList","@id":"https:\/\/espak.ee\/epood\/toode\/aiapump-4100-silent-komplektis-voolik-36m\/#breadcrumb","itemListElement":[{"@type":"ListItem","position":1,"name":"Home","item":"https:\/\/espak.ee\/epood\/"},{"@type":"ListItem","position":2,"name":"Tootevalik","item":"https:\/\/espak.ee\/epood\/tootevalik\/"},{"@type":"ListItem","position":3,"name":"AIAPUMP 4100 SILENT"}]},{"@type":"WebSite","@id":"https:\/\/espak.ee\/epood\/#website","url":"https:\/\/espak.ee\/epood\/","name":"Espak E-pood","description":"","potentialAction":[{"@type":"SearchAction","target":{"@type":"EntryPoint","urlTemplate":"https:\/\/espak.ee\/epood\/?s={search_term_string}"},"query-input":{"@type":"PropertyValueSpecification","valueRequired":true,"valueName":"search_term_string"}}],"inLanguage":"et"}]}},"_links":{"self":[{"href":"https:\/\/espak.ee\/epood\/wp-json\/wp\/v2\/product\/204214","targetHints":{"allow":["GET"]}}],"collection":[{"href":"https:\/\/espak.ee\/epood\/wp-json\/wp\/v2\/product"}],"about":[{"href":"https:\/\/espak.ee\/epood\/wp-json\/wp\/v2\/types\/product"}],"replies":[{"embeddable":true,"href":"https:\/\/espak.ee\/epood\/wp-json\/wp\/v2\/comments?post=204214"}],"wp:featuredmedia":[{"embeddable":true,"href":"https:\/\/espak.ee\/epood\/wp-json\/wp\/v2\/media\/204370"}],"wp:attachment":[{"href":"https:\/\/espak.ee\/epood\/wp-json\/wp\/v2\/media?parent=204214"}],"wp:term":[{"taxonomy":"product_brand","embeddable":true,"href":"https:\/\/espak.ee\/epood\/wp-json\/wp\/v2\/product_brand?post=204214"},{"taxonomy":"product_cat","embeddable":true,"href":"https:\/\/espak.ee\/epood\/wp-json\/wp\/v2\/product_cat?post=204214"},{"taxonomy":"product_tag","embeddable":true,"href":"https:\/\/espak.ee\/epood\/wp-json\/wp\/v2\/product_tag?post=204214"}],"curies":[{"name":"wp","href":"https:\/\/api.w.org\/{rel}","templated":true}]}}