{"id":204212,"date":"2024-07-06T05:05:12","date_gmt":"2024-07-06T02:05:12","guid":{"rendered":"https:\/\/espak.ee\/epood\/?post_type=product&#038;p=204212"},"modified":"2024-07-08T10:56:42","modified_gmt":"2024-07-08T07:56:42","slug":"kastmiskompuuter-bluetooth","status":"publish","type":"product","link":"https:\/\/espak.ee\/epood\/toode\/kastmiskompuuter-bluetooth\/","title":{"rendered":"KASTMISKOMPUUTER BLUETOOTH"},"content":{"rendered":"<div class=\"row\"  id=\"row-878064233\">\n\n\t<div id=\"col-1468916599\" class=\"col medium-9 small-12 large-9\"  >\n\t\t\t\t<div class=\"col-inner\"  >\n\t\t\t\n\t\t\t\n<h2>Kastmiskompuuter Bluetooth\u00ae Gardena<\/h2>\n<div class=\"message-box relative\" style=\"padding-top:15px;padding-bottom:15px;\"><div class=\"message-box-bg-image bg-fill fill\" ><\/div><div class=\"message-box-bg-overlay bg-fill fill\" ><\/div><div class=\"container relative\"><div class=\"inner last-reset\">\n<div class=\"row align-middle align-center\"  id=\"row-1308232397\">\n\n\t<div id=\"col-85232924\" class=\"col small-12 large-12\"  >\n\t\t\t\t<div class=\"col-inner text-left\"  >\n\t\t\t\n\t\t\t\n<h4>Omadused<\/h4>\n<div class=\"row\"  id=\"row-659354629\">\n\n\t<div id=\"col-918315459\" class=\"col medium-6 small-12 large-6\"  >\n\t\t\t\t<div class=\"col-inner\"  >\n\t\t\t\n\t\t\t\n<p><i class=\"fa fa-check fa-2x\"><\/i> <strong> Bluetooth\u00ae-\u00fchendus<\/strong><\/p>\n<p><i class=\"fa fa-check fa-2x\"><\/i> <strong> Akuga t\u00f6\u00f6tav kastmiskompuuter v\u00f5imaldab mugavat \u00fchendamist ja kasutamist<\/strong><\/p>\n\t\t<\/div>\n\t\t\t\t\n<style>\n#col-918315459 > .col-inner {\n  margin: 0px 0px 15px 0px;\n}\n<\/style>\n\t<\/div>\n\n\t\n\n\t<div id=\"col-1211712090\" class=\"col medium-6 small-12 large-6\"  >\n\t\t\t\t<div class=\"col-inner\"  >\n\t\t\t\n\t\t\t\n<p><i class=\"fa fa-check fa-2x\"><\/i> <strong> K\u00e4sitsi kastmine \u00fche nupuvajutusega &#8211; keskmine nupp v\u00f5imaldab alustada k\u00e4sitsi kastmist automaatse peatamise funktsiooniga <\/strong><\/p>\n<p><i class=\"fa fa-check fa-2x\"><\/i> <strong> V\u00f5imalik programmeerida kuni 3 automatiseeritud ajakava<\/strong><\/p>\n\t\t<\/div>\n\t\t\t\t\n<style>\n#col-1211712090 > .col-inner {\n  margin: 0px 0px 15px 0px;\n}\n<\/style>\n\t<\/div>\n\n\t\n<\/div>\n\t\t<\/div>\n\t\t\t\t\t<\/div>\n\n\t\n<\/div>\n<\/div><\/div><\/div>\n\t<div id=\"gap-660935673\" class=\"gap-element clearfix\" style=\"display:block; height:auto;\">\n\t\t\n<style>\n#gap-660935673 {\n  padding-top: 30px;\n}\n<\/style>\n\t<\/div>\n\t\n<p><strong>Kirjeldus:<\/strong><br \/>\nGARDENA kastmiskompuuter Bluetooth\u00ae \u00fchildab mugavalt teie aia automaatse kastmis\u00fcsteemi oma nutitelefoni v\u00f5i tahvelarvutiga. Elegantse, lihtsa disainiga ilmastikukindel seade paigaldatakse otse v\u00e4lise veekraani k\u00fclge. T\u00e4nu Bluetooth\u00ae-ile saab kastmiskompuutrit seadistada kuni 10 meetri raadiuses, n\u00e4iteks mugavalt oma aia lamamistoolist. Nutitelefon v\u00f5i tahvelarvuti, millel on iOS v\u00f5i Android, on praktiline kaugjuhtimispult. P\u00e4rast installimist juhendab GARDENA Bluetooth\u00ae rakendus teid samm-sammult nutitelefoni kastmiskompuutriga \u00fchendamiseks. Seej\u00e4rel saate lasta planeerimisabil oma taimedele ideaalseid kastmisaegu soovitada v\u00f5i seadistada vastavalt soovile kuni 3 individuaalset ajakava. Iga ajakava koosneb erinevatest algusaegadest ja kestustest ning seda saab korrata erinevatel n\u00e4dalap\u00e4evadel. Vihmaperioodi saab vajadusel m\u00e4\u00e4rata, et veenduda, et vihmasel n\u00e4dalal teie aeda asjatult ei kasteta. See on taimedele hea ja s\u00e4\u00e4stab vett. Saate \u00fchendada GARDENA mulla niiskuse anduri, mida m\u00fc\u00fcakse eraldi. See tagab automaatselt kastmise vastavalt vajadusele ja s\u00e4\u00e4stab vett, kui kastmist ei teostata ajal, kui pinnas on juba niiske. Juhtpaneeli kolm oleku LED-i n\u00e4itavad Bluetooth\u00ae-\u00fchenduse, kastmise ja kasutatava 9 V leelispatarei hetke olekut. Aku peaks t\u00f6\u00f6tama terve aasta. Kui soovite oma taimi kasta v\u00e4ljaspool kastmists\u00fcklit, saab kastmist seadme nupuvajutusega igal ajal k\u00e4sitsi alustada ja peatada. T\u00e4nu GARDENA Safe Stop funktsioonile on teil automaatne kastmine kogu aeg kontrolli all. Kui aku t\u00fchjeneb, v\u00e4lditakse j\u00e4rgmise kastmists\u00fckli algust automaatselt. See t\u00e4hendab, et tunnete ennast turvaliselt teadmises, et teie aed on kogu aeg \u00fclekastmise eest kaitstud.\n<\/p>\n\t\t<\/div>\n\t\t\t\t\t<\/div>\n\n\t\n\n\t<div id=\"col-667976203\" class=\"col medium-3 small-12 large-3\"  >\n\t\t\t\t<div class=\"col-inner\"  >\n\t\t\t\n\t\t\t\n<h3>Kasutusjuhend<\/h3>\n<p><a href=\"https:\/\/espak.ee\/epood\/wp-content\/uploads\/2024\/07\/doc000148768.pdf\"target=\"_blank\" rel=\"noopener noreferrer\"><i class=\"far fa-file-pdf\"><\/i> Kasutusjuhend (PDF)<\/a><\/p>\n<div class=\"is-divider divider clearfix\" ><\/div>\n<p><strong>\u00dcksikasjalikuma n\u00f5u saamiseks v\u00f5tke \u00fchendust:<br \/><\/strong>Espak AS<br \/>Viadukti 42<br \/>11313<br \/>Tallinn<br \/>+372 6 512333<\/p>\n<div class=\"is-divider divider clearfix\" ><\/div>\n\t\t<\/div>\n\t\t\t\t\t<\/div>\n\n\t\n<\/div>\n","protected":false},"excerpt":{"rendered":"","protected":false},"featured_media":204345,"comment_status":"closed","ping_status":"closed","template":"","meta":[],"product_brand":[],"product_cat":[2789,2788,3280,3365],"product_tag":[],"class_list":{"0":"post-204212","1":"product","2":"type-product","3":"status-publish","4":"has-post-thumbnail","6":"product_cat-aiatarbed","7":"product_cat-aiatarbed-ja-kodukaubad","8":"product_cat-kastmistarvikud","9":"product_cat-vihmutid","10":"pa_kaubamark-husqvarna-eesti-ou","12":"first","13":"instock","14":"sale","15":"taxable","16":"shipping-taxable","17":"purchasable","18":"product-type-simple"},"yoast_head":"<!-- This site is optimized with the Yoast SEO plugin v26.9 - https:\/\/yoast.com\/product\/yoast-seo-wordpress\/ -->\n<title>KASTMISKOMPUUTER BLUETOOTH - Espak E-pood<\/title>\n<meta name=\"robots\" content=\"index, follow, max-snippet:-1, max-image-preview:large, max-video-preview:-1\" \/>\n<link rel=\"canonical\" href=\"https:\/\/espak.ee\/epood\/toode\/kastmiskompuuter-bluetooth\/\" \/>\n<meta property=\"og:locale\" content=\"et_EE\" \/>\n<meta property=\"og:type\" content=\"article\" \/>\n<meta property=\"og:title\" content=\"KASTMISKOMPUUTER BLUETOOTH - Espak E-pood\" \/>\n<meta property=\"og:url\" content=\"https:\/\/espak.ee\/epood\/toode\/kastmiskompuuter-bluetooth\/\" \/>\n<meta property=\"og:site_name\" content=\"Espak E-pood\" \/>\n<meta property=\"article:modified_time\" content=\"2024-07-08T07:56:42+00:00\" \/>\n<meta property=\"og:image\" content=\"https:\/\/espak.ee\/epood\/wp-content\/uploads\/2024\/07\/FA-280290_HighResPng.png.jpg\" \/>\n\t<meta property=\"og:image:width\" content=\"800\" \/>\n\t<meta property=\"og:image:height\" content=\"800\" \/>\n\t<meta property=\"og:image:type\" content=\"image\/jpeg\" \/>\n<meta name=\"twitter:card\" content=\"summary_large_image\" \/>\n<meta name=\"twitter:label1\" content=\"Est. reading time\" \/>\n\t<meta name=\"twitter:data1\" content=\"2 minutit\" \/>\n<script type=\"application\/ld+json\" class=\"yoast-schema-graph\">{\"@context\":\"https:\/\/schema.org\",\"@graph\":[{\"@type\":\"WebPage\",\"@id\":\"https:\/\/espak.ee\/epood\/toode\/kastmiskompuuter-bluetooth\/\",\"url\":\"https:\/\/espak.ee\/epood\/toode\/kastmiskompuuter-bluetooth\/\",\"name\":\"KASTMISKOMPUUTER BLUETOOTH - Espak E-pood\",\"isPartOf\":{\"@id\":\"https:\/\/espak.ee\/epood\/#website\"},\"primaryImageOfPage\":{\"@id\":\"https:\/\/espak.ee\/epood\/toode\/kastmiskompuuter-bluetooth\/#primaryimage\"},\"image\":{\"@id\":\"https:\/\/espak.ee\/epood\/toode\/kastmiskompuuter-bluetooth\/#primaryimage\"},\"thumbnailUrl\":\"https:\/\/espak.ee\/epood\/wp-content\/uploads\/2024\/07\/FA-280290_HighResPng.png.jpg\",\"datePublished\":\"2024-07-06T02:05:12+00:00\",\"dateModified\":\"2024-07-08T07:56:42+00:00\",\"breadcrumb\":{\"@id\":\"https:\/\/espak.ee\/epood\/toode\/kastmiskompuuter-bluetooth\/#breadcrumb\"},\"inLanguage\":\"et\",\"potentialAction\":[{\"@type\":\"ReadAction\",\"target\":[\"https:\/\/espak.ee\/epood\/toode\/kastmiskompuuter-bluetooth\/\"]}]},{\"@type\":\"ImageObject\",\"inLanguage\":\"et\",\"@id\":\"https:\/\/espak.ee\/epood\/toode\/kastmiskompuuter-bluetooth\/#primaryimage\",\"url\":\"https:\/\/espak.ee\/epood\/wp-content\/uploads\/2024\/07\/FA-280290_HighResPng.png.jpg\",\"contentUrl\":\"https:\/\/espak.ee\/epood\/wp-content\/uploads\/2024\/07\/FA-280290_HighResPng.png.jpg\",\"width\":800,\"height\":800},{\"@type\":\"BreadcrumbList\",\"@id\":\"https:\/\/espak.ee\/epood\/toode\/kastmiskompuuter-bluetooth\/#breadcrumb\",\"itemListElement\":[{\"@type\":\"ListItem\",\"position\":1,\"name\":\"Home\",\"item\":\"https:\/\/espak.ee\/epood\/\"},{\"@type\":\"ListItem\",\"position\":2,\"name\":\"Tootevalik\",\"item\":\"https:\/\/espak.ee\/epood\/tootevalik\/\"},{\"@type\":\"ListItem\",\"position\":3,\"name\":\"KASTMISKOMPUUTER BLUETOOTH\"}]},{\"@type\":\"WebSite\",\"@id\":\"https:\/\/espak.ee\/epood\/#website\",\"url\":\"https:\/\/espak.ee\/epood\/\",\"name\":\"Espak E-pood\",\"description\":\"\",\"potentialAction\":[{\"@type\":\"SearchAction\",\"target\":{\"@type\":\"EntryPoint\",\"urlTemplate\":\"https:\/\/espak.ee\/epood\/?s={search_term_string}\"},\"query-input\":{\"@type\":\"PropertyValueSpecification\",\"valueRequired\":true,\"valueName\":\"search_term_string\"}}],\"inLanguage\":\"et\"}]}<\/script>\n<!-- \/ Yoast SEO plugin. -->","yoast_head_json":{"title":"KASTMISKOMPUUTER BLUETOOTH - Espak E-pood","robots":{"index":"index","follow":"follow","max-snippet":"max-snippet:-1","max-image-preview":"max-image-preview:large","max-video-preview":"max-video-preview:-1"},"canonical":"https:\/\/espak.ee\/epood\/toode\/kastmiskompuuter-bluetooth\/","og_locale":"et_EE","og_type":"article","og_title":"KASTMISKOMPUUTER BLUETOOTH - Espak E-pood","og_url":"https:\/\/espak.ee\/epood\/toode\/kastmiskompuuter-bluetooth\/","og_site_name":"Espak E-pood","article_modified_time":"2024-07-08T07:56:42+00:00","og_image":[{"width":800,"height":800,"url":"https:\/\/espak.ee\/epood\/wp-content\/uploads\/2024\/07\/FA-280290_HighResPng.png.jpg","type":"image\/jpeg"}],"twitter_card":"summary_large_image","twitter_misc":{"Est. reading time":"2 minutit"},"schema":{"@context":"https:\/\/schema.org","@graph":[{"@type":"WebPage","@id":"https:\/\/espak.ee\/epood\/toode\/kastmiskompuuter-bluetooth\/","url":"https:\/\/espak.ee\/epood\/toode\/kastmiskompuuter-bluetooth\/","name":"KASTMISKOMPUUTER BLUETOOTH - Espak E-pood","isPartOf":{"@id":"https:\/\/espak.ee\/epood\/#website"},"primaryImageOfPage":{"@id":"https:\/\/espak.ee\/epood\/toode\/kastmiskompuuter-bluetooth\/#primaryimage"},"image":{"@id":"https:\/\/espak.ee\/epood\/toode\/kastmiskompuuter-bluetooth\/#primaryimage"},"thumbnailUrl":"https:\/\/espak.ee\/epood\/wp-content\/uploads\/2024\/07\/FA-280290_HighResPng.png.jpg","datePublished":"2024-07-06T02:05:12+00:00","dateModified":"2024-07-08T07:56:42+00:00","breadcrumb":{"@id":"https:\/\/espak.ee\/epood\/toode\/kastmiskompuuter-bluetooth\/#breadcrumb"},"inLanguage":"et","potentialAction":[{"@type":"ReadAction","target":["https:\/\/espak.ee\/epood\/toode\/kastmiskompuuter-bluetooth\/"]}]},{"@type":"ImageObject","inLanguage":"et","@id":"https:\/\/espak.ee\/epood\/toode\/kastmiskompuuter-bluetooth\/#primaryimage","url":"https:\/\/espak.ee\/epood\/wp-content\/uploads\/2024\/07\/FA-280290_HighResPng.png.jpg","contentUrl":"https:\/\/espak.ee\/epood\/wp-content\/uploads\/2024\/07\/FA-280290_HighResPng.png.jpg","width":800,"height":800},{"@type":"BreadcrumbList","@id":"https:\/\/espak.ee\/epood\/toode\/kastmiskompuuter-bluetooth\/#breadcrumb","itemListElement":[{"@type":"ListItem","position":1,"name":"Home","item":"https:\/\/espak.ee\/epood\/"},{"@type":"ListItem","position":2,"name":"Tootevalik","item":"https:\/\/espak.ee\/epood\/tootevalik\/"},{"@type":"ListItem","position":3,"name":"KASTMISKOMPUUTER BLUETOOTH"}]},{"@type":"WebSite","@id":"https:\/\/espak.ee\/epood\/#website","url":"https:\/\/espak.ee\/epood\/","name":"Espak E-pood","description":"","potentialAction":[{"@type":"SearchAction","target":{"@type":"EntryPoint","urlTemplate":"https:\/\/espak.ee\/epood\/?s={search_term_string}"},"query-input":{"@type":"PropertyValueSpecification","valueRequired":true,"valueName":"search_term_string"}}],"inLanguage":"et"}]}},"_links":{"self":[{"href":"https:\/\/espak.ee\/epood\/wp-json\/wp\/v2\/product\/204212","targetHints":{"allow":["GET"]}}],"collection":[{"href":"https:\/\/espak.ee\/epood\/wp-json\/wp\/v2\/product"}],"about":[{"href":"https:\/\/espak.ee\/epood\/wp-json\/wp\/v2\/types\/product"}],"replies":[{"embeddable":true,"href":"https:\/\/espak.ee\/epood\/wp-json\/wp\/v2\/comments?post=204212"}],"wp:featuredmedia":[{"embeddable":true,"href":"https:\/\/espak.ee\/epood\/wp-json\/wp\/v2\/media\/204345"}],"wp:attachment":[{"href":"https:\/\/espak.ee\/epood\/wp-json\/wp\/v2\/media?parent=204212"}],"wp:term":[{"taxonomy":"product_brand","embeddable":true,"href":"https:\/\/espak.ee\/epood\/wp-json\/wp\/v2\/product_brand?post=204212"},{"taxonomy":"product_cat","embeddable":true,"href":"https:\/\/espak.ee\/epood\/wp-json\/wp\/v2\/product_cat?post=204212"},{"taxonomy":"product_tag","embeddable":true,"href":"https:\/\/espak.ee\/epood\/wp-json\/wp\/v2\/product_tag?post=204212"}],"curies":[{"name":"wp","href":"https:\/\/api.w.org\/{rel}","templated":true}]}}