{"id":203856,"date":"2024-07-03T05:05:03","date_gmt":"2024-07-03T02:05:03","guid":{"rendered":"https:\/\/espak.ee\/epood\/?post_type=product&#038;p=203856"},"modified":"2026-04-01T09:40:54","modified_gmt":"2026-04-01T06:40:54","slug":"suruohuvoolik-1016mm-10m-aircraft-40c-80c","status":"publish","type":"product","link":"https:\/\/espak.ee\/epood\/toode\/suruohuvoolik-1016mm-10m-aircraft-40c-80c\/","title":{"rendered":"SURU\u00d5HUVOOLIK 10*16MM 10M AIRCRAFT -40\u00b0C..80\u00b0C"},"content":{"rendered":"<div class=\"row\"  id=\"row-1922560845\">\n\n\t<div id=\"col-2087365985\" class=\"col medium-9 small-12 large-9\"  >\n\t\t\t\t<div class=\"col-inner\"  >\n\t\t\t\n\t\t\t\n<h3>Suru\u00f5huvoolik 10*16mm 10m Aircraft <\/h3>\n<p>\u00c4\u00e4rmiselt painduv suru\u00f5huvoolik ka madalate temperatuuride juures.<br \/>\nKulumiskindel ja v\u00e4ga vastupidav keskkonnam\u00f5judele.<br \/>\nT\u00f6\u00f6r\u00f5hk maksimaalselt 20 baari.<br \/>\nKaalult kergem kui kummist voolikud.<br \/>\nLubatud kasutada temperatuurivahemikus -40\u00b0C kuni 80\u00b0C.<br \/>\nVarustatud m\u00f5lemas otsas paindumiskaitsega ja kiirliitmikuga. <\/p>\n\t<div id=\"gap-1053818208\" class=\"gap-element clearfix\" style=\"display:block; height:auto;\">\n\t\t\n<style>\n#gap-1053818208 {\n  padding-top: 30px;\n}\n<\/style>\n\t<\/div>\n\t\n\t\t<\/div>\n\t\t\t\t\t<\/div>\n\n\t\n\n\t<div id=\"col-1371023279\" class=\"col medium-3 small-12 large-3\"  >\n\t\t\t\t<div class=\"col-inner\"  >\n\t\t\t\n\t\t\t\n\t<div id=\"gap-274349950\" class=\"gap-element clearfix\" style=\"display:block; height:auto;\">\n\t\t\n<style>\n#gap-274349950 {\n  padding-top: 30px;\n}\n<\/style>\n\t<\/div>\n\t\n<div class=\"is-divider divider clearfix\" ><\/div>\n<p><strong>\u00dcksikasjalikuma n\u00f5u saamiseks v\u00f5tke \u00fchendust:<br \/><\/strong>Espak AS<br \/>Viadukti 42<br \/>11313<br \/>Tallinn<br \/>+372 6 512333<\/p>\n\t\t<\/div>\n\t\t\t\t\t<\/div>\n\n\t\n<\/div>\n","protected":false},"excerpt":{"rendered":"","protected":false},"featured_media":203951,"comment_status":"closed","ping_status":"closed","template":"","meta":[],"product_brand":[],"product_cat":[2680,2783,3174,2679],"product_tag":[],"class_list":{"0":"post-203856","1":"product","2":"type-product","3":"status-publish","4":"has-post-thumbnail","6":"product_cat-elektritooriistad","7":"product_cat-suruohutooriistad","8":"product_cat-suruohutooriistade-tarvikud","9":"product_cat-tooriistad","10":"pa_kaubamark-aircraft","12":"first","13":"instock","14":"sale","15":"taxable","16":"shipping-taxable","17":"purchasable","18":"product-type-simple"},"yoast_head":"<!-- This site is optimized with the Yoast SEO plugin v26.9 - https:\/\/yoast.com\/product\/yoast-seo-wordpress\/ -->\n<title>SURU\u00d5HUVOOLIK 10*16MM 10M AIRCRAFT -40\u00b0C..80\u00b0C - Espak E-pood<\/title>\n<meta name=\"robots\" content=\"index, follow, max-snippet:-1, max-image-preview:large, max-video-preview:-1\" \/>\n<link rel=\"canonical\" href=\"https:\/\/espak.ee\/epood\/toode\/suruohuvoolik-1016mm-10m-aircraft-40c-80c\/\" \/>\n<meta property=\"og:locale\" content=\"et_EE\" \/>\n<meta property=\"og:type\" content=\"article\" \/>\n<meta property=\"og:title\" content=\"SURU\u00d5HUVOOLIK 10*16MM 10M AIRCRAFT -40\u00b0C..80\u00b0C - Espak E-pood\" \/>\n<meta property=\"og:url\" content=\"https:\/\/espak.ee\/epood\/toode\/suruohuvoolik-1016mm-10m-aircraft-40c-80c\/\" \/>\n<meta property=\"og:site_name\" content=\"Espak E-pood\" \/>\n<meta property=\"article:modified_time\" content=\"2026-04-01T06:40:54+00:00\" \/>\n<meta property=\"og:image\" content=\"https:\/\/espak.ee\/epood\/wp-content\/uploads\/2024\/07\/2105310_H.jpg\" \/>\n\t<meta property=\"og:image:width\" content=\"1200\" \/>\n\t<meta property=\"og:image:height\" content=\"1200\" \/>\n\t<meta property=\"og:image:type\" content=\"image\/jpeg\" \/>\n<meta name=\"twitter:card\" content=\"summary_large_image\" \/>\n<script type=\"application\/ld+json\" class=\"yoast-schema-graph\">{\"@context\":\"https:\/\/schema.org\",\"@graph\":[{\"@type\":\"WebPage\",\"@id\":\"https:\/\/espak.ee\/epood\/toode\/suruohuvoolik-1016mm-10m-aircraft-40c-80c\/\",\"url\":\"https:\/\/espak.ee\/epood\/toode\/suruohuvoolik-1016mm-10m-aircraft-40c-80c\/\",\"name\":\"SURU\u00d5HUVOOLIK 10*16MM 10M AIRCRAFT -40\u00b0C..80\u00b0C - Espak E-pood\",\"isPartOf\":{\"@id\":\"https:\/\/espak.ee\/epood\/#website\"},\"primaryImageOfPage\":{\"@id\":\"https:\/\/espak.ee\/epood\/toode\/suruohuvoolik-1016mm-10m-aircraft-40c-80c\/#primaryimage\"},\"image\":{\"@id\":\"https:\/\/espak.ee\/epood\/toode\/suruohuvoolik-1016mm-10m-aircraft-40c-80c\/#primaryimage\"},\"thumbnailUrl\":\"https:\/\/espak.ee\/epood\/wp-content\/uploads\/2024\/07\/2105310_H.jpg\",\"datePublished\":\"2024-07-03T02:05:03+00:00\",\"dateModified\":\"2026-04-01T06:40:54+00:00\",\"breadcrumb\":{\"@id\":\"https:\/\/espak.ee\/epood\/toode\/suruohuvoolik-1016mm-10m-aircraft-40c-80c\/#breadcrumb\"},\"inLanguage\":\"et\",\"potentialAction\":[{\"@type\":\"ReadAction\",\"target\":[\"https:\/\/espak.ee\/epood\/toode\/suruohuvoolik-1016mm-10m-aircraft-40c-80c\/\"]}]},{\"@type\":\"ImageObject\",\"inLanguage\":\"et\",\"@id\":\"https:\/\/espak.ee\/epood\/toode\/suruohuvoolik-1016mm-10m-aircraft-40c-80c\/#primaryimage\",\"url\":\"https:\/\/espak.ee\/epood\/wp-content\/uploads\/2024\/07\/2105310_H.jpg\",\"contentUrl\":\"https:\/\/espak.ee\/epood\/wp-content\/uploads\/2024\/07\/2105310_H.jpg\",\"width\":1200,\"height\":1200},{\"@type\":\"BreadcrumbList\",\"@id\":\"https:\/\/espak.ee\/epood\/toode\/suruohuvoolik-1016mm-10m-aircraft-40c-80c\/#breadcrumb\",\"itemListElement\":[{\"@type\":\"ListItem\",\"position\":1,\"name\":\"Home\",\"item\":\"https:\/\/espak.ee\/epood\/\"},{\"@type\":\"ListItem\",\"position\":2,\"name\":\"Tootevalik\",\"item\":\"https:\/\/espak.ee\/epood\/tootevalik\/\"},{\"@type\":\"ListItem\",\"position\":3,\"name\":\"SURU\u00d5HUVOOLIK 10*16MM 10M AIRCRAFT -40\u00b0C..80\u00b0C\"}]},{\"@type\":\"WebSite\",\"@id\":\"https:\/\/espak.ee\/epood\/#website\",\"url\":\"https:\/\/espak.ee\/epood\/\",\"name\":\"Espak E-pood\",\"description\":\"\",\"potentialAction\":[{\"@type\":\"SearchAction\",\"target\":{\"@type\":\"EntryPoint\",\"urlTemplate\":\"https:\/\/espak.ee\/epood\/?s={search_term_string}\"},\"query-input\":{\"@type\":\"PropertyValueSpecification\",\"valueRequired\":true,\"valueName\":\"search_term_string\"}}],\"inLanguage\":\"et\"}]}<\/script>\n<!-- \/ Yoast SEO plugin. -->","yoast_head_json":{"title":"SURU\u00d5HUVOOLIK 10*16MM 10M AIRCRAFT -40\u00b0C..80\u00b0C - Espak E-pood","robots":{"index":"index","follow":"follow","max-snippet":"max-snippet:-1","max-image-preview":"max-image-preview:large","max-video-preview":"max-video-preview:-1"},"canonical":"https:\/\/espak.ee\/epood\/toode\/suruohuvoolik-1016mm-10m-aircraft-40c-80c\/","og_locale":"et_EE","og_type":"article","og_title":"SURU\u00d5HUVOOLIK 10*16MM 10M AIRCRAFT -40\u00b0C..80\u00b0C - Espak E-pood","og_url":"https:\/\/espak.ee\/epood\/toode\/suruohuvoolik-1016mm-10m-aircraft-40c-80c\/","og_site_name":"Espak E-pood","article_modified_time":"2026-04-01T06:40:54+00:00","og_image":[{"width":1200,"height":1200,"url":"https:\/\/espak.ee\/epood\/wp-content\/uploads\/2024\/07\/2105310_H.jpg","type":"image\/jpeg"}],"twitter_card":"summary_large_image","schema":{"@context":"https:\/\/schema.org","@graph":[{"@type":"WebPage","@id":"https:\/\/espak.ee\/epood\/toode\/suruohuvoolik-1016mm-10m-aircraft-40c-80c\/","url":"https:\/\/espak.ee\/epood\/toode\/suruohuvoolik-1016mm-10m-aircraft-40c-80c\/","name":"SURU\u00d5HUVOOLIK 10*16MM 10M AIRCRAFT -40\u00b0C..80\u00b0C - Espak E-pood","isPartOf":{"@id":"https:\/\/espak.ee\/epood\/#website"},"primaryImageOfPage":{"@id":"https:\/\/espak.ee\/epood\/toode\/suruohuvoolik-1016mm-10m-aircraft-40c-80c\/#primaryimage"},"image":{"@id":"https:\/\/espak.ee\/epood\/toode\/suruohuvoolik-1016mm-10m-aircraft-40c-80c\/#primaryimage"},"thumbnailUrl":"https:\/\/espak.ee\/epood\/wp-content\/uploads\/2024\/07\/2105310_H.jpg","datePublished":"2024-07-03T02:05:03+00:00","dateModified":"2026-04-01T06:40:54+00:00","breadcrumb":{"@id":"https:\/\/espak.ee\/epood\/toode\/suruohuvoolik-1016mm-10m-aircraft-40c-80c\/#breadcrumb"},"inLanguage":"et","potentialAction":[{"@type":"ReadAction","target":["https:\/\/espak.ee\/epood\/toode\/suruohuvoolik-1016mm-10m-aircraft-40c-80c\/"]}]},{"@type":"ImageObject","inLanguage":"et","@id":"https:\/\/espak.ee\/epood\/toode\/suruohuvoolik-1016mm-10m-aircraft-40c-80c\/#primaryimage","url":"https:\/\/espak.ee\/epood\/wp-content\/uploads\/2024\/07\/2105310_H.jpg","contentUrl":"https:\/\/espak.ee\/epood\/wp-content\/uploads\/2024\/07\/2105310_H.jpg","width":1200,"height":1200},{"@type":"BreadcrumbList","@id":"https:\/\/espak.ee\/epood\/toode\/suruohuvoolik-1016mm-10m-aircraft-40c-80c\/#breadcrumb","itemListElement":[{"@type":"ListItem","position":1,"name":"Home","item":"https:\/\/espak.ee\/epood\/"},{"@type":"ListItem","position":2,"name":"Tootevalik","item":"https:\/\/espak.ee\/epood\/tootevalik\/"},{"@type":"ListItem","position":3,"name":"SURU\u00d5HUVOOLIK 10*16MM 10M AIRCRAFT -40\u00b0C..80\u00b0C"}]},{"@type":"WebSite","@id":"https:\/\/espak.ee\/epood\/#website","url":"https:\/\/espak.ee\/epood\/","name":"Espak E-pood","description":"","potentialAction":[{"@type":"SearchAction","target":{"@type":"EntryPoint","urlTemplate":"https:\/\/espak.ee\/epood\/?s={search_term_string}"},"query-input":{"@type":"PropertyValueSpecification","valueRequired":true,"valueName":"search_term_string"}}],"inLanguage":"et"}]}},"_links":{"self":[{"href":"https:\/\/espak.ee\/epood\/wp-json\/wp\/v2\/product\/203856","targetHints":{"allow":["GET"]}}],"collection":[{"href":"https:\/\/espak.ee\/epood\/wp-json\/wp\/v2\/product"}],"about":[{"href":"https:\/\/espak.ee\/epood\/wp-json\/wp\/v2\/types\/product"}],"replies":[{"embeddable":true,"href":"https:\/\/espak.ee\/epood\/wp-json\/wp\/v2\/comments?post=203856"}],"wp:featuredmedia":[{"embeddable":true,"href":"https:\/\/espak.ee\/epood\/wp-json\/wp\/v2\/media\/203951"}],"wp:attachment":[{"href":"https:\/\/espak.ee\/epood\/wp-json\/wp\/v2\/media?parent=203856"}],"wp:term":[{"taxonomy":"product_brand","embeddable":true,"href":"https:\/\/espak.ee\/epood\/wp-json\/wp\/v2\/product_brand?post=203856"},{"taxonomy":"product_cat","embeddable":true,"href":"https:\/\/espak.ee\/epood\/wp-json\/wp\/v2\/product_cat?post=203856"},{"taxonomy":"product_tag","embeddable":true,"href":"https:\/\/espak.ee\/epood\/wp-json\/wp\/v2\/product_tag?post=203856"}],"curies":[{"name":"wp","href":"https:\/\/api.w.org\/{rel}","templated":true}]}}