{"id":201268,"date":"2024-06-06T05:10:14","date_gmt":"2024-06-06T02:10:14","guid":{"rendered":"https:\/\/espak.ee\/epood\/?post_type=product&#038;p=201268"},"modified":"2024-08-27T00:00:02","modified_gmt":"2024-08-26T21:00:02","slug":"hermeetik-penosil-ventilation-hybrid-710-280ml","status":"publish","type":"product","link":"https:\/\/espak.ee\/epood\/toode\/hermeetik-penosil-ventilation-hybrid-710-280ml\/","title":{"rendered":"HERMEETIK PENOSIL VENTILATION HYBRID 710 280ML"},"content":{"rendered":"<div class=\"row\"  id=\"row-1514229209\">\n\n\t<div id=\"col-1548687986\" class=\"col medium-9 small-12 large-9\"  >\n\t\t\t\t<div class=\"col-inner\"  >\n\t\t\t\n\t\t\t\n<h3>PENOSIL Ventilation Hybrid 710 h\u00fcbriidhermeetik ventilatsioonit\u00f6\u00f6deks 280ml<\/h3>\n<p>Penosil Ventilation Hybrid 710 on mitmeotstarbeline h\u00fcbriidpol\u00fcmeeril p\u00f5hinev hermeetik ventilatsioonit\u00f6\u00f6deks. Elastne ning vastupidav hallituse kasvule muudavad selle toote t\u00f5eliselt multifunktsionaalseks. Sobib tihendamiseks ja liimimiseks t\u00f6\u00f6stuslikes rakendustes.<\/p>\n<div class=\"message-box relative\" style=\"padding-top:15px;padding-bottom:15px;\"><div class=\"message-box-bg-image bg-fill fill\" ><\/div><div class=\"message-box-bg-overlay bg-fill fill\" ><\/div><div class=\"container relative\"><div class=\"inner last-reset\">\n<div class=\"row align-middle align-center\"  id=\"row-1026158113\">\n\n\t<div id=\"col-659674334\" class=\"col small-12 large-12\"  >\n\t\t\t\t<div class=\"col-inner text-left\"  >\n\t\t\t\n\t\t\t\n<h4>Omadused<\/h4>\n<div class=\"row\"  id=\"row-1290010959\">\n\n\t<div id=\"col-119535313\" class=\"col medium-6 small-12 large-6\"  >\n\t\t\t\t<div class=\"col-inner\"  >\n\t\t\t\n\t\t\t\n<p><i class=\"fa fa-check fa-2x\"><\/i> <strong> P\u00fcsivalt elastne<\/strong><\/p>\n<p><i class=\"fa fa-check fa-2x\"><\/i> <strong> Suurim vastupidavus hallituse kasvule<\/strong><\/p>\n<p><i class=\"fa fa-check fa-2x\"><\/i> <strong> Isots\u00fcanaadi- ja lahustivaba<\/strong><\/p>\n\t\t<\/div>\n\t\t\t\t\n<style>\n#col-119535313 > .col-inner {\n  margin: 0px 0px 15px 0px;\n}\n<\/style>\n\t<\/div>\n\n\t\n\n\t<div id=\"col-478689880\" class=\"col medium-6 small-12 large-6\"  >\n\t\t\t\t<div class=\"col-inner\"  >\n\t\t\t\n\t\t\t\n<p><i class=\"fa fa-check fa-2x\"><\/i> <strong> Nakkub niiskete pindadega<\/strong><\/p>\n<p><i class=\"fa fa-check fa-2x\"><\/i> <strong> V\u00e4rvitav<\/strong><\/p>\n\t\t<\/div>\n\t\t\t\t\n<style>\n#col-478689880 > .col-inner {\n  margin: 0px 0px 15px 0px;\n}\n<\/style>\n\t<\/div>\n\n\t\n<\/div>\n\t\t<\/div>\n\t\t\t\t\t<\/div>\n\n\t\n<\/div>\n<\/div><\/div><\/div>\n\t<div id=\"gap-130532070\" class=\"gap-element clearfix\" style=\"display:block; height:auto;\">\n\t\t\n<style>\n#gap-130532070 {\n  padding-top: 30px;\n}\n<\/style>\n\t<\/div>\n\t\n<h3>Kasutamise \u00fcksikasjad<\/h3>\n<p><strong>Kasutusalad:<\/strong><br \/>\n> Tihendus- ja liimimist\u00f6\u00f6d ventilatsioonis\u00fcsteemides.<br \/>\n> H\u00fcgieenin\u00f5uetega tootmisruumides elastsed \u00fchendused.<\/p>\n<p>Nakkuvus:<br \/>\n> Tsingitud teras<br \/>\n> Alumiinium<br \/>\n> Betoon<br \/>\n> Tellis<br \/>\n> Keraamilised plaadid<br \/>\n> Puit<br \/>\n> Klaas<br \/>\n> PVC jne<br \/>\n> Nakkub m\u00e4rgadele pindadele<\/p>\n<p><strong>Kasutusjuhend:<\/strong><br \/>\nPinnad peavad olema kuivad ning puhtad tolmust, lahtistest osakestest ja vanast hermeetikust. Mittepoorsed pinnad peaks olema puhastatud lahustiga ning puhta puuvillast riidega. \u00dcleliigne lahusti tuleks<br \/>\neemaldada puhta lapiga.<\/p>\n<p>Padruni keermestatud ots lahti l\u00f5igata ja keerata peale paigaldusotsik silikooni suunamiseks. Otsik l\u00f5igata nii, et tekiks sobiv ava silikooni doseerimiseks. Asetada padrun koos ninaga silikooni p\u00fcstolisse ja t\u00e4ita<br \/>\npaigaldusotsik silikooniga.<\/p>\n<p>Laiemates liitekohtades tuleks kasutada PE vuugilinti, et tagada hermeetikut\u00e4ite \u00f5ige paksus ja kuju ning v\u00e4ltida kolmest k\u00fcljest nakkumist. Vajadusel tuleks liitekoha k\u00f5rval olevaid pindu kaitsta m\u00e4\u00e4rdumise<br \/>\nv\u00e4ltimiseks maalriteibiga. Kandke hermeetik liitekohta, vajutades korduvalt ja \u00fchtlaselt p\u00fcstoli p\u00e4\u00e4stikule ja vedades otsikut sujuvalt m\u00f6\u00f6da liitekohta. Peale pealekandmist siluge pind sobiva t\u00f6\u00f6riistaga ja eemaldage<br \/>\nliigne materjal. Maalriteip tuleks eemaldada enne hermeetikule naha tekkimist. Tardumata hermeetiku saab eemaldada lahustiga v\u00f5i lahustuslappidega Penosil Cleaning Wipes.<\/p>\n<p>Tardunud hermeetiku saab eemaldada mehaaniliselt ja kui on vaja siis silikooni eemaldajaga.<\/p>\n<p><strong>N\u00e4pun\u00e4ited:<\/strong><br \/>\nKasutustemperatuur vahemikus +5\u00b0C kuni +40\u00b0C.<br \/>\nTardumise ajal veenduge, et tihendatud pinnad j\u00e4\u00e4ksid puhtaks ja ei oleks mehaanilise koormuse all.<br \/>\nKuna ehitusmaterjalid on v\u00e4ga erinevad, soovitame eelnevalt l\u00e4bi viia sobivustesti. Vajadusel saab pindu nakkuvuse parandamiseks kruntida.<br \/>\nTardumata toote saab eemaldada PENOSIL Cleaning Wipes 941 v\u00f5i lahustiga. Tardunud toodet saab mehaaniliselt eemaldada.<\/p>\n<p><strong>Kitsendused:<\/strong><br \/>\nEi nakku bituumeniga ega ehitusmaterjalidega, millest v\u00f5ivad v\u00e4lja immitseda \u00f5lid, plastifikaatorid v\u00f5i lahustid (nt looduslik v\u00f5i s\u00fcnteetiline kaut\u0161uk, kloropreen, EPDM v\u00f5i elastne PVC).<br \/>\nEi nakku pol\u00fcet\u00fcleenile (PE), pol\u00fcprop\u00fcleenile (PP) ega PTFE-le (Teflon\u00ae).<br \/>\nMitte kasutada temperatuuril alla +5\u00b0C.<br \/>\nEi soovitata looduslike kivipindade tihendamiseks, nt. marmor ja graniit.<\/p>\n\t\t<\/div>\n\t\t\t\t\t<\/div>\n\n\t\n\n\t<div id=\"col-333703455\" class=\"col medium-3 small-12 large-3\"  >\n\t\t\t\t<div class=\"col-inner\"  >\n\t\t\t\n\t\t\t\n<h3>Tehniline informatsioon<\/h3>\n<p><a href=\"https:\/\/espak.ee\/epood\/wp-content\/uploads\/2024\/06\/710_PENOSIL_Ventilation_Hybrid_710_TDS_est.pdf\"target=\"_blank\" rel=\"noopener noreferrer\"><i class=\"far fa-file-pdf\"><\/i> Tehniline info (PDF)<\/a><\/p>\n<h3>Ohutuskaart<\/h3>\n<p><a href=\"https:\/\/espak.ee\/epood\/wp-content\/uploads\/2024\/06\/710_Penosil_Ventilation_Hybrid_710_SDS_et-EE.pdf\"target=\"_blank\" rel=\"noopener noreferrer\"><i class=\"far fa-file-pdf\"><\/i> Ohutuskaart (PDF)<\/a><\/p>\n<div class=\"is-divider divider clearfix\" ><\/div>\n<p><strong>\u00dcksikasjalikuma n\u00f5u saamiseks v\u00f5tke \u00fchendust:<br \/><\/strong>Wolf Group O\u00dc<br \/>Suur-Paala 6<br \/>13619<br \/>Tallinn<br \/>+372 605 9301<\/p>\n\t\t<\/div>\n\t\t\t\t\t<\/div>\n\n\t\n<\/div>\n","protected":false},"excerpt":{"rendered":"","protected":false},"featured_media":201324,"comment_status":"closed","ping_status":"closed","template":"","meta":[],"product_brand":[],"product_cat":[2703,2708,2709,2683],"product_tag":[],"class_list":{"0":"post-201268","1":"product","2":"type-product","3":"status-publish","4":"has-post-thumbnail","6":"product_cat-ehituskeemia","7":"product_cat-hermeetikud","8":"product_cat-tihendusmassid","9":"product_cat-viimistluskaubad","11":"first","12":"instock","13":"sale","14":"taxable","15":"shipping-taxable","16":"purchasable","17":"product-type-simple"},"yoast_head":"<!-- This site is optimized with the Yoast SEO plugin v26.9 - https:\/\/yoast.com\/product\/yoast-seo-wordpress\/ -->\n<title>HERMEETIK PENOSIL VENTILATION HYBRID 710 280ML - Espak E-pood<\/title>\n<meta name=\"robots\" content=\"index, follow, max-snippet:-1, max-image-preview:large, max-video-preview:-1\" \/>\n<link rel=\"canonical\" href=\"https:\/\/espak.ee\/epood\/toode\/hermeetik-penosil-ventilation-hybrid-710-280ml\/\" \/>\n<meta property=\"og:locale\" content=\"et_EE\" \/>\n<meta property=\"og:type\" content=\"article\" \/>\n<meta property=\"og:title\" content=\"HERMEETIK PENOSIL VENTILATION HYBRID 710 280ML - Espak E-pood\" \/>\n<meta property=\"og:url\" content=\"https:\/\/espak.ee\/epood\/toode\/hermeetik-penosil-ventilation-hybrid-710-280ml\/\" \/>\n<meta property=\"og:site_name\" content=\"Espak E-pood\" \/>\n<meta property=\"article:modified_time\" content=\"2024-08-26T21:00:02+00:00\" \/>\n<meta property=\"og:image\" content=\"https:\/\/espak.ee\/epood\/wp-content\/uploads\/2024\/06\/710_Ventilation_Hybrid_710_EE_FI.png.jpg\" \/>\n\t<meta property=\"og:image:width\" content=\"1000\" \/>\n\t<meta property=\"og:image:height\" content=\"1000\" \/>\n\t<meta property=\"og:image:type\" content=\"image\/jpeg\" \/>\n<meta name=\"twitter:card\" content=\"summary_large_image\" \/>\n<meta name=\"twitter:label1\" content=\"Est. reading time\" \/>\n\t<meta name=\"twitter:data1\" content=\"2 minutit\" \/>\n<script type=\"application\/ld+json\" class=\"yoast-schema-graph\">{\"@context\":\"https:\/\/schema.org\",\"@graph\":[{\"@type\":\"WebPage\",\"@id\":\"https:\/\/espak.ee\/epood\/toode\/hermeetik-penosil-ventilation-hybrid-710-280ml\/\",\"url\":\"https:\/\/espak.ee\/epood\/toode\/hermeetik-penosil-ventilation-hybrid-710-280ml\/\",\"name\":\"HERMEETIK PENOSIL VENTILATION HYBRID 710 280ML - Espak E-pood\",\"isPartOf\":{\"@id\":\"https:\/\/espak.ee\/epood\/#website\"},\"primaryImageOfPage\":{\"@id\":\"https:\/\/espak.ee\/epood\/toode\/hermeetik-penosil-ventilation-hybrid-710-280ml\/#primaryimage\"},\"image\":{\"@id\":\"https:\/\/espak.ee\/epood\/toode\/hermeetik-penosil-ventilation-hybrid-710-280ml\/#primaryimage\"},\"thumbnailUrl\":\"https:\/\/espak.ee\/epood\/wp-content\/uploads\/2024\/06\/710_Ventilation_Hybrid_710_EE_FI.png.jpg\",\"datePublished\":\"2024-06-06T02:10:14+00:00\",\"dateModified\":\"2024-08-26T21:00:02+00:00\",\"breadcrumb\":{\"@id\":\"https:\/\/espak.ee\/epood\/toode\/hermeetik-penosil-ventilation-hybrid-710-280ml\/#breadcrumb\"},\"inLanguage\":\"et\",\"potentialAction\":[{\"@type\":\"ReadAction\",\"target\":[\"https:\/\/espak.ee\/epood\/toode\/hermeetik-penosil-ventilation-hybrid-710-280ml\/\"]}]},{\"@type\":\"ImageObject\",\"inLanguage\":\"et\",\"@id\":\"https:\/\/espak.ee\/epood\/toode\/hermeetik-penosil-ventilation-hybrid-710-280ml\/#primaryimage\",\"url\":\"https:\/\/espak.ee\/epood\/wp-content\/uploads\/2024\/06\/710_Ventilation_Hybrid_710_EE_FI.png.jpg\",\"contentUrl\":\"https:\/\/espak.ee\/epood\/wp-content\/uploads\/2024\/06\/710_Ventilation_Hybrid_710_EE_FI.png.jpg\",\"width\":1000,\"height\":1000},{\"@type\":\"BreadcrumbList\",\"@id\":\"https:\/\/espak.ee\/epood\/toode\/hermeetik-penosil-ventilation-hybrid-710-280ml\/#breadcrumb\",\"itemListElement\":[{\"@type\":\"ListItem\",\"position\":1,\"name\":\"Home\",\"item\":\"https:\/\/espak.ee\/epood\/\"},{\"@type\":\"ListItem\",\"position\":2,\"name\":\"Tootevalik\",\"item\":\"https:\/\/espak.ee\/epood\/tootevalik\/\"},{\"@type\":\"ListItem\",\"position\":3,\"name\":\"HERMEETIK PENOSIL VENTILATION HYBRID 710 280ML\"}]},{\"@type\":\"WebSite\",\"@id\":\"https:\/\/espak.ee\/epood\/#website\",\"url\":\"https:\/\/espak.ee\/epood\/\",\"name\":\"Espak E-pood\",\"description\":\"\",\"potentialAction\":[{\"@type\":\"SearchAction\",\"target\":{\"@type\":\"EntryPoint\",\"urlTemplate\":\"https:\/\/espak.ee\/epood\/?s={search_term_string}\"},\"query-input\":{\"@type\":\"PropertyValueSpecification\",\"valueRequired\":true,\"valueName\":\"search_term_string\"}}],\"inLanguage\":\"et\"}]}<\/script>\n<!-- \/ Yoast SEO plugin. -->","yoast_head_json":{"title":"HERMEETIK PENOSIL VENTILATION HYBRID 710 280ML - Espak E-pood","robots":{"index":"index","follow":"follow","max-snippet":"max-snippet:-1","max-image-preview":"max-image-preview:large","max-video-preview":"max-video-preview:-1"},"canonical":"https:\/\/espak.ee\/epood\/toode\/hermeetik-penosil-ventilation-hybrid-710-280ml\/","og_locale":"et_EE","og_type":"article","og_title":"HERMEETIK PENOSIL VENTILATION HYBRID 710 280ML - Espak E-pood","og_url":"https:\/\/espak.ee\/epood\/toode\/hermeetik-penosil-ventilation-hybrid-710-280ml\/","og_site_name":"Espak E-pood","article_modified_time":"2024-08-26T21:00:02+00:00","og_image":[{"width":1000,"height":1000,"url":"https:\/\/espak.ee\/epood\/wp-content\/uploads\/2024\/06\/710_Ventilation_Hybrid_710_EE_FI.png.jpg","type":"image\/jpeg"}],"twitter_card":"summary_large_image","twitter_misc":{"Est. reading time":"2 minutit"},"schema":{"@context":"https:\/\/schema.org","@graph":[{"@type":"WebPage","@id":"https:\/\/espak.ee\/epood\/toode\/hermeetik-penosil-ventilation-hybrid-710-280ml\/","url":"https:\/\/espak.ee\/epood\/toode\/hermeetik-penosil-ventilation-hybrid-710-280ml\/","name":"HERMEETIK PENOSIL VENTILATION HYBRID 710 280ML - Espak E-pood","isPartOf":{"@id":"https:\/\/espak.ee\/epood\/#website"},"primaryImageOfPage":{"@id":"https:\/\/espak.ee\/epood\/toode\/hermeetik-penosil-ventilation-hybrid-710-280ml\/#primaryimage"},"image":{"@id":"https:\/\/espak.ee\/epood\/toode\/hermeetik-penosil-ventilation-hybrid-710-280ml\/#primaryimage"},"thumbnailUrl":"https:\/\/espak.ee\/epood\/wp-content\/uploads\/2024\/06\/710_Ventilation_Hybrid_710_EE_FI.png.jpg","datePublished":"2024-06-06T02:10:14+00:00","dateModified":"2024-08-26T21:00:02+00:00","breadcrumb":{"@id":"https:\/\/espak.ee\/epood\/toode\/hermeetik-penosil-ventilation-hybrid-710-280ml\/#breadcrumb"},"inLanguage":"et","potentialAction":[{"@type":"ReadAction","target":["https:\/\/espak.ee\/epood\/toode\/hermeetik-penosil-ventilation-hybrid-710-280ml\/"]}]},{"@type":"ImageObject","inLanguage":"et","@id":"https:\/\/espak.ee\/epood\/toode\/hermeetik-penosil-ventilation-hybrid-710-280ml\/#primaryimage","url":"https:\/\/espak.ee\/epood\/wp-content\/uploads\/2024\/06\/710_Ventilation_Hybrid_710_EE_FI.png.jpg","contentUrl":"https:\/\/espak.ee\/epood\/wp-content\/uploads\/2024\/06\/710_Ventilation_Hybrid_710_EE_FI.png.jpg","width":1000,"height":1000},{"@type":"BreadcrumbList","@id":"https:\/\/espak.ee\/epood\/toode\/hermeetik-penosil-ventilation-hybrid-710-280ml\/#breadcrumb","itemListElement":[{"@type":"ListItem","position":1,"name":"Home","item":"https:\/\/espak.ee\/epood\/"},{"@type":"ListItem","position":2,"name":"Tootevalik","item":"https:\/\/espak.ee\/epood\/tootevalik\/"},{"@type":"ListItem","position":3,"name":"HERMEETIK PENOSIL VENTILATION HYBRID 710 280ML"}]},{"@type":"WebSite","@id":"https:\/\/espak.ee\/epood\/#website","url":"https:\/\/espak.ee\/epood\/","name":"Espak E-pood","description":"","potentialAction":[{"@type":"SearchAction","target":{"@type":"EntryPoint","urlTemplate":"https:\/\/espak.ee\/epood\/?s={search_term_string}"},"query-input":{"@type":"PropertyValueSpecification","valueRequired":true,"valueName":"search_term_string"}}],"inLanguage":"et"}]}},"_links":{"self":[{"href":"https:\/\/espak.ee\/epood\/wp-json\/wp\/v2\/product\/201268","targetHints":{"allow":["GET"]}}],"collection":[{"href":"https:\/\/espak.ee\/epood\/wp-json\/wp\/v2\/product"}],"about":[{"href":"https:\/\/espak.ee\/epood\/wp-json\/wp\/v2\/types\/product"}],"replies":[{"embeddable":true,"href":"https:\/\/espak.ee\/epood\/wp-json\/wp\/v2\/comments?post=201268"}],"wp:featuredmedia":[{"embeddable":true,"href":"https:\/\/espak.ee\/epood\/wp-json\/wp\/v2\/media\/201324"}],"wp:attachment":[{"href":"https:\/\/espak.ee\/epood\/wp-json\/wp\/v2\/media?parent=201268"}],"wp:term":[{"taxonomy":"product_brand","embeddable":true,"href":"https:\/\/espak.ee\/epood\/wp-json\/wp\/v2\/product_brand?post=201268"},{"taxonomy":"product_cat","embeddable":true,"href":"https:\/\/espak.ee\/epood\/wp-json\/wp\/v2\/product_cat?post=201268"},{"taxonomy":"product_tag","embeddable":true,"href":"https:\/\/espak.ee\/epood\/wp-json\/wp\/v2\/product_tag?post=201268"}],"curies":[{"name":"wp","href":"https:\/\/api.w.org\/{rel}","templated":true}]}}