{"id":200409,"date":"2024-05-29T05:05:03","date_gmt":"2024-05-29T02:05:03","guid":{"rendered":"https:\/\/espak.ee\/epood\/?post_type=product&#038;p=200409"},"modified":"2026-03-17T16:07:41","modified_gmt":"2026-03-17T14:07:41","slug":"libisemist-takistav-teip-tesa-15m25mm-must","status":"publish","type":"product","link":"https:\/\/espak.ee\/epood\/toode\/libisemist-takistav-teip-tesa-15m25mm-must\/","title":{"rendered":"LIBISEMIST TAKISTAV TEIP TESA 15M*25MM MUST"},"content":{"rendered":"<div class=\"row\"  id=\"row-1637308990\">\n\n\t<div id=\"col-846142108\" class=\"col medium-9 small-12 large-9\"  >\n\t\t\t\t<div class=\"col-inner\"  >\n\t\t\t\n\t\t\t\n<h3>Libisemist takistav teip tesa\u00ae 60950 15m x 25mm must<\/h3>\n<p>tesa\u00ae 60950 PVC-alusel teip v\u00e4ga tugeva akr\u00fc\u00fclliimiga. Tugev ja vastupidav liimkate tagab tavakasutusega kohtades libisemiskaitse kuni kaheks aastaks. Alumiiniumoksiidiga kaetud PVC koos akr\u00fclaatliimiga tagab optimaalse kaitse libisemise eest. Libisemisvastane teip on k\u00e4sitsi rebitav ning ei t\u00f5mbu p\u00e4rast paigaldamist kokku. tesa\u00ae 60950 sobib k\u00f5ikjale, kus on vaja kindlat jalgealustSelle libisemisvastase teibi h\u00f5\u00f5rduvus on 60, mist\u00f5ttu see pakub ideaalset kaitset libisemise vastu ning aitab v\u00e4ltida \u00f5nnetusi t\u00f6\u00f6stusrajatistes jm t\u00f6\u00f6kohtadel. tesa\u00ae 60950 libisemisvastane teip vastab standardi DIN 51130 n\u00f5uetele ning on erakordne seet\u00f5ttu, et talub soolavett ja kemikaale, samuti on see k\u00e4sitsi rebitav ning muretult eemaldatav.\n <\/p>\n\t\t<\/div>\n\t\t\t\t\t<\/div>\n\n\t\n\n\t<div id=\"col-1297913878\" class=\"col medium-3 small-12 large-3\"  >\n\t\t\t\t<div class=\"col-inner\"  >\n\t\t\t\n\t\t\t\n<h3>Tehniline informatsioon<\/h3>\n<p><a href=\"https:\/\/espak.ee\/epood\/wp-content\/uploads\/2024\/05\/Product-information_tesa\u00ae-Professional-60950_et-EE.pdf\"target=\"_blank\" rel=\"noopener noreferrer\"><i class=\"far fa-file-pdf\"><\/i> Tehniline info (PDF)<\/a><\/p>\n<h3>Ohutuskaart<\/h3>\n<p><a href=\"https:\/\/espak.ee\/epood\/wp-content\/uploads\/2024\/05\/Safety-data-sheet_tesa\u00ae-Professional-60950_et-EE_v12.pdf\"target=\"_blank\" rel=\"noopener noreferrer\"><i class=\"far fa-file-pdf\"><\/i> Ohutuskaart (PDF)<\/a><\/p>\n<p><strong>\u00dcksikasjalikuma n\u00f5u saamiseks v\u00f5tke \u00fchendust:<br \/><\/strong>tesa tape UAB<br \/>Sepise 1<br \/>11415<br \/>Tallinn<br \/>+372 6401 366<\/p>\n\t\t<\/div>\n\t\t\t\t\t<\/div>\n\n\t\n<\/div>\n","protected":false},"excerpt":{"rendered":"","protected":false},"featured_media":200653,"comment_status":"closed","ping_status":"closed","template":"","meta":[],"product_brand":[],"product_cat":[2909,2908,2907,2683],"product_tag":[],"class_list":{"0":"post-200409","1":"product","2":"type-product","3":"status-publish","4":"has-post-thumbnail","6":"product_cat-eriotstarbelised-teibid","7":"product_cat-teibid","8":"product_cat-teibid-ja-armeerimismaterjalid","9":"product_cat-viimistluskaubad","10":"pa_kaubamark-tesa-as","12":"first","13":"instock","14":"sale","15":"taxable","16":"shipping-taxable","17":"purchasable","18":"product-type-simple"},"yoast_head":"<!-- This site is optimized with the Yoast SEO plugin v26.9 - https:\/\/yoast.com\/product\/yoast-seo-wordpress\/ -->\n<title>LIBISEMIST TAKISTAV TEIP TESA 15M*25MM MUST - Espak E-pood<\/title>\n<meta name=\"robots\" content=\"index, follow, max-snippet:-1, max-image-preview:large, max-video-preview:-1\" \/>\n<link rel=\"canonical\" href=\"https:\/\/espak.ee\/epood\/toode\/libisemist-takistav-teip-tesa-15m25mm-must\/\" \/>\n<meta property=\"og:locale\" content=\"et_EE\" \/>\n<meta property=\"og:type\" content=\"article\" \/>\n<meta property=\"og:title\" content=\"LIBISEMIST TAKISTAV TEIP TESA 15M*25MM MUST - Espak E-pood\" \/>\n<meta property=\"og:url\" content=\"https:\/\/espak.ee\/epood\/toode\/libisemist-takistav-teip-tesa-15m25mm-must\/\" \/>\n<meta property=\"og:site_name\" content=\"Espak E-pood\" \/>\n<meta property=\"article:modified_time\" content=\"2026-03-17T14:07:41+00:00\" \/>\n<meta property=\"og:image\" content=\"https:\/\/espak.ee\/epood\/wp-content\/uploads\/2024\/05\/medium-1116718311167183_padded1x1_18-2.jpg\" \/>\n\t<meta property=\"og:image:width\" content=\"1000\" \/>\n\t<meta property=\"og:image:height\" content=\"1000\" \/>\n\t<meta property=\"og:image:type\" content=\"image\/jpeg\" \/>\n<meta name=\"twitter:card\" content=\"summary_large_image\" \/>\n<meta name=\"twitter:label1\" content=\"Est. reading time\" \/>\n\t<meta name=\"twitter:data1\" content=\"1 minut\" \/>\n<script type=\"application\/ld+json\" class=\"yoast-schema-graph\">{\"@context\":\"https:\/\/schema.org\",\"@graph\":[{\"@type\":\"WebPage\",\"@id\":\"https:\/\/espak.ee\/epood\/toode\/libisemist-takistav-teip-tesa-15m25mm-must\/\",\"url\":\"https:\/\/espak.ee\/epood\/toode\/libisemist-takistav-teip-tesa-15m25mm-must\/\",\"name\":\"LIBISEMIST TAKISTAV TEIP TESA 15M*25MM MUST - Espak E-pood\",\"isPartOf\":{\"@id\":\"https:\/\/espak.ee\/epood\/#website\"},\"primaryImageOfPage\":{\"@id\":\"https:\/\/espak.ee\/epood\/toode\/libisemist-takistav-teip-tesa-15m25mm-must\/#primaryimage\"},\"image\":{\"@id\":\"https:\/\/espak.ee\/epood\/toode\/libisemist-takistav-teip-tesa-15m25mm-must\/#primaryimage\"},\"thumbnailUrl\":\"https:\/\/espak.ee\/epood\/wp-content\/uploads\/2024\/05\/medium-1116718311167183_padded1x1_18-2.jpg\",\"datePublished\":\"2024-05-29T02:05:03+00:00\",\"dateModified\":\"2026-03-17T14:07:41+00:00\",\"breadcrumb\":{\"@id\":\"https:\/\/espak.ee\/epood\/toode\/libisemist-takistav-teip-tesa-15m25mm-must\/#breadcrumb\"},\"inLanguage\":\"et\",\"potentialAction\":[{\"@type\":\"ReadAction\",\"target\":[\"https:\/\/espak.ee\/epood\/toode\/libisemist-takistav-teip-tesa-15m25mm-must\/\"]}]},{\"@type\":\"ImageObject\",\"inLanguage\":\"et\",\"@id\":\"https:\/\/espak.ee\/epood\/toode\/libisemist-takistav-teip-tesa-15m25mm-must\/#primaryimage\",\"url\":\"https:\/\/espak.ee\/epood\/wp-content\/uploads\/2024\/05\/medium-1116718311167183_padded1x1_18-2.jpg\",\"contentUrl\":\"https:\/\/espak.ee\/epood\/wp-content\/uploads\/2024\/05\/medium-1116718311167183_padded1x1_18-2.jpg\",\"width\":1000,\"height\":1000},{\"@type\":\"BreadcrumbList\",\"@id\":\"https:\/\/espak.ee\/epood\/toode\/libisemist-takistav-teip-tesa-15m25mm-must\/#breadcrumb\",\"itemListElement\":[{\"@type\":\"ListItem\",\"position\":1,\"name\":\"Home\",\"item\":\"https:\/\/espak.ee\/epood\/\"},{\"@type\":\"ListItem\",\"position\":2,\"name\":\"Tootevalik\",\"item\":\"https:\/\/espak.ee\/epood\/tootevalik\/\"},{\"@type\":\"ListItem\",\"position\":3,\"name\":\"LIBISEMIST TAKISTAV TEIP TESA 15M*25MM MUST\"}]},{\"@type\":\"WebSite\",\"@id\":\"https:\/\/espak.ee\/epood\/#website\",\"url\":\"https:\/\/espak.ee\/epood\/\",\"name\":\"Espak E-pood\",\"description\":\"\",\"potentialAction\":[{\"@type\":\"SearchAction\",\"target\":{\"@type\":\"EntryPoint\",\"urlTemplate\":\"https:\/\/espak.ee\/epood\/?s={search_term_string}\"},\"query-input\":{\"@type\":\"PropertyValueSpecification\",\"valueRequired\":true,\"valueName\":\"search_term_string\"}}],\"inLanguage\":\"et\"}]}<\/script>\n<!-- \/ Yoast SEO plugin. -->","yoast_head_json":{"title":"LIBISEMIST TAKISTAV TEIP TESA 15M*25MM MUST - Espak E-pood","robots":{"index":"index","follow":"follow","max-snippet":"max-snippet:-1","max-image-preview":"max-image-preview:large","max-video-preview":"max-video-preview:-1"},"canonical":"https:\/\/espak.ee\/epood\/toode\/libisemist-takistav-teip-tesa-15m25mm-must\/","og_locale":"et_EE","og_type":"article","og_title":"LIBISEMIST TAKISTAV TEIP TESA 15M*25MM MUST - Espak E-pood","og_url":"https:\/\/espak.ee\/epood\/toode\/libisemist-takistav-teip-tesa-15m25mm-must\/","og_site_name":"Espak E-pood","article_modified_time":"2026-03-17T14:07:41+00:00","og_image":[{"width":1000,"height":1000,"url":"https:\/\/espak.ee\/epood\/wp-content\/uploads\/2024\/05\/medium-1116718311167183_padded1x1_18-2.jpg","type":"image\/jpeg"}],"twitter_card":"summary_large_image","twitter_misc":{"Est. reading time":"1 minut"},"schema":{"@context":"https:\/\/schema.org","@graph":[{"@type":"WebPage","@id":"https:\/\/espak.ee\/epood\/toode\/libisemist-takistav-teip-tesa-15m25mm-must\/","url":"https:\/\/espak.ee\/epood\/toode\/libisemist-takistav-teip-tesa-15m25mm-must\/","name":"LIBISEMIST TAKISTAV TEIP TESA 15M*25MM MUST - Espak E-pood","isPartOf":{"@id":"https:\/\/espak.ee\/epood\/#website"},"primaryImageOfPage":{"@id":"https:\/\/espak.ee\/epood\/toode\/libisemist-takistav-teip-tesa-15m25mm-must\/#primaryimage"},"image":{"@id":"https:\/\/espak.ee\/epood\/toode\/libisemist-takistav-teip-tesa-15m25mm-must\/#primaryimage"},"thumbnailUrl":"https:\/\/espak.ee\/epood\/wp-content\/uploads\/2024\/05\/medium-1116718311167183_padded1x1_18-2.jpg","datePublished":"2024-05-29T02:05:03+00:00","dateModified":"2026-03-17T14:07:41+00:00","breadcrumb":{"@id":"https:\/\/espak.ee\/epood\/toode\/libisemist-takistav-teip-tesa-15m25mm-must\/#breadcrumb"},"inLanguage":"et","potentialAction":[{"@type":"ReadAction","target":["https:\/\/espak.ee\/epood\/toode\/libisemist-takistav-teip-tesa-15m25mm-must\/"]}]},{"@type":"ImageObject","inLanguage":"et","@id":"https:\/\/espak.ee\/epood\/toode\/libisemist-takistav-teip-tesa-15m25mm-must\/#primaryimage","url":"https:\/\/espak.ee\/epood\/wp-content\/uploads\/2024\/05\/medium-1116718311167183_padded1x1_18-2.jpg","contentUrl":"https:\/\/espak.ee\/epood\/wp-content\/uploads\/2024\/05\/medium-1116718311167183_padded1x1_18-2.jpg","width":1000,"height":1000},{"@type":"BreadcrumbList","@id":"https:\/\/espak.ee\/epood\/toode\/libisemist-takistav-teip-tesa-15m25mm-must\/#breadcrumb","itemListElement":[{"@type":"ListItem","position":1,"name":"Home","item":"https:\/\/espak.ee\/epood\/"},{"@type":"ListItem","position":2,"name":"Tootevalik","item":"https:\/\/espak.ee\/epood\/tootevalik\/"},{"@type":"ListItem","position":3,"name":"LIBISEMIST TAKISTAV TEIP TESA 15M*25MM MUST"}]},{"@type":"WebSite","@id":"https:\/\/espak.ee\/epood\/#website","url":"https:\/\/espak.ee\/epood\/","name":"Espak E-pood","description":"","potentialAction":[{"@type":"SearchAction","target":{"@type":"EntryPoint","urlTemplate":"https:\/\/espak.ee\/epood\/?s={search_term_string}"},"query-input":{"@type":"PropertyValueSpecification","valueRequired":true,"valueName":"search_term_string"}}],"inLanguage":"et"}]}},"_links":{"self":[{"href":"https:\/\/espak.ee\/epood\/wp-json\/wp\/v2\/product\/200409","targetHints":{"allow":["GET"]}}],"collection":[{"href":"https:\/\/espak.ee\/epood\/wp-json\/wp\/v2\/product"}],"about":[{"href":"https:\/\/espak.ee\/epood\/wp-json\/wp\/v2\/types\/product"}],"replies":[{"embeddable":true,"href":"https:\/\/espak.ee\/epood\/wp-json\/wp\/v2\/comments?post=200409"}],"wp:featuredmedia":[{"embeddable":true,"href":"https:\/\/espak.ee\/epood\/wp-json\/wp\/v2\/media\/200653"}],"wp:attachment":[{"href":"https:\/\/espak.ee\/epood\/wp-json\/wp\/v2\/media?parent=200409"}],"wp:term":[{"taxonomy":"product_brand","embeddable":true,"href":"https:\/\/espak.ee\/epood\/wp-json\/wp\/v2\/product_brand?post=200409"},{"taxonomy":"product_cat","embeddable":true,"href":"https:\/\/espak.ee\/epood\/wp-json\/wp\/v2\/product_cat?post=200409"},{"taxonomy":"product_tag","embeddable":true,"href":"https:\/\/espak.ee\/epood\/wp-json\/wp\/v2\/product_tag?post=200409"}],"curies":[{"name":"wp","href":"https:\/\/api.w.org\/{rel}","templated":true}]}}