{"id":195650,"date":"2024-04-17T05:05:11","date_gmt":"2024-04-17T02:05:11","guid":{"rendered":"https:\/\/espak.ee\/epood\/?post_type=product&#038;p=195650"},"modified":"2025-01-06T18:47:21","modified_gmt":"2025-01-06T16:47:21","slug":"porandakutte-termostaat-16a-4747mm-wifi-sisu","status":"publish","type":"product","link":"https:\/\/espak.ee\/epood\/toode\/porandakutte-termostaat-16a-4747mm-wifi-sisu\/","title":{"rendered":"P\u00d5RANDAK\u00dcTTE TERMOSTAAT 16A 47*47MM, WIFI, SISU"},"content":{"rendered":"<div class=\"row\"  id=\"row-1173026556\">\n\n\t<div id=\"col-81125136\" class=\"col medium-9 small-12 large-9\"  >\n\t\t\t\t<div class=\"col-inner\"  >\n\t\t\t\n\t\t\t\n<h3>P\u00f5randak\u00fctte termostaat 16A WiFi, sisu<\/h3>\n<p>Elektri- ja vesik\u00fctte p\u00f5randak\u00fcttele, 16A, 200-240V.<br \/>\nPuutetundlik displei, pidevalt valgustatud numbrid ja s\u00fcmbolid.<br \/>\nDisplai v\u00e4rvus must, s\u00fcmbolid valged. <\/p>\n<p>Ainult sisu, ei sisalda raami ega v\u00e4list (p\u00f5randa-) andurit. Sobib k\u00f5ikide Tenux klaas-, alumiinium- ja plastraamidega. Raam valida sarnaselt olemasolevate l\u00fclititega v\u00f5i ruumi disainiga.<\/p>\n<p>IP20.<br \/>\nM\u00f5\u00f5dud:47*47*35mm, s\u00fcgavus 25mm.<br \/>\nKruvikinnitus, s\u00fcvispaigaldus. Sobib Eestis kasutatavasse seadmetoosi.<\/p>\n<p>NB! Kasutada vaid TENUXi p\u00f5randaandurit! V\u00e4lis(p\u00f5randa-)anduri pikkus 3m.<\/p>\n<p>Puute-ekraaniga termostaadi seadistuses on v\u00f5imalik:<br \/>\nReguleerida displei valgustugevust, 10\u2026100%;<br \/>\nValida sise- (ruumi), v\u00e4lis- (p\u00f5randa) andurit v\u00f5i kombineeritut;<br \/>\nKalibreerida temperatuuri n\u00e4idikut;<br \/>\nKasutada lapselukku;<br \/>\njpm<\/p>\n<p>WIFI annab lisav\u00f5imaluse seadistusi reguleerida l\u00e4bi oma telefoni olenemata asukohast. Telefonist n\u00e4eb ka toa temperatuuri, mis on kasulik olles kaugel reisil.<\/p>\n<p>Nutiseadme rakendus: Smart Life v\u00f5i Tuya Smart. Alexa v\u00f5i Google Home abil h\u00e4\u00e4lk\u00e4sklused.<\/p>\n\t\t<\/div>\n\t\t\t\t\t<\/div>\n\n\t\n\n\t<div id=\"col-1746955070\" class=\"col medium-3 small-12 large-3\"  >\n\t\t\t\t<div class=\"col-inner\"  >\n\t\t\t\n\t\t\t\n\t<div id=\"gap-1644406714\" class=\"gap-element clearfix\" style=\"display:block; height:auto;\">\n\t\t\n<style>\n#gap-1644406714 {\n  padding-top: 30px;\n}\n<\/style>\n\t<\/div>\n\t\n<p><strong>\u00dcksikasjalikuma n\u00f5u saamiseks v\u00f5tke \u00fchendust:<br \/><\/strong>Tenux O\u00dc<br \/>P\u00e4rnu mnt 105<br \/>Tallinn<br \/>+372 56214111<\/p>\n\t\t<\/div>\n\t\t\t\t\t<\/div>\n\n\t\n<\/div>\n","protected":false},"excerpt":{"rendered":"","protected":false},"featured_media":195709,"comment_status":"closed","ping_status":"closed","template":"","meta":[],"product_brand":[],"product_cat":[2935,2934,3224,3323],"product_tag":[],"class_list":{"0":"post-195650","1":"product","2":"type-product","3":"status-publish","4":"has-post-thumbnail","6":"product_cat-elektrikaubad","7":"product_cat-elektrikaubad-ja-valgustid","8":"product_cat-lulitid-ja-pistikupesad","9":"product_cat-termostaadid-porandakuttele","10":"pa_kaubamark-tenux-ou","12":"first","13":"outofstock","14":"sale","15":"taxable","16":"shipping-taxable","17":"purchasable","18":"product-type-simple"},"yoast_head":"<!-- This site is optimized with the Yoast SEO plugin v26.9 - https:\/\/yoast.com\/product\/yoast-seo-wordpress\/ -->\n<title>P\u00d5RANDAK\u00dcTTE TERMOSTAAT 16A 47*47MM, WIFI, SISU - Espak E-pood<\/title>\n<meta name=\"robots\" content=\"index, follow, max-snippet:-1, max-image-preview:large, max-video-preview:-1\" \/>\n<link rel=\"canonical\" href=\"https:\/\/espak.ee\/epood\/toode\/porandakutte-termostaat-16a-4747mm-wifi-sisu\/\" \/>\n<meta property=\"og:locale\" content=\"et_EE\" \/>\n<meta property=\"og:type\" content=\"article\" \/>\n<meta property=\"og:title\" content=\"P\u00d5RANDAK\u00dcTTE TERMOSTAAT 16A 47*47MM, WIFI, SISU - Espak E-pood\" \/>\n<meta property=\"og:url\" content=\"https:\/\/espak.ee\/epood\/toode\/porandakutte-termostaat-16a-4747mm-wifi-sisu\/\" \/>\n<meta property=\"og:site_name\" content=\"Espak E-pood\" \/>\n<meta property=\"article:modified_time\" content=\"2025-01-06T16:47:21+00:00\" \/>\n<meta property=\"og:image\" content=\"https:\/\/espak.ee\/epood\/wp-content\/uploads\/2024\/04\/1-9.jpg\" \/>\n\t<meta property=\"og:image:width\" content=\"1600\" \/>\n\t<meta property=\"og:image:height\" content=\"1600\" \/>\n\t<meta property=\"og:image:type\" content=\"image\/jpeg\" \/>\n<meta name=\"twitter:card\" content=\"summary_large_image\" \/>\n<meta name=\"twitter:label1\" content=\"Est. reading time\" \/>\n\t<meta name=\"twitter:data1\" content=\"1 minut\" \/>\n<script type=\"application\/ld+json\" class=\"yoast-schema-graph\">{\"@context\":\"https:\/\/schema.org\",\"@graph\":[{\"@type\":\"WebPage\",\"@id\":\"https:\/\/espak.ee\/epood\/toode\/porandakutte-termostaat-16a-4747mm-wifi-sisu\/\",\"url\":\"https:\/\/espak.ee\/epood\/toode\/porandakutte-termostaat-16a-4747mm-wifi-sisu\/\",\"name\":\"P\u00d5RANDAK\u00dcTTE TERMOSTAAT 16A 47*47MM, WIFI, SISU - Espak E-pood\",\"isPartOf\":{\"@id\":\"https:\/\/espak.ee\/epood\/#website\"},\"primaryImageOfPage\":{\"@id\":\"https:\/\/espak.ee\/epood\/toode\/porandakutte-termostaat-16a-4747mm-wifi-sisu\/#primaryimage\"},\"image\":{\"@id\":\"https:\/\/espak.ee\/epood\/toode\/porandakutte-termostaat-16a-4747mm-wifi-sisu\/#primaryimage\"},\"thumbnailUrl\":\"https:\/\/espak.ee\/epood\/wp-content\/uploads\/2024\/04\/1-9.jpg\",\"datePublished\":\"2024-04-17T02:05:11+00:00\",\"dateModified\":\"2025-01-06T16:47:21+00:00\",\"breadcrumb\":{\"@id\":\"https:\/\/espak.ee\/epood\/toode\/porandakutte-termostaat-16a-4747mm-wifi-sisu\/#breadcrumb\"},\"inLanguage\":\"et\",\"potentialAction\":[{\"@type\":\"ReadAction\",\"target\":[\"https:\/\/espak.ee\/epood\/toode\/porandakutte-termostaat-16a-4747mm-wifi-sisu\/\"]}]},{\"@type\":\"ImageObject\",\"inLanguage\":\"et\",\"@id\":\"https:\/\/espak.ee\/epood\/toode\/porandakutte-termostaat-16a-4747mm-wifi-sisu\/#primaryimage\",\"url\":\"https:\/\/espak.ee\/epood\/wp-content\/uploads\/2024\/04\/1-9.jpg\",\"contentUrl\":\"https:\/\/espak.ee\/epood\/wp-content\/uploads\/2024\/04\/1-9.jpg\",\"width\":1600,\"height\":1600},{\"@type\":\"BreadcrumbList\",\"@id\":\"https:\/\/espak.ee\/epood\/toode\/porandakutte-termostaat-16a-4747mm-wifi-sisu\/#breadcrumb\",\"itemListElement\":[{\"@type\":\"ListItem\",\"position\":1,\"name\":\"Home\",\"item\":\"https:\/\/espak.ee\/epood\/\"},{\"@type\":\"ListItem\",\"position\":2,\"name\":\"Tootevalik\",\"item\":\"https:\/\/espak.ee\/epood\/tootevalik\/\"},{\"@type\":\"ListItem\",\"position\":3,\"name\":\"P\u00d5RANDAK\u00dcTTE TERMOSTAAT 16A 47*47MM, WIFI, SISU\"}]},{\"@type\":\"WebSite\",\"@id\":\"https:\/\/espak.ee\/epood\/#website\",\"url\":\"https:\/\/espak.ee\/epood\/\",\"name\":\"Espak E-pood\",\"description\":\"\",\"potentialAction\":[{\"@type\":\"SearchAction\",\"target\":{\"@type\":\"EntryPoint\",\"urlTemplate\":\"https:\/\/espak.ee\/epood\/?s={search_term_string}\"},\"query-input\":{\"@type\":\"PropertyValueSpecification\",\"valueRequired\":true,\"valueName\":\"search_term_string\"}}],\"inLanguage\":\"et\"}]}<\/script>\n<!-- \/ Yoast SEO plugin. -->","yoast_head_json":{"title":"P\u00d5RANDAK\u00dcTTE TERMOSTAAT 16A 47*47MM, WIFI, SISU - Espak E-pood","robots":{"index":"index","follow":"follow","max-snippet":"max-snippet:-1","max-image-preview":"max-image-preview:large","max-video-preview":"max-video-preview:-1"},"canonical":"https:\/\/espak.ee\/epood\/toode\/porandakutte-termostaat-16a-4747mm-wifi-sisu\/","og_locale":"et_EE","og_type":"article","og_title":"P\u00d5RANDAK\u00dcTTE TERMOSTAAT 16A 47*47MM, WIFI, SISU - Espak E-pood","og_url":"https:\/\/espak.ee\/epood\/toode\/porandakutte-termostaat-16a-4747mm-wifi-sisu\/","og_site_name":"Espak E-pood","article_modified_time":"2025-01-06T16:47:21+00:00","og_image":[{"width":1600,"height":1600,"url":"https:\/\/espak.ee\/epood\/wp-content\/uploads\/2024\/04\/1-9.jpg","type":"image\/jpeg"}],"twitter_card":"summary_large_image","twitter_misc":{"Est. reading time":"1 minut"},"schema":{"@context":"https:\/\/schema.org","@graph":[{"@type":"WebPage","@id":"https:\/\/espak.ee\/epood\/toode\/porandakutte-termostaat-16a-4747mm-wifi-sisu\/","url":"https:\/\/espak.ee\/epood\/toode\/porandakutte-termostaat-16a-4747mm-wifi-sisu\/","name":"P\u00d5RANDAK\u00dcTTE TERMOSTAAT 16A 47*47MM, WIFI, SISU - Espak E-pood","isPartOf":{"@id":"https:\/\/espak.ee\/epood\/#website"},"primaryImageOfPage":{"@id":"https:\/\/espak.ee\/epood\/toode\/porandakutte-termostaat-16a-4747mm-wifi-sisu\/#primaryimage"},"image":{"@id":"https:\/\/espak.ee\/epood\/toode\/porandakutte-termostaat-16a-4747mm-wifi-sisu\/#primaryimage"},"thumbnailUrl":"https:\/\/espak.ee\/epood\/wp-content\/uploads\/2024\/04\/1-9.jpg","datePublished":"2024-04-17T02:05:11+00:00","dateModified":"2025-01-06T16:47:21+00:00","breadcrumb":{"@id":"https:\/\/espak.ee\/epood\/toode\/porandakutte-termostaat-16a-4747mm-wifi-sisu\/#breadcrumb"},"inLanguage":"et","potentialAction":[{"@type":"ReadAction","target":["https:\/\/espak.ee\/epood\/toode\/porandakutte-termostaat-16a-4747mm-wifi-sisu\/"]}]},{"@type":"ImageObject","inLanguage":"et","@id":"https:\/\/espak.ee\/epood\/toode\/porandakutte-termostaat-16a-4747mm-wifi-sisu\/#primaryimage","url":"https:\/\/espak.ee\/epood\/wp-content\/uploads\/2024\/04\/1-9.jpg","contentUrl":"https:\/\/espak.ee\/epood\/wp-content\/uploads\/2024\/04\/1-9.jpg","width":1600,"height":1600},{"@type":"BreadcrumbList","@id":"https:\/\/espak.ee\/epood\/toode\/porandakutte-termostaat-16a-4747mm-wifi-sisu\/#breadcrumb","itemListElement":[{"@type":"ListItem","position":1,"name":"Home","item":"https:\/\/espak.ee\/epood\/"},{"@type":"ListItem","position":2,"name":"Tootevalik","item":"https:\/\/espak.ee\/epood\/tootevalik\/"},{"@type":"ListItem","position":3,"name":"P\u00d5RANDAK\u00dcTTE TERMOSTAAT 16A 47*47MM, WIFI, SISU"}]},{"@type":"WebSite","@id":"https:\/\/espak.ee\/epood\/#website","url":"https:\/\/espak.ee\/epood\/","name":"Espak E-pood","description":"","potentialAction":[{"@type":"SearchAction","target":{"@type":"EntryPoint","urlTemplate":"https:\/\/espak.ee\/epood\/?s={search_term_string}"},"query-input":{"@type":"PropertyValueSpecification","valueRequired":true,"valueName":"search_term_string"}}],"inLanguage":"et"}]}},"_links":{"self":[{"href":"https:\/\/espak.ee\/epood\/wp-json\/wp\/v2\/product\/195650","targetHints":{"allow":["GET"]}}],"collection":[{"href":"https:\/\/espak.ee\/epood\/wp-json\/wp\/v2\/product"}],"about":[{"href":"https:\/\/espak.ee\/epood\/wp-json\/wp\/v2\/types\/product"}],"replies":[{"embeddable":true,"href":"https:\/\/espak.ee\/epood\/wp-json\/wp\/v2\/comments?post=195650"}],"wp:featuredmedia":[{"embeddable":true,"href":"https:\/\/espak.ee\/epood\/wp-json\/wp\/v2\/media\/195709"}],"wp:attachment":[{"href":"https:\/\/espak.ee\/epood\/wp-json\/wp\/v2\/media?parent=195650"}],"wp:term":[{"taxonomy":"product_brand","embeddable":true,"href":"https:\/\/espak.ee\/epood\/wp-json\/wp\/v2\/product_brand?post=195650"},{"taxonomy":"product_cat","embeddable":true,"href":"https:\/\/espak.ee\/epood\/wp-json\/wp\/v2\/product_cat?post=195650"},{"taxonomy":"product_tag","embeddable":true,"href":"https:\/\/espak.ee\/epood\/wp-json\/wp\/v2\/product_tag?post=195650"}],"curies":[{"name":"wp","href":"https:\/\/api.w.org\/{rel}","templated":true}]}}