{"id":19093,"date":"2020-04-09T03:45:20","date_gmt":"2020-04-09T00:45:20","guid":{"rendered":"https:\/\/espak.ee\/hinnakiri\/?post_type=product&#038;p=19093"},"modified":"2026-03-21T09:27:34","modified_gmt":"2026-03-21T07:27:34","slug":"kruntvarv-novakor-hall-10l","status":"publish","type":"product","link":"https:\/\/espak.ee\/epood\/toode\/kruntvarv-novakor-hall-10l\/","title":{"rendered":"KRUNTV\u00c4RV NOVAKOR HALL 10L"},"content":{"rendered":"<div class=\"row\"  id=\"row-1960612093\">\n\n\t<div id=\"col-765015137\" class=\"col medium-9 small-12 large-9\"  >\n\t\t\t\t<div class=\"col-inner\"  >\n\t\t\t\n\t\t\t\n<h2>NOVAKOR<\/h2>\n<p>Korrosioonivastane alk\u00fc\u00fcdkrunt, mis sisaldab \u00fcliefektiivseid korrosioonivastaseid pigmente. M\u00f5eldud teraspindade kruntimiseks v\u00e4litingimustes, enne alk\u00fc\u00fcd- v\u00f5i uretaanalk\u00fc\u00fcdemailiga Pentaprim, Pentatop Universal, Pentalux T, Neosprint 30, URF-1128 v\u00f5i Rialkid katmist.<\/p>\n<div class=\"message-box relative\" style=\"padding-top:15px;padding-bottom:15px;\"><div class=\"message-box-bg-image bg-fill fill\" ><\/div><div class=\"message-box-bg-overlay bg-fill fill\" ><\/div><div class=\"container relative\"><div class=\"inner last-reset\">\n<div class=\"row align-middle align-center\"  id=\"row-43030562\">\n\n\t<div id=\"col-364559753\" class=\"col small-12 large-12\"  >\n\t\t\t\t<div class=\"col-inner text-left\"  >\n\t\t\t\n\t\t\t\n<h4>Omadused<\/h4>\n<div class=\"row\"  id=\"row-531197902\">\n\n\t<div id=\"col-904990056\" class=\"col medium-6 small-12 large-6\"  >\n\t\t\t\t<div class=\"col-inner\"  >\n\t\t\t\n\t\t\t\n<p><i class=\"fa fa-check fa-2x\"><\/i> <strong>Toode on kasutatav sise- ja v\u00e4list\u00f6\u00f6deks<\/strong><\/p>\n\t\t<\/div>\n\t\t\t\t\n<style>\n#col-904990056 > .col-inner {\n  margin: 0px 0px 15px 0px;\n}\n<\/style>\n\t<\/div>\n\n\t\n<\/div>\n\t\t<\/div>\n\t\t\t\t\t<\/div>\n\n\t\n<\/div>\n<\/div><\/div><\/div>\n\t<div id=\"gap-1923830527\" class=\"gap-element clearfix\" style=\"display:block; height:auto;\">\n\t\t\n<style>\n#gap-1923830527 {\n  padding-top: 30px;\n}\n<\/style>\n\t<\/div>\n\t\n<h3>Kasutamise \u00fcksikasjad<\/h3>\n<p><strong>Kasutamine:<\/strong> Enne kasutamist segada krunti hoolikalt, vajaduse korral lahjendada ks\u00fclooliga v\u00f5i lahustitega SOLVEKS v\u00f5i SOLVEKS SPRINT: 0\u20135% mahust \u2013 rulli v\u00f5i pintsliga pealekandmisel. Pihustiga on lubatud krunti peale kanda ainult t\u00f6\u00f6stuslikus v\u00e4rvimisosakonnas v\u00f5i-t\u00f6\u00f6kojas. V\u00e4rvitav pind peab enne krundi pealekandmist olema puhastatud mustusest, korrosioonij\u00e4\u00e4kidest (roostest) ja rasvavabaks tehtud. Pealekandmisel peab \u00f5hu- ja v\u00e4rvitava pinna temperatuur olema v\u00e4hemalt +5 \u00ba\u0421. Suhteline \u00f5huniiskus ei tohi olla \u00fcle 85%. Krunt kanda peale 1\u20132 kihina puhtale kuivale pinnale pintsli, rulli, pihusti v\u00f5i \u00f5huta pihustusseadmega (otsiku diameeter 0,011&#8243;-0,017&#8243;).<\/p>\n<p><strong>T\u00f6\u00f6 &#8211; ja keskkonnakaitse:<\/strong> Sisaldab ks\u00fclooli (isomeeride segu) ja tsinkfosfaati. Kahjulik sissehingamisel ja nahale sattumisel. Tekitab naha\u00e4rritust. Toksiline veeorganismidele, v\u00f5ib tekitada veekeskkonnas pikaajalist kahjulikku m\u00f5ju. Hoida suletult lastele k\u00e4ttesaamatus kohas. V\u00e4ltida aurude ja aerosooli sissehingamist. V\u00e4ltida nahale ja silma sattumist. Allaneelamise korral p\u00f6\u00f6rduda viivitamatult arsti poole ja n\u00e4idata toote pakendit v\u00f5i etiketti. Kasutada ainult h\u00e4sti tuulutatavates ruumides. Ei tohi sattuda keskkonda. J\u00e4rgida ohutuskaardi juhendeid.<\/p>\n\t\t<\/div>\n\t\t\t\t\t<\/div>\n\n\t\n\n\t<div id=\"col-1977387474\" class=\"col medium-3 small-12 large-3\"  >\n\t\t\t\t<div class=\"col-inner\"  >\n\t\t\t\n\t\t\t\n\t<div id=\"gap-1055481608\" class=\"gap-element clearfix\" style=\"display:block; height:auto;\">\n\t\t\n<style>\n#gap-1055481608 {\n  padding-top: 30px;\n}\n<\/style>\n\t<\/div>\n\t\n<h3>Tehniline informatsioon<\/h3>\n<p><a href=\"https:\/\/espak.ee\/epood\/wp-content\/uploads\/novakor-tooteleht.pdf\" target=\"_blank\" rel=\"noopener noreferrer\"><i class=\"far fa-file-pdf\"><\/i> Tehniline info (PDF)<\/a><\/p>\n<div class=\"is-divider divider clearfix\" ><\/div>\n<p><strong>\u00dcksikasjalikuma n\u00f5u saamiseks v\u00f5tke \u00fchendust:<br \/><\/strong>RIIA LAKID O\u00dc<br \/>Kantsi 3<br \/>11415<br \/>Tallinn<br \/>+372 6335439<\/p>\n<div class=\"is-divider divider clearfix\" ><\/div>\n\t\t<\/div>\n\t\t\t\t\t<\/div>\n\n\t\n<\/div>\n","protected":false},"excerpt":{"rendered":"","protected":false},"featured_media":22619,"comment_status":"closed","ping_status":"open","template":"","meta":[],"product_brand":[],"product_cat":[3442,2685,2684,2683],"product_tag":[],"class_list":{"0":"post-19093","1":"product","2":"type-product","3":"status-publish","4":"has-post-thumbnail","6":"product_cat-metallivarvid","7":"product_cat-varvid","8":"product_cat-varvid-lakid-lahustid-puidukaitsed-olid","9":"product_cat-viimistluskaubad","10":"product_shipping_class-dpd-cold","11":"pa_kaubamark-riia-lakid-ou","13":"first","14":"instock","15":"sale","16":"taxable","17":"shipping-taxable","18":"purchasable","19":"product-type-simple"},"yoast_head":"<!-- This site is optimized with the Yoast SEO plugin v26.9 - https:\/\/yoast.com\/product\/yoast-seo-wordpress\/ -->\n<title>KRUNTV\u00c4RV NOVAKOR HALL 10L - Espak E-pood<\/title>\n<meta name=\"robots\" content=\"index, follow, max-snippet:-1, max-image-preview:large, max-video-preview:-1\" \/>\n<link rel=\"canonical\" href=\"https:\/\/espak.ee\/epood\/toode\/kruntvarv-novakor-hall-10l\/\" \/>\n<meta property=\"og:locale\" content=\"et_EE\" \/>\n<meta property=\"og:type\" content=\"article\" \/>\n<meta property=\"og:title\" content=\"KRUNTV\u00c4RV NOVAKOR HALL 10L - Espak E-pood\" \/>\n<meta property=\"og:url\" content=\"https:\/\/espak.ee\/epood\/toode\/kruntvarv-novakor-hall-10l\/\" \/>\n<meta property=\"og:site_name\" content=\"Espak E-pood\" \/>\n<meta property=\"article:modified_time\" content=\"2026-03-21T07:27:34+00:00\" \/>\n<meta property=\"og:image\" content=\"https:\/\/espak.ee\/epood\/wp-content\/uploads\/novakor-10L.jpg\" \/>\n\t<meta property=\"og:image:width\" content=\"320\" \/>\n\t<meta property=\"og:image:height\" content=\"320\" \/>\n\t<meta property=\"og:image:type\" content=\"image\/jpeg\" \/>\n<meta name=\"twitter:card\" content=\"summary_large_image\" \/>\n<meta name=\"twitter:label1\" content=\"Est. reading time\" \/>\n\t<meta name=\"twitter:data1\" content=\"1 minut\" \/>\n<script type=\"application\/ld+json\" class=\"yoast-schema-graph\">{\"@context\":\"https:\/\/schema.org\",\"@graph\":[{\"@type\":\"WebPage\",\"@id\":\"https:\/\/espak.ee\/epood\/toode\/kruntvarv-novakor-hall-10l\/\",\"url\":\"https:\/\/espak.ee\/epood\/toode\/kruntvarv-novakor-hall-10l\/\",\"name\":\"KRUNTV\u00c4RV NOVAKOR HALL 10L - Espak E-pood\",\"isPartOf\":{\"@id\":\"https:\/\/espak.ee\/epood\/#website\"},\"primaryImageOfPage\":{\"@id\":\"https:\/\/espak.ee\/epood\/toode\/kruntvarv-novakor-hall-10l\/#primaryimage\"},\"image\":{\"@id\":\"https:\/\/espak.ee\/epood\/toode\/kruntvarv-novakor-hall-10l\/#primaryimage\"},\"thumbnailUrl\":\"https:\/\/espak.ee\/epood\/wp-content\/uploads\/novakor-10L.jpg\",\"datePublished\":\"2020-04-09T00:45:20+00:00\",\"dateModified\":\"2026-03-21T07:27:34+00:00\",\"breadcrumb\":{\"@id\":\"https:\/\/espak.ee\/epood\/toode\/kruntvarv-novakor-hall-10l\/#breadcrumb\"},\"inLanguage\":\"et\",\"potentialAction\":[{\"@type\":\"ReadAction\",\"target\":[\"https:\/\/espak.ee\/epood\/toode\/kruntvarv-novakor-hall-10l\/\"]}]},{\"@type\":\"ImageObject\",\"inLanguage\":\"et\",\"@id\":\"https:\/\/espak.ee\/epood\/toode\/kruntvarv-novakor-hall-10l\/#primaryimage\",\"url\":\"https:\/\/espak.ee\/epood\/wp-content\/uploads\/novakor-10L.jpg\",\"contentUrl\":\"https:\/\/espak.ee\/epood\/wp-content\/uploads\/novakor-10L.jpg\",\"width\":320,\"height\":320,\"caption\":\"CREATOR: gd-jpeg v1.0 (using IJG JPEG v80), default quality\"},{\"@type\":\"BreadcrumbList\",\"@id\":\"https:\/\/espak.ee\/epood\/toode\/kruntvarv-novakor-hall-10l\/#breadcrumb\",\"itemListElement\":[{\"@type\":\"ListItem\",\"position\":1,\"name\":\"Home\",\"item\":\"https:\/\/espak.ee\/epood\/\"},{\"@type\":\"ListItem\",\"position\":2,\"name\":\"Tootevalik\",\"item\":\"https:\/\/espak.ee\/epood\/tootevalik\/\"},{\"@type\":\"ListItem\",\"position\":3,\"name\":\"KRUNTV\u00c4RV NOVAKOR HALL 10L\"}]},{\"@type\":\"WebSite\",\"@id\":\"https:\/\/espak.ee\/epood\/#website\",\"url\":\"https:\/\/espak.ee\/epood\/\",\"name\":\"Espak E-pood\",\"description\":\"\",\"potentialAction\":[{\"@type\":\"SearchAction\",\"target\":{\"@type\":\"EntryPoint\",\"urlTemplate\":\"https:\/\/espak.ee\/epood\/?s={search_term_string}\"},\"query-input\":{\"@type\":\"PropertyValueSpecification\",\"valueRequired\":true,\"valueName\":\"search_term_string\"}}],\"inLanguage\":\"et\"}]}<\/script>\n<!-- \/ Yoast SEO plugin. -->","yoast_head_json":{"title":"KRUNTV\u00c4RV NOVAKOR HALL 10L - Espak E-pood","robots":{"index":"index","follow":"follow","max-snippet":"max-snippet:-1","max-image-preview":"max-image-preview:large","max-video-preview":"max-video-preview:-1"},"canonical":"https:\/\/espak.ee\/epood\/toode\/kruntvarv-novakor-hall-10l\/","og_locale":"et_EE","og_type":"article","og_title":"KRUNTV\u00c4RV NOVAKOR HALL 10L - Espak E-pood","og_url":"https:\/\/espak.ee\/epood\/toode\/kruntvarv-novakor-hall-10l\/","og_site_name":"Espak E-pood","article_modified_time":"2026-03-21T07:27:34+00:00","og_image":[{"width":320,"height":320,"url":"https:\/\/espak.ee\/epood\/wp-content\/uploads\/novakor-10L.jpg","type":"image\/jpeg"}],"twitter_card":"summary_large_image","twitter_misc":{"Est. reading time":"1 minut"},"schema":{"@context":"https:\/\/schema.org","@graph":[{"@type":"WebPage","@id":"https:\/\/espak.ee\/epood\/toode\/kruntvarv-novakor-hall-10l\/","url":"https:\/\/espak.ee\/epood\/toode\/kruntvarv-novakor-hall-10l\/","name":"KRUNTV\u00c4RV NOVAKOR HALL 10L - Espak E-pood","isPartOf":{"@id":"https:\/\/espak.ee\/epood\/#website"},"primaryImageOfPage":{"@id":"https:\/\/espak.ee\/epood\/toode\/kruntvarv-novakor-hall-10l\/#primaryimage"},"image":{"@id":"https:\/\/espak.ee\/epood\/toode\/kruntvarv-novakor-hall-10l\/#primaryimage"},"thumbnailUrl":"https:\/\/espak.ee\/epood\/wp-content\/uploads\/novakor-10L.jpg","datePublished":"2020-04-09T00:45:20+00:00","dateModified":"2026-03-21T07:27:34+00:00","breadcrumb":{"@id":"https:\/\/espak.ee\/epood\/toode\/kruntvarv-novakor-hall-10l\/#breadcrumb"},"inLanguage":"et","potentialAction":[{"@type":"ReadAction","target":["https:\/\/espak.ee\/epood\/toode\/kruntvarv-novakor-hall-10l\/"]}]},{"@type":"ImageObject","inLanguage":"et","@id":"https:\/\/espak.ee\/epood\/toode\/kruntvarv-novakor-hall-10l\/#primaryimage","url":"https:\/\/espak.ee\/epood\/wp-content\/uploads\/novakor-10L.jpg","contentUrl":"https:\/\/espak.ee\/epood\/wp-content\/uploads\/novakor-10L.jpg","width":320,"height":320,"caption":"CREATOR: gd-jpeg v1.0 (using IJG JPEG v80), default quality"},{"@type":"BreadcrumbList","@id":"https:\/\/espak.ee\/epood\/toode\/kruntvarv-novakor-hall-10l\/#breadcrumb","itemListElement":[{"@type":"ListItem","position":1,"name":"Home","item":"https:\/\/espak.ee\/epood\/"},{"@type":"ListItem","position":2,"name":"Tootevalik","item":"https:\/\/espak.ee\/epood\/tootevalik\/"},{"@type":"ListItem","position":3,"name":"KRUNTV\u00c4RV NOVAKOR HALL 10L"}]},{"@type":"WebSite","@id":"https:\/\/espak.ee\/epood\/#website","url":"https:\/\/espak.ee\/epood\/","name":"Espak E-pood","description":"","potentialAction":[{"@type":"SearchAction","target":{"@type":"EntryPoint","urlTemplate":"https:\/\/espak.ee\/epood\/?s={search_term_string}"},"query-input":{"@type":"PropertyValueSpecification","valueRequired":true,"valueName":"search_term_string"}}],"inLanguage":"et"}]}},"_links":{"self":[{"href":"https:\/\/espak.ee\/epood\/wp-json\/wp\/v2\/product\/19093","targetHints":{"allow":["GET"]}}],"collection":[{"href":"https:\/\/espak.ee\/epood\/wp-json\/wp\/v2\/product"}],"about":[{"href":"https:\/\/espak.ee\/epood\/wp-json\/wp\/v2\/types\/product"}],"replies":[{"embeddable":true,"href":"https:\/\/espak.ee\/epood\/wp-json\/wp\/v2\/comments?post=19093"}],"wp:featuredmedia":[{"embeddable":true,"href":"https:\/\/espak.ee\/epood\/wp-json\/wp\/v2\/media\/22619"}],"wp:attachment":[{"href":"https:\/\/espak.ee\/epood\/wp-json\/wp\/v2\/media?parent=19093"}],"wp:term":[{"taxonomy":"product_brand","embeddable":true,"href":"https:\/\/espak.ee\/epood\/wp-json\/wp\/v2\/product_brand?post=19093"},{"taxonomy":"product_cat","embeddable":true,"href":"https:\/\/espak.ee\/epood\/wp-json\/wp\/v2\/product_cat?post=19093"},{"taxonomy":"product_tag","embeddable":true,"href":"https:\/\/espak.ee\/epood\/wp-json\/wp\/v2\/product_tag?post=19093"}],"curies":[{"name":"wp","href":"https:\/\/api.w.org\/{rel}","templated":true}]}}