{"id":189875,"date":"2024-03-06T05:05:03","date_gmt":"2024-03-06T03:05:03","guid":{"rendered":"https:\/\/espak.ee\/epood\/?post_type=product&#038;p=189875"},"modified":"2024-03-23T00:45:17","modified_gmt":"2024-03-22T22:45:17","slug":"kott-tool-royal-280l-vogue-kreemvalge","status":"publish","type":"product","link":"https:\/\/espak.ee\/epood\/toode\/kott-tool-royal-280l-vogue-kreemvalge\/","title":{"rendered":"KOTT-TOOL ROYAL 280L VOGUE KREEMVALGE"},"content":{"rendered":"<div class=\"row\"  id=\"row-1123443414\">\n\n\t<div id=\"col-505961763\" class=\"col medium-9 small-12 large-9\"  >\n\t\t\t\t<div class=\"col-inner\"  >\n\t\t\t\n\t\t\t\n<h3>Kott-tool Royal Vogue 280L kreemvalge<\/h3>\n<p>Vogue kangas on puudutades h\u00e4sti m\u00f5nus ja sametiselt pehme (veluurkangas). Selle rikkalik v\u00e4rvigamma teeb temast eksklusiivse valiku tubasesse interj\u00f6\u00f6ri.<\/p>\n<p>Royal on suurep\u00e4rane alternatiiv tugitoolile \u2013 selle pehme ning ilma raamita sisu v\u00f5tab just istuja keha kuju j\u00e4rgi vormi ning tegumood kannab endas k\u00f5ige uuemaid trende \u2013 \u00fcmarate ja kandiliste l\u00f5igete p\u00f5imumine annab v\u00f5imaluse paigutada see erinevatesse interj\u00f6\u00f6ridesse.<\/p>\n<p>2-kordsed \u00f5mblused annavad kott-toolile vastupidavuse ja tagavad tema pikaealisuse.<\/p>\n<p>Kott-tool on t\u00e4idetud mittes\u00fcttivate ja sertifitseeritud vahtpol\u00fcst\u00fcreengraanulitega (280 v\u00f5i 420 liitrit).<br \/>\nP\u00f5hja all oleva topeltluku taga on t\u00e4itmise koht, mille abil saab vajadusel lisada graanuleid.<\/p>\n<p>Kott-tooli m\u00f5\u00f5dud on ligikaudu:<br \/>\n280L mudel: Laius 75 cm, S\u00fcgavus 85 cm, K\u00f5rgus 75 cm.<\/p>\n<p><strong>Disainitud ja toodetud Eestis!<\/strong><\/p>\n\t\t<\/div>\n\t\t\t\t\t<\/div>\n\n\t\n\n\t<div id=\"col-445586634\" class=\"col medium-3 small-12 large-3\"  >\n\t\t\t\t<div class=\"col-inner\"  >\n\t\t\t\n\t\t\t\n<p><strong>\u00dcksikasjalikuma n\u00f5u saamiseks v\u00f5tke \u00fchendust:<br \/><\/strong>Handymaster O\u00dc<br \/>P\u00f5llu 1, Kose<br \/>75101<br \/>Harjumaa<br \/> Telefon +372 50 91 271<\/p>\n\t\t<\/div>\n\t\t\t\t\t<\/div>\n\n\t\n<\/div>\n","protected":false},"excerpt":{"rendered":"","protected":false},"featured_media":189975,"comment_status":"closed","ping_status":"closed","template":"","meta":[],"product_brand":[],"product_cat":[2788,4807,4808,4080],"product_tag":[],"class_list":{"0":"post-189875","1":"product","2":"type-product","3":"status-publish","4":"has-post-thumbnail","6":"product_cat-aiatarbed-ja-kodukaubad","7":"product_cat-moobel","8":"product_cat-pehme-moobel","9":"product_cat-sisustuskaubad","10":"pa_kaubamark-handymaster-ou","12":"first","13":"instock","14":"sale","15":"taxable","16":"shipping-taxable","17":"purchasable","18":"product-type-simple"},"yoast_head":"<!-- This site is optimized with the Yoast SEO plugin v26.9 - https:\/\/yoast.com\/product\/yoast-seo-wordpress\/ -->\n<title>KOTT-TOOL ROYAL 280L VOGUE KREEMVALGE - Espak E-pood<\/title>\n<meta name=\"robots\" content=\"index, follow, max-snippet:-1, max-image-preview:large, max-video-preview:-1\" \/>\n<link rel=\"canonical\" href=\"https:\/\/espak.ee\/epood\/toode\/kott-tool-royal-280l-vogue-kreemvalge\/\" \/>\n<meta property=\"og:locale\" content=\"et_EE\" \/>\n<meta property=\"og:type\" content=\"article\" \/>\n<meta property=\"og:title\" content=\"KOTT-TOOL ROYAL 280L VOGUE KREEMVALGE - Espak E-pood\" \/>\n<meta property=\"og:url\" content=\"https:\/\/espak.ee\/epood\/toode\/kott-tool-royal-280l-vogue-kreemvalge\/\" \/>\n<meta property=\"og:site_name\" content=\"Espak E-pood\" \/>\n<meta property=\"article:modified_time\" content=\"2024-03-22T22:45:17+00:00\" \/>\n<meta property=\"og:image\" content=\"https:\/\/espak.ee\/epood\/wp-content\/uploads\/2024\/03\/Kott-tool-Royal-Vogue-280L-kreemvalge-SV1-1582-2.jpg\" \/>\n\t<meta property=\"og:image:width\" content=\"800\" \/>\n\t<meta property=\"og:image:height\" content=\"800\" \/>\n\t<meta property=\"og:image:type\" content=\"image\/jpeg\" \/>\n<meta name=\"twitter:card\" content=\"summary_large_image\" \/>\n<meta name=\"twitter:label1\" content=\"Est. reading time\" \/>\n\t<meta name=\"twitter:data1\" content=\"1 minut\" \/>\n<script type=\"application\/ld+json\" class=\"yoast-schema-graph\">{\"@context\":\"https:\/\/schema.org\",\"@graph\":[{\"@type\":\"WebPage\",\"@id\":\"https:\/\/espak.ee\/epood\/toode\/kott-tool-royal-280l-vogue-kreemvalge\/\",\"url\":\"https:\/\/espak.ee\/epood\/toode\/kott-tool-royal-280l-vogue-kreemvalge\/\",\"name\":\"KOTT-TOOL ROYAL 280L VOGUE KREEMVALGE - Espak E-pood\",\"isPartOf\":{\"@id\":\"https:\/\/espak.ee\/epood\/#website\"},\"primaryImageOfPage\":{\"@id\":\"https:\/\/espak.ee\/epood\/toode\/kott-tool-royal-280l-vogue-kreemvalge\/#primaryimage\"},\"image\":{\"@id\":\"https:\/\/espak.ee\/epood\/toode\/kott-tool-royal-280l-vogue-kreemvalge\/#primaryimage\"},\"thumbnailUrl\":\"https:\/\/espak.ee\/epood\/wp-content\/uploads\/2024\/03\/Kott-tool-Royal-Vogue-280L-kreemvalge-SV1-1582-2.jpg\",\"datePublished\":\"2024-03-06T03:05:03+00:00\",\"dateModified\":\"2024-03-22T22:45:17+00:00\",\"breadcrumb\":{\"@id\":\"https:\/\/espak.ee\/epood\/toode\/kott-tool-royal-280l-vogue-kreemvalge\/#breadcrumb\"},\"inLanguage\":\"et\",\"potentialAction\":[{\"@type\":\"ReadAction\",\"target\":[\"https:\/\/espak.ee\/epood\/toode\/kott-tool-royal-280l-vogue-kreemvalge\/\"]}]},{\"@type\":\"ImageObject\",\"inLanguage\":\"et\",\"@id\":\"https:\/\/espak.ee\/epood\/toode\/kott-tool-royal-280l-vogue-kreemvalge\/#primaryimage\",\"url\":\"https:\/\/espak.ee\/epood\/wp-content\/uploads\/2024\/03\/Kott-tool-Royal-Vogue-280L-kreemvalge-SV1-1582-2.jpg\",\"contentUrl\":\"https:\/\/espak.ee\/epood\/wp-content\/uploads\/2024\/03\/Kott-tool-Royal-Vogue-280L-kreemvalge-SV1-1582-2.jpg\",\"width\":800,\"height\":800},{\"@type\":\"BreadcrumbList\",\"@id\":\"https:\/\/espak.ee\/epood\/toode\/kott-tool-royal-280l-vogue-kreemvalge\/#breadcrumb\",\"itemListElement\":[{\"@type\":\"ListItem\",\"position\":1,\"name\":\"Home\",\"item\":\"https:\/\/espak.ee\/epood\/\"},{\"@type\":\"ListItem\",\"position\":2,\"name\":\"Tootevalik\",\"item\":\"https:\/\/espak.ee\/epood\/tootevalik\/\"},{\"@type\":\"ListItem\",\"position\":3,\"name\":\"KOTT-TOOL ROYAL 280L VOGUE KREEMVALGE\"}]},{\"@type\":\"WebSite\",\"@id\":\"https:\/\/espak.ee\/epood\/#website\",\"url\":\"https:\/\/espak.ee\/epood\/\",\"name\":\"Espak E-pood\",\"description\":\"\",\"potentialAction\":[{\"@type\":\"SearchAction\",\"target\":{\"@type\":\"EntryPoint\",\"urlTemplate\":\"https:\/\/espak.ee\/epood\/?s={search_term_string}\"},\"query-input\":{\"@type\":\"PropertyValueSpecification\",\"valueRequired\":true,\"valueName\":\"search_term_string\"}}],\"inLanguage\":\"et\"}]}<\/script>\n<!-- \/ Yoast SEO plugin. -->","yoast_head_json":{"title":"KOTT-TOOL ROYAL 280L VOGUE KREEMVALGE - Espak E-pood","robots":{"index":"index","follow":"follow","max-snippet":"max-snippet:-1","max-image-preview":"max-image-preview:large","max-video-preview":"max-video-preview:-1"},"canonical":"https:\/\/espak.ee\/epood\/toode\/kott-tool-royal-280l-vogue-kreemvalge\/","og_locale":"et_EE","og_type":"article","og_title":"KOTT-TOOL ROYAL 280L VOGUE KREEMVALGE - Espak E-pood","og_url":"https:\/\/espak.ee\/epood\/toode\/kott-tool-royal-280l-vogue-kreemvalge\/","og_site_name":"Espak E-pood","article_modified_time":"2024-03-22T22:45:17+00:00","og_image":[{"width":800,"height":800,"url":"https:\/\/espak.ee\/epood\/wp-content\/uploads\/2024\/03\/Kott-tool-Royal-Vogue-280L-kreemvalge-SV1-1582-2.jpg","type":"image\/jpeg"}],"twitter_card":"summary_large_image","twitter_misc":{"Est. reading time":"1 minut"},"schema":{"@context":"https:\/\/schema.org","@graph":[{"@type":"WebPage","@id":"https:\/\/espak.ee\/epood\/toode\/kott-tool-royal-280l-vogue-kreemvalge\/","url":"https:\/\/espak.ee\/epood\/toode\/kott-tool-royal-280l-vogue-kreemvalge\/","name":"KOTT-TOOL ROYAL 280L VOGUE KREEMVALGE - Espak E-pood","isPartOf":{"@id":"https:\/\/espak.ee\/epood\/#website"},"primaryImageOfPage":{"@id":"https:\/\/espak.ee\/epood\/toode\/kott-tool-royal-280l-vogue-kreemvalge\/#primaryimage"},"image":{"@id":"https:\/\/espak.ee\/epood\/toode\/kott-tool-royal-280l-vogue-kreemvalge\/#primaryimage"},"thumbnailUrl":"https:\/\/espak.ee\/epood\/wp-content\/uploads\/2024\/03\/Kott-tool-Royal-Vogue-280L-kreemvalge-SV1-1582-2.jpg","datePublished":"2024-03-06T03:05:03+00:00","dateModified":"2024-03-22T22:45:17+00:00","breadcrumb":{"@id":"https:\/\/espak.ee\/epood\/toode\/kott-tool-royal-280l-vogue-kreemvalge\/#breadcrumb"},"inLanguage":"et","potentialAction":[{"@type":"ReadAction","target":["https:\/\/espak.ee\/epood\/toode\/kott-tool-royal-280l-vogue-kreemvalge\/"]}]},{"@type":"ImageObject","inLanguage":"et","@id":"https:\/\/espak.ee\/epood\/toode\/kott-tool-royal-280l-vogue-kreemvalge\/#primaryimage","url":"https:\/\/espak.ee\/epood\/wp-content\/uploads\/2024\/03\/Kott-tool-Royal-Vogue-280L-kreemvalge-SV1-1582-2.jpg","contentUrl":"https:\/\/espak.ee\/epood\/wp-content\/uploads\/2024\/03\/Kott-tool-Royal-Vogue-280L-kreemvalge-SV1-1582-2.jpg","width":800,"height":800},{"@type":"BreadcrumbList","@id":"https:\/\/espak.ee\/epood\/toode\/kott-tool-royal-280l-vogue-kreemvalge\/#breadcrumb","itemListElement":[{"@type":"ListItem","position":1,"name":"Home","item":"https:\/\/espak.ee\/epood\/"},{"@type":"ListItem","position":2,"name":"Tootevalik","item":"https:\/\/espak.ee\/epood\/tootevalik\/"},{"@type":"ListItem","position":3,"name":"KOTT-TOOL ROYAL 280L VOGUE KREEMVALGE"}]},{"@type":"WebSite","@id":"https:\/\/espak.ee\/epood\/#website","url":"https:\/\/espak.ee\/epood\/","name":"Espak E-pood","description":"","potentialAction":[{"@type":"SearchAction","target":{"@type":"EntryPoint","urlTemplate":"https:\/\/espak.ee\/epood\/?s={search_term_string}"},"query-input":{"@type":"PropertyValueSpecification","valueRequired":true,"valueName":"search_term_string"}}],"inLanguage":"et"}]}},"_links":{"self":[{"href":"https:\/\/espak.ee\/epood\/wp-json\/wp\/v2\/product\/189875","targetHints":{"allow":["GET"]}}],"collection":[{"href":"https:\/\/espak.ee\/epood\/wp-json\/wp\/v2\/product"}],"about":[{"href":"https:\/\/espak.ee\/epood\/wp-json\/wp\/v2\/types\/product"}],"replies":[{"embeddable":true,"href":"https:\/\/espak.ee\/epood\/wp-json\/wp\/v2\/comments?post=189875"}],"wp:featuredmedia":[{"embeddable":true,"href":"https:\/\/espak.ee\/epood\/wp-json\/wp\/v2\/media\/189975"}],"wp:attachment":[{"href":"https:\/\/espak.ee\/epood\/wp-json\/wp\/v2\/media?parent=189875"}],"wp:term":[{"taxonomy":"product_brand","embeddable":true,"href":"https:\/\/espak.ee\/epood\/wp-json\/wp\/v2\/product_brand?post=189875"},{"taxonomy":"product_cat","embeddable":true,"href":"https:\/\/espak.ee\/epood\/wp-json\/wp\/v2\/product_cat?post=189875"},{"taxonomy":"product_tag","embeddable":true,"href":"https:\/\/espak.ee\/epood\/wp-json\/wp\/v2\/product_tag?post=189875"}],"curies":[{"name":"wp","href":"https:\/\/api.w.org\/{rel}","templated":true}]}}