{"id":188398,"date":"2024-02-10T05:05:02","date_gmt":"2024-02-10T03:05:02","guid":{"rendered":"https:\/\/espak.ee\/epood\/?post_type=product&#038;p=188398"},"modified":"2026-04-21T12:42:14","modified_gmt":"2026-04-21T09:42:14","slug":"saunavalgusti-led-energie-9-kuld-max-1m","status":"publish","type":"product","link":"https:\/\/espak.ee\/epood\/toode\/saunavalgusti-led-energie-9-kuld-max-1m\/","title":{"rendered":"SAUNAVALGUSTI LED ENERGIE 9 KULD MAX.1M"},"content":{"rendered":"<div class=\"row\"  id=\"row-1011100143\">\n\n\t<div id=\"col-1025681691\" class=\"col medium-9 small-12 large-9\"  >\n\t\t\t\t<div class=\"col-inner\"  >\n\t\t\t\n\t\t\t\n<h3>Saunavalgusti LED Energie 9 kuld <\/h3>\n<p>9-osaline LED-valgustite komplekt sobib suurep\u00e4raselt sauna ja pesuruumi valgustamiseks. Sobib ka terrassile ja muudesse kodu ruumidesse stiilse valgustuse loomiseks.<br \/>\n Valgusti komplekti on lihtne paigaldada. Selle LED-valgustite sarja lampide raamid on kuldsed.<br \/>\n Valguse v\u00e4rvus on soe valge (3500K) ja LED-lampide eluiga on 50 000 tundi. Valguskomplekti pakett sisaldab 2&#215;12 v\u00e4ljalaskekollektoriga liiteseadet koos 0,6m ja 1,2m kaablitega, sisse\/v\u00e4lja l\u00fclitit ja EURO-pistikut koos kaablitega, samuti 9 lampi koos \u00fchenduskaablitega.<br \/>\n Valgustite seeriat on v\u00f5imalik laiendada kuni 24 LED-valgusti seeriani koos lisatuledega.<br \/>\n<strong> M\u00c4RGE!<\/strong> Valgusseeria LED-lampe ja nende kaableid ei tohi paigaldada sauna k\u00f5rgemale kui 1 m.<br \/>\n60lm, 9tk 12VDC\/0.25W LED 3500K soe valge, CRI>80.<br \/>\n \u00dcksik LED lamp: Raam \u00d817mm, s\u00fcvistatav ava \u00d812mm, k\u00f5rgus 23mm.<br \/>\n Valguse jaotusnurk 80\u00b0.<br \/>\n \u00dchendusseade: 230VAC\/12VDC, max. 6W 1,2m \u00fchenduskaabel.\n<\/p>\n\t\t<\/div>\n\t\t\t\t\t<\/div>\n\n\t\n\n\t<div id=\"col-87099807\" class=\"col medium-3 small-12 large-3\"  >\n\t\t\t\t<div class=\"col-inner\"  >\n\t\t\t\n\t\t\t\n<div class=\"is-divider divider clearfix\" ><\/div>\n<p><strong>\u00dcksikasjalikuma n\u00f5u saamiseks v\u00f5tke \u00fchendust:<br \/><\/strong>Espak AS<br \/>Viadukti 42<br \/>11313<br \/>Tallinn<br \/>+372 6 512333<\/p>\n\t\t<\/div>\n\t\t\t\t\t<\/div>\n\n\t\n<\/div>\n","protected":false},"excerpt":{"rendered":"","protected":false},"featured_media":188495,"comment_status":"closed","ping_status":"closed","template":"","meta":[],"product_brand":[],"product_cat":[2934,4657,2959,2960],"product_tag":[],"class_list":{"0":"post-188398","1":"product","2":"type-product","3":"status-publish","4":"has-post-thumbnail","6":"product_cat-elektrikaubad-ja-valgustid","7":"product_cat-saunavalgustid","8":"product_cat-valgustid","9":"product_cat-valgustid-valgustid","10":"pa_kaubamark-spector-light","12":"first","13":"instock","14":"sale","15":"taxable","16":"shipping-taxable","17":"purchasable","18":"product-type-simple"},"yoast_head":"<!-- This site is optimized with the Yoast SEO plugin v26.9 - https:\/\/yoast.com\/product\/yoast-seo-wordpress\/ -->\n<title>SAUNAVALGUSTI LED ENERGIE 9 KULD MAX.1M - Espak E-pood<\/title>\n<meta name=\"robots\" content=\"index, follow, max-snippet:-1, max-image-preview:large, max-video-preview:-1\" \/>\n<link rel=\"canonical\" href=\"https:\/\/espak.ee\/epood\/toode\/saunavalgusti-led-energie-9-kuld-max-1m\/\" \/>\n<meta property=\"og:locale\" content=\"et_EE\" \/>\n<meta property=\"og:type\" content=\"article\" \/>\n<meta property=\"og:title\" content=\"SAUNAVALGUSTI LED ENERGIE 9 KULD MAX.1M - Espak E-pood\" \/>\n<meta property=\"og:url\" content=\"https:\/\/espak.ee\/epood\/toode\/saunavalgusti-led-energie-9-kuld-max-1m\/\" \/>\n<meta property=\"og:site_name\" content=\"Espak E-pood\" \/>\n<meta property=\"article:modified_time\" content=\"2026-04-21T09:42:14+00:00\" \/>\n<meta property=\"og:image\" content=\"https:\/\/espak.ee\/epood\/wp-content\/uploads\/2024\/02\/img.php-45.jpg\" \/>\n\t<meta property=\"og:image:width\" content=\"800\" \/>\n\t<meta property=\"og:image:height\" content=\"800\" \/>\n\t<meta property=\"og:image:type\" content=\"image\/jpeg\" \/>\n<meta name=\"twitter:card\" content=\"summary_large_image\" \/>\n<meta name=\"twitter:label1\" content=\"Est. reading time\" \/>\n\t<meta name=\"twitter:data1\" content=\"1 minut\" \/>\n<script type=\"application\/ld+json\" class=\"yoast-schema-graph\">{\"@context\":\"https:\/\/schema.org\",\"@graph\":[{\"@type\":\"WebPage\",\"@id\":\"https:\/\/espak.ee\/epood\/toode\/saunavalgusti-led-energie-9-kuld-max-1m\/\",\"url\":\"https:\/\/espak.ee\/epood\/toode\/saunavalgusti-led-energie-9-kuld-max-1m\/\",\"name\":\"SAUNAVALGUSTI LED ENERGIE 9 KULD MAX.1M - Espak E-pood\",\"isPartOf\":{\"@id\":\"https:\/\/espak.ee\/epood\/#website\"},\"primaryImageOfPage\":{\"@id\":\"https:\/\/espak.ee\/epood\/toode\/saunavalgusti-led-energie-9-kuld-max-1m\/#primaryimage\"},\"image\":{\"@id\":\"https:\/\/espak.ee\/epood\/toode\/saunavalgusti-led-energie-9-kuld-max-1m\/#primaryimage\"},\"thumbnailUrl\":\"https:\/\/espak.ee\/epood\/wp-content\/uploads\/2024\/02\/img.php-45.jpg\",\"datePublished\":\"2024-02-10T03:05:02+00:00\",\"dateModified\":\"2026-04-21T09:42:14+00:00\",\"breadcrumb\":{\"@id\":\"https:\/\/espak.ee\/epood\/toode\/saunavalgusti-led-energie-9-kuld-max-1m\/#breadcrumb\"},\"inLanguage\":\"et\",\"potentialAction\":[{\"@type\":\"ReadAction\",\"target\":[\"https:\/\/espak.ee\/epood\/toode\/saunavalgusti-led-energie-9-kuld-max-1m\/\"]}]},{\"@type\":\"ImageObject\",\"inLanguage\":\"et\",\"@id\":\"https:\/\/espak.ee\/epood\/toode\/saunavalgusti-led-energie-9-kuld-max-1m\/#primaryimage\",\"url\":\"https:\/\/espak.ee\/epood\/wp-content\/uploads\/2024\/02\/img.php-45.jpg\",\"contentUrl\":\"https:\/\/espak.ee\/epood\/wp-content\/uploads\/2024\/02\/img.php-45.jpg\",\"width\":800,\"height\":800},{\"@type\":\"BreadcrumbList\",\"@id\":\"https:\/\/espak.ee\/epood\/toode\/saunavalgusti-led-energie-9-kuld-max-1m\/#breadcrumb\",\"itemListElement\":[{\"@type\":\"ListItem\",\"position\":1,\"name\":\"Home\",\"item\":\"https:\/\/espak.ee\/epood\/\"},{\"@type\":\"ListItem\",\"position\":2,\"name\":\"Tootevalik\",\"item\":\"https:\/\/espak.ee\/epood\/tootevalik\/\"},{\"@type\":\"ListItem\",\"position\":3,\"name\":\"SAUNAVALGUSTI LED ENERGIE 9 KULD MAX.1M\"}]},{\"@type\":\"WebSite\",\"@id\":\"https:\/\/espak.ee\/epood\/#website\",\"url\":\"https:\/\/espak.ee\/epood\/\",\"name\":\"Espak E-pood\",\"description\":\"\",\"potentialAction\":[{\"@type\":\"SearchAction\",\"target\":{\"@type\":\"EntryPoint\",\"urlTemplate\":\"https:\/\/espak.ee\/epood\/?s={search_term_string}\"},\"query-input\":{\"@type\":\"PropertyValueSpecification\",\"valueRequired\":true,\"valueName\":\"search_term_string\"}}],\"inLanguage\":\"et\"}]}<\/script>\n<!-- \/ Yoast SEO plugin. -->","yoast_head_json":{"title":"SAUNAVALGUSTI LED ENERGIE 9 KULD MAX.1M - Espak E-pood","robots":{"index":"index","follow":"follow","max-snippet":"max-snippet:-1","max-image-preview":"max-image-preview:large","max-video-preview":"max-video-preview:-1"},"canonical":"https:\/\/espak.ee\/epood\/toode\/saunavalgusti-led-energie-9-kuld-max-1m\/","og_locale":"et_EE","og_type":"article","og_title":"SAUNAVALGUSTI LED ENERGIE 9 KULD MAX.1M - Espak E-pood","og_url":"https:\/\/espak.ee\/epood\/toode\/saunavalgusti-led-energie-9-kuld-max-1m\/","og_site_name":"Espak E-pood","article_modified_time":"2026-04-21T09:42:14+00:00","og_image":[{"width":800,"height":800,"url":"https:\/\/espak.ee\/epood\/wp-content\/uploads\/2024\/02\/img.php-45.jpg","type":"image\/jpeg"}],"twitter_card":"summary_large_image","twitter_misc":{"Est. reading time":"1 minut"},"schema":{"@context":"https:\/\/schema.org","@graph":[{"@type":"WebPage","@id":"https:\/\/espak.ee\/epood\/toode\/saunavalgusti-led-energie-9-kuld-max-1m\/","url":"https:\/\/espak.ee\/epood\/toode\/saunavalgusti-led-energie-9-kuld-max-1m\/","name":"SAUNAVALGUSTI LED ENERGIE 9 KULD MAX.1M - Espak E-pood","isPartOf":{"@id":"https:\/\/espak.ee\/epood\/#website"},"primaryImageOfPage":{"@id":"https:\/\/espak.ee\/epood\/toode\/saunavalgusti-led-energie-9-kuld-max-1m\/#primaryimage"},"image":{"@id":"https:\/\/espak.ee\/epood\/toode\/saunavalgusti-led-energie-9-kuld-max-1m\/#primaryimage"},"thumbnailUrl":"https:\/\/espak.ee\/epood\/wp-content\/uploads\/2024\/02\/img.php-45.jpg","datePublished":"2024-02-10T03:05:02+00:00","dateModified":"2026-04-21T09:42:14+00:00","breadcrumb":{"@id":"https:\/\/espak.ee\/epood\/toode\/saunavalgusti-led-energie-9-kuld-max-1m\/#breadcrumb"},"inLanguage":"et","potentialAction":[{"@type":"ReadAction","target":["https:\/\/espak.ee\/epood\/toode\/saunavalgusti-led-energie-9-kuld-max-1m\/"]}]},{"@type":"ImageObject","inLanguage":"et","@id":"https:\/\/espak.ee\/epood\/toode\/saunavalgusti-led-energie-9-kuld-max-1m\/#primaryimage","url":"https:\/\/espak.ee\/epood\/wp-content\/uploads\/2024\/02\/img.php-45.jpg","contentUrl":"https:\/\/espak.ee\/epood\/wp-content\/uploads\/2024\/02\/img.php-45.jpg","width":800,"height":800},{"@type":"BreadcrumbList","@id":"https:\/\/espak.ee\/epood\/toode\/saunavalgusti-led-energie-9-kuld-max-1m\/#breadcrumb","itemListElement":[{"@type":"ListItem","position":1,"name":"Home","item":"https:\/\/espak.ee\/epood\/"},{"@type":"ListItem","position":2,"name":"Tootevalik","item":"https:\/\/espak.ee\/epood\/tootevalik\/"},{"@type":"ListItem","position":3,"name":"SAUNAVALGUSTI LED ENERGIE 9 KULD MAX.1M"}]},{"@type":"WebSite","@id":"https:\/\/espak.ee\/epood\/#website","url":"https:\/\/espak.ee\/epood\/","name":"Espak E-pood","description":"","potentialAction":[{"@type":"SearchAction","target":{"@type":"EntryPoint","urlTemplate":"https:\/\/espak.ee\/epood\/?s={search_term_string}"},"query-input":{"@type":"PropertyValueSpecification","valueRequired":true,"valueName":"search_term_string"}}],"inLanguage":"et"}]}},"_links":{"self":[{"href":"https:\/\/espak.ee\/epood\/wp-json\/wp\/v2\/product\/188398","targetHints":{"allow":["GET"]}}],"collection":[{"href":"https:\/\/espak.ee\/epood\/wp-json\/wp\/v2\/product"}],"about":[{"href":"https:\/\/espak.ee\/epood\/wp-json\/wp\/v2\/types\/product"}],"replies":[{"embeddable":true,"href":"https:\/\/espak.ee\/epood\/wp-json\/wp\/v2\/comments?post=188398"}],"wp:featuredmedia":[{"embeddable":true,"href":"https:\/\/espak.ee\/epood\/wp-json\/wp\/v2\/media\/188495"}],"wp:attachment":[{"href":"https:\/\/espak.ee\/epood\/wp-json\/wp\/v2\/media?parent=188398"}],"wp:term":[{"taxonomy":"product_brand","embeddable":true,"href":"https:\/\/espak.ee\/epood\/wp-json\/wp\/v2\/product_brand?post=188398"},{"taxonomy":"product_cat","embeddable":true,"href":"https:\/\/espak.ee\/epood\/wp-json\/wp\/v2\/product_cat?post=188398"},{"taxonomy":"product_tag","embeddable":true,"href":"https:\/\/espak.ee\/epood\/wp-json\/wp\/v2\/product_tag?post=188398"}],"curies":[{"name":"wp","href":"https:\/\/api.w.org\/{rel}","templated":true}]}}