{"id":182336,"date":"2023-11-30T13:13:48","date_gmt":"2023-11-30T11:13:48","guid":{"rendered":"https:\/\/espak.ee\/epood\/?post_type=product&#038;p=182336"},"modified":"2025-07-21T01:38:56","modified_gmt":"2025-07-20T22:38:56","slug":"jarkamissaag-makita-ls0816f","status":"publish","type":"product","link":"https:\/\/espak.ee\/epood\/toode\/jarkamissaag-makita-ls0816f\/","title":{"rendered":"J\u00c4RKAMISSAAG MAKITA LS0816F"},"content":{"rendered":"<div class=\"row\"  id=\"row-2088678613\">\n\n\t<div id=\"col-524254961\" class=\"col medium-9 small-12 large-9\"  >\n\t\t\t\t<div class=\"col-inner\"  >\n\t\t\t\n\t\t\t\n<h3>J\u00e4rkamissaag Makita <\/h3>\n<p> Suure l\u00f5ikej\u00f5udlusega ja suure tolmueemaldamise kiirusega t\u00fckeldus- ja nurksaag kaksikliugraamil. Spetsiaalselt loodud vastama sihtkasutajate erinevate t\u00f6\u00f6de teostamise n\u00f5uetele. Ideaalne valik kodukasutajale.<\/p>\n<div class=\"message-box relative\" style=\"padding-top:15px;padding-bottom:15px;\"><div class=\"message-box-bg-image bg-fill fill\" ><\/div><div class=\"message-box-bg-overlay bg-fill fill\" ><\/div><div class=\"container relative\"><div class=\"inner last-reset\">\n<div class=\"row\"  id=\"row-2076925437\">\n\n\t<div id=\"col-1852206551\" class=\"col medium-6 small-12 large-6\"  >\n\t\t\t\t<div class=\"col-inner\"  >\n\t\t\t\n\t\t\t\n<p><i class=\"fa fa-check fa-2x\"><\/i><strong> Sujuv k\u00e4ivitus v\u00e4hendab \u00e4kilist k\u00e4ivitusreaktsiooni<\/strong><\/p>\n\t\t<\/div>\n\t\t\t\t\n<style>\n#col-1852206551 > .col-inner {\n  margin: 0px 0px 15px 0px;\n}\n<\/style>\n\t<\/div>\n\n\t\n\n\t<div id=\"col-418248624\" class=\"col medium-6 small-12 large-6\"  >\n\t\t\t\t<div class=\"col-inner\"  >\n\t\t\t\n\t\t\t\n<p><i class=\"fa fa-check fa-2x\"><\/i><strong> Kahekordne isolatsioon<\/strong><\/p>\n\t\t<\/div>\n\t\t\t\t\n<style>\n#col-418248624 > .col-inner {\n  margin: 0px 0px 15px 0px;\n}\n<\/style>\n\t<\/div>\n\n\t\n<\/div>\n<\/div><\/div><\/div>\n\t<div id=\"gap-2138977499\" class=\"gap-element clearfix\" style=\"display:block; height:auto;\">\n\t\t\n<style>\n#gap-2138977499 {\n  padding-top: 30px;\n}\n<\/style>\n\t<\/div>\n\t\n<p>T\u00fckeldus- ja nurksaag kaksikliugraamil LS0816F on v\u00f5imas otseajamiga mootor, mis vajab v\u00e4hem hooldust, pakkudes p\u00f6\u00f6retearvu 5000 p\/min. 216 mm l\u00e4bim\u00f5\u00f5duga ketas v\u00f5imaldab l\u00f5igata materjali kuni 305 mm 90\u00b0 ja 215 mm 45\u00b0 nurga all.<br \/>\nPuhtamaks t\u00f6\u00f6ks on t\u00f5hus tolmueemalduss\u00fcsteem \u00fchendatud otse Makita tolmuimejatega.<br \/>\nLaia t\u00f6\u00f6deldava materjali stabiilsemaks l\u00f5ikamiseks saab vasakul k\u00fcljel asuvat siini v\u00e4lja t\u00f5mmata. LED-lamp t\u00e4pse l\u00f5ikejoone kuvamiseks. L\u00f5ikejoont m\u00e4rgib saeketta vari, mis tagab t\u00e4pse l\u00f5ike igal kasutuskorral.<br \/>\nSujuva k\u00e4ivitamise tagamiseks on masinal aeglase k\u00e4ivitamise funktsioon, mis muudab t\u00f6\u00f6tamise mugavamaks. Seadme trantsportimise h\u00f5lbustamiseks on lisatud kandesang. Kahekordne isolatsioon kasutaja ohutuse tagamiseks.<br \/>\nT\u00f6\u00f6riist on ette n\u00e4htud puidu t\u00e4pseks sirg- ja kaldl\u00f5ikamiseks. Sobivate saeketastega saab l\u00f5igata ka alumiiniumi.<\/p>\n\t\t<\/div>\n\t\t\t\t\t<\/div>\n\n\t\n\n\t<div id=\"col-1741311376\" class=\"col medium-3 small-12 large-3\"  >\n\t\t\t\t<div class=\"col-inner\"  >\n\t\t\t\n\t\t\t\n\t<div id=\"gap-766868482\" class=\"gap-element clearfix\" style=\"display:block; height:auto;\">\n\t\t\n<style>\n#gap-766868482 {\n  padding-top: 30px;\n}\n<\/style>\n\t<\/div>\n\t\n<h3>Kasutusjuhend<\/h3>\n<p><a href=\"https:\/\/espak.ee\/epood\/wp-content\/uploads\/2023\/11\/LS0816F.pdf\"target=\"_blank\" rel=\"noopener noreferrer\"><i class=\"far fa-file-pdf\"><\/i> Kasutusjuhend (PDF)<\/a><\/p>\n<div class=\"is-divider divider clearfix\" ><\/div>\n<p><strong>\u00dcksikasjalikuma n\u00f5u saamiseks v\u00f5tke \u00fchendust:<br \/><\/strong>Espak AS<br \/>Viadukti 42<br \/>11313<br \/>Tallinn<br \/> T\u00f6\u00f6riista osakond +372 6512 335<br \/><a href=\"mailto:tooriist@espak.ee\">tooriist@espak.ee<\/a><\/p>\n\t\t<\/div>\n\t\t\t\t\t<\/div>\n\n\t\n<\/div>\n","protected":false},"excerpt":{"rendered":"","protected":false},"featured_media":182355,"comment_status":"closed","ping_status":"closed","template":"","meta":[],"product_brand":[],"product_cat":[2680,3041,2681,2679],"product_tag":[],"class_list":{"0":"post-182336","1":"product","2":"type-product","3":"status-publish","4":"has-post-thumbnail","6":"product_cat-elektritooriistad","7":"product_cat-jarkamis-ja-nurgasaed","8":"product_cat-masinad-ja-seadmed","9":"product_cat-tooriistad","10":"pa_kaubamark-makita","12":"first","13":"instock","14":"sale","15":"taxable","16":"shipping-taxable","17":"purchasable","18":"product-type-simple"},"yoast_head":"<!-- This site is optimized with the Yoast SEO plugin v26.9 - https:\/\/yoast.com\/product\/yoast-seo-wordpress\/ -->\n<title>J\u00c4RKAMISSAAG MAKITA LS0816F - Espak E-pood<\/title>\n<meta name=\"robots\" content=\"index, follow, max-snippet:-1, max-image-preview:large, max-video-preview:-1\" \/>\n<link rel=\"canonical\" href=\"https:\/\/espak.ee\/epood\/toode\/jarkamissaag-makita-ls0816f\/\" \/>\n<meta property=\"og:locale\" content=\"et_EE\" \/>\n<meta property=\"og:type\" content=\"article\" \/>\n<meta property=\"og:title\" content=\"J\u00c4RKAMISSAAG MAKITA LS0816F - Espak E-pood\" \/>\n<meta property=\"og:url\" content=\"https:\/\/espak.ee\/epood\/toode\/jarkamissaag-makita-ls0816f\/\" \/>\n<meta property=\"og:site_name\" content=\"Espak E-pood\" \/>\n<meta property=\"article:modified_time\" content=\"2025-07-20T22:38:56+00:00\" \/>\n<meta property=\"og:image\" content=\"https:\/\/espak.ee\/epood\/wp-content\/uploads\/2023\/11\/LS0816F_C8R0.jpg\" \/>\n\t<meta property=\"og:image:width\" content=\"800\" \/>\n\t<meta property=\"og:image:height\" content=\"800\" \/>\n\t<meta property=\"og:image:type\" content=\"image\/jpeg\" \/>\n<meta name=\"twitter:card\" content=\"summary_large_image\" \/>\n<meta name=\"twitter:label1\" content=\"Est. reading time\" \/>\n\t<meta name=\"twitter:data1\" content=\"1 minut\" \/>\n<script type=\"application\/ld+json\" class=\"yoast-schema-graph\">{\"@context\":\"https:\/\/schema.org\",\"@graph\":[{\"@type\":\"WebPage\",\"@id\":\"https:\/\/espak.ee\/epood\/toode\/jarkamissaag-makita-ls0816f\/\",\"url\":\"https:\/\/espak.ee\/epood\/toode\/jarkamissaag-makita-ls0816f\/\",\"name\":\"J\u00c4RKAMISSAAG MAKITA LS0816F - Espak E-pood\",\"isPartOf\":{\"@id\":\"https:\/\/espak.ee\/epood\/#website\"},\"primaryImageOfPage\":{\"@id\":\"https:\/\/espak.ee\/epood\/toode\/jarkamissaag-makita-ls0816f\/#primaryimage\"},\"image\":{\"@id\":\"https:\/\/espak.ee\/epood\/toode\/jarkamissaag-makita-ls0816f\/#primaryimage\"},\"thumbnailUrl\":\"https:\/\/espak.ee\/epood\/wp-content\/uploads\/2023\/11\/LS0816F_C8R0.jpg\",\"datePublished\":\"2023-11-30T11:13:48+00:00\",\"dateModified\":\"2025-07-20T22:38:56+00:00\",\"breadcrumb\":{\"@id\":\"https:\/\/espak.ee\/epood\/toode\/jarkamissaag-makita-ls0816f\/#breadcrumb\"},\"inLanguage\":\"et\",\"potentialAction\":[{\"@type\":\"ReadAction\",\"target\":[\"https:\/\/espak.ee\/epood\/toode\/jarkamissaag-makita-ls0816f\/\"]}]},{\"@type\":\"ImageObject\",\"inLanguage\":\"et\",\"@id\":\"https:\/\/espak.ee\/epood\/toode\/jarkamissaag-makita-ls0816f\/#primaryimage\",\"url\":\"https:\/\/espak.ee\/epood\/wp-content\/uploads\/2023\/11\/LS0816F_C8R0.jpg\",\"contentUrl\":\"https:\/\/espak.ee\/epood\/wp-content\/uploads\/2023\/11\/LS0816F_C8R0.jpg\",\"width\":800,\"height\":800},{\"@type\":\"BreadcrumbList\",\"@id\":\"https:\/\/espak.ee\/epood\/toode\/jarkamissaag-makita-ls0816f\/#breadcrumb\",\"itemListElement\":[{\"@type\":\"ListItem\",\"position\":1,\"name\":\"Home\",\"item\":\"https:\/\/espak.ee\/epood\/\"},{\"@type\":\"ListItem\",\"position\":2,\"name\":\"Tootevalik\",\"item\":\"https:\/\/espak.ee\/epood\/tootevalik\/\"},{\"@type\":\"ListItem\",\"position\":3,\"name\":\"J\u00c4RKAMISSAAG MAKITA LS0816F\"}]},{\"@type\":\"WebSite\",\"@id\":\"https:\/\/espak.ee\/epood\/#website\",\"url\":\"https:\/\/espak.ee\/epood\/\",\"name\":\"Espak E-pood\",\"description\":\"\",\"potentialAction\":[{\"@type\":\"SearchAction\",\"target\":{\"@type\":\"EntryPoint\",\"urlTemplate\":\"https:\/\/espak.ee\/epood\/?s={search_term_string}\"},\"query-input\":{\"@type\":\"PropertyValueSpecification\",\"valueRequired\":true,\"valueName\":\"search_term_string\"}}],\"inLanguage\":\"et\"}]}<\/script>\n<!-- \/ Yoast SEO plugin. -->","yoast_head_json":{"title":"J\u00c4RKAMISSAAG MAKITA LS0816F - Espak E-pood","robots":{"index":"index","follow":"follow","max-snippet":"max-snippet:-1","max-image-preview":"max-image-preview:large","max-video-preview":"max-video-preview:-1"},"canonical":"https:\/\/espak.ee\/epood\/toode\/jarkamissaag-makita-ls0816f\/","og_locale":"et_EE","og_type":"article","og_title":"J\u00c4RKAMISSAAG MAKITA LS0816F - Espak E-pood","og_url":"https:\/\/espak.ee\/epood\/toode\/jarkamissaag-makita-ls0816f\/","og_site_name":"Espak E-pood","article_modified_time":"2025-07-20T22:38:56+00:00","og_image":[{"width":800,"height":800,"url":"https:\/\/espak.ee\/epood\/wp-content\/uploads\/2023\/11\/LS0816F_C8R0.jpg","type":"image\/jpeg"}],"twitter_card":"summary_large_image","twitter_misc":{"Est. reading time":"1 minut"},"schema":{"@context":"https:\/\/schema.org","@graph":[{"@type":"WebPage","@id":"https:\/\/espak.ee\/epood\/toode\/jarkamissaag-makita-ls0816f\/","url":"https:\/\/espak.ee\/epood\/toode\/jarkamissaag-makita-ls0816f\/","name":"J\u00c4RKAMISSAAG MAKITA LS0816F - Espak E-pood","isPartOf":{"@id":"https:\/\/espak.ee\/epood\/#website"},"primaryImageOfPage":{"@id":"https:\/\/espak.ee\/epood\/toode\/jarkamissaag-makita-ls0816f\/#primaryimage"},"image":{"@id":"https:\/\/espak.ee\/epood\/toode\/jarkamissaag-makita-ls0816f\/#primaryimage"},"thumbnailUrl":"https:\/\/espak.ee\/epood\/wp-content\/uploads\/2023\/11\/LS0816F_C8R0.jpg","datePublished":"2023-11-30T11:13:48+00:00","dateModified":"2025-07-20T22:38:56+00:00","breadcrumb":{"@id":"https:\/\/espak.ee\/epood\/toode\/jarkamissaag-makita-ls0816f\/#breadcrumb"},"inLanguage":"et","potentialAction":[{"@type":"ReadAction","target":["https:\/\/espak.ee\/epood\/toode\/jarkamissaag-makita-ls0816f\/"]}]},{"@type":"ImageObject","inLanguage":"et","@id":"https:\/\/espak.ee\/epood\/toode\/jarkamissaag-makita-ls0816f\/#primaryimage","url":"https:\/\/espak.ee\/epood\/wp-content\/uploads\/2023\/11\/LS0816F_C8R0.jpg","contentUrl":"https:\/\/espak.ee\/epood\/wp-content\/uploads\/2023\/11\/LS0816F_C8R0.jpg","width":800,"height":800},{"@type":"BreadcrumbList","@id":"https:\/\/espak.ee\/epood\/toode\/jarkamissaag-makita-ls0816f\/#breadcrumb","itemListElement":[{"@type":"ListItem","position":1,"name":"Home","item":"https:\/\/espak.ee\/epood\/"},{"@type":"ListItem","position":2,"name":"Tootevalik","item":"https:\/\/espak.ee\/epood\/tootevalik\/"},{"@type":"ListItem","position":3,"name":"J\u00c4RKAMISSAAG MAKITA LS0816F"}]},{"@type":"WebSite","@id":"https:\/\/espak.ee\/epood\/#website","url":"https:\/\/espak.ee\/epood\/","name":"Espak E-pood","description":"","potentialAction":[{"@type":"SearchAction","target":{"@type":"EntryPoint","urlTemplate":"https:\/\/espak.ee\/epood\/?s={search_term_string}"},"query-input":{"@type":"PropertyValueSpecification","valueRequired":true,"valueName":"search_term_string"}}],"inLanguage":"et"}]}},"_links":{"self":[{"href":"https:\/\/espak.ee\/epood\/wp-json\/wp\/v2\/product\/182336","targetHints":{"allow":["GET"]}}],"collection":[{"href":"https:\/\/espak.ee\/epood\/wp-json\/wp\/v2\/product"}],"about":[{"href":"https:\/\/espak.ee\/epood\/wp-json\/wp\/v2\/types\/product"}],"replies":[{"embeddable":true,"href":"https:\/\/espak.ee\/epood\/wp-json\/wp\/v2\/comments?post=182336"}],"wp:featuredmedia":[{"embeddable":true,"href":"https:\/\/espak.ee\/epood\/wp-json\/wp\/v2\/media\/182355"}],"wp:attachment":[{"href":"https:\/\/espak.ee\/epood\/wp-json\/wp\/v2\/media?parent=182336"}],"wp:term":[{"taxonomy":"product_brand","embeddable":true,"href":"https:\/\/espak.ee\/epood\/wp-json\/wp\/v2\/product_brand?post=182336"},{"taxonomy":"product_cat","embeddable":true,"href":"https:\/\/espak.ee\/epood\/wp-json\/wp\/v2\/product_cat?post=182336"},{"taxonomy":"product_tag","embeddable":true,"href":"https:\/\/espak.ee\/epood\/wp-json\/wp\/v2\/product_tag?post=182336"}],"curies":[{"name":"wp","href":"https:\/\/api.w.org\/{rel}","templated":true}]}}