{"id":17588,"date":"2020-03-31T03:30:20","date_gmt":"2020-03-31T00:30:20","guid":{"rendered":"https:\/\/espak.ee\/hinnakiri\/?post_type=product&#038;p=17588"},"modified":"2026-04-15T15:56:15","modified_gmt":"2026-04-15T12:56:15","slug":"tookinnas-7108-supracoat-m-8","status":"publish","type":"product","link":"https:\/\/espak.ee\/epood\/toode\/tookinnas-7108-supracoat-m-8\/","title":{"rendered":"T\u00d6\u00d6KINNAS 7108 SUPRACOAT M\/8"},"content":{"rendered":"<div class=\"row\"  id=\"row-916706008\">\n\n\t<div id=\"col-851159028\" class=\"col medium-9 small-12 large-9\"  >\n\t\t\t\t<div class=\"col-inner\"  >\n\t\t\t\n\t\t\t\n<h2>WORTEX SupraCoat s\u00fcnteetilised t\u00f6\u00f6kindad<\/h2>\n<p>Kinda peopesa materjal SupraCoat on k\u00f5rgekvaliteediline pol\u00fcretaaniga kaetud kangas, mis on suurep\u00e4rase haarduvusega, heade hingamisomadustega, vetth\u00fclgav ja suurendatud mehaanilise kestvusega. K\u00e4eselja kangas on mustust ja niiskust h\u00fclgavast nailonist, randmel sisse \u00f5mmeldud elastne kummisoonik. Kindal on vetth\u00fclgav peopesa.<\/p>\n\t<div id=\"gap-89981203\" class=\"gap-element clearfix\" style=\"display:block; height:auto;\">\n\t\t\n<style>\n#gap-89981203 {\n  padding-top: 30px;\n}\n<\/style>\n\t<\/div>\n\t\n<h3>Kasutamise \u00fcksikasjad<\/h3>\n<p><strong>Kasutusala:<\/strong> Sobivad kasutamiseks ehitusel, t\u00f6\u00f6stuses, p\u00f5llumajandus- ja kodumajapidamist\u00f6\u00f6del jne.<\/p>\n\t\t<\/div>\n\t\t\t\t\t<\/div>\n\n\t\n\n\t<div id=\"col-1785517922\" class=\"col medium-3 small-12 large-3\"  >\n\t\t\t\t<div class=\"col-inner\"  >\n\t\t\t\n\t\t\t\n\t<div id=\"gap-1090681717\" class=\"gap-element clearfix\" style=\"display:block; height:auto;\">\n\t\t\n<style>\n#gap-1090681717 {\n  padding-top: 30px;\n}\n<\/style>\n\t<\/div>\n\t\n<div class=\"is-divider divider clearfix\" ><\/div>\n<p><strong>\u00dcksikasjalikuma n\u00f5u saamiseks v\u00f5tke \u00fchendust:<br \/><\/strong>Becky AS<br \/>Laki 30A \/ Kadaka tee 129<br \/>12915<br \/>Tallinn<br \/>+372 670 6880<\/p>\n<div class=\"is-divider divider clearfix\" ><\/div>\n\t\t<\/div>\n\t\t\t\t\t<\/div>\n\n\t\n<\/div>\n","protected":false},"excerpt":{"rendered":"","protected":false},"featured_media":18363,"comment_status":"closed","ping_status":"open","template":"","meta":[],"product_brand":[],"product_cat":[2788,2976,2980,2972],"product_tag":[],"class_list":{"0":"post-17588","1":"product","2":"type-product","3":"status-publish","4":"has-post-thumbnail","6":"product_cat-aiatarbed-ja-kodukaubad","7":"product_cat-kindad","8":"product_cat-nahk-riie-kindad","9":"product_cat-tookaitsevahendid","10":"pa_kaubamark-becky-as","12":"first","13":"instock","14":"sale","15":"taxable","16":"shipping-taxable","17":"purchasable","18":"product-type-simple"},"yoast_head":"<!-- This site is optimized with the Yoast SEO plugin v26.9 - https:\/\/yoast.com\/product\/yoast-seo-wordpress\/ -->\n<title>T\u00d6\u00d6KINNAS 7108 SUPRACOAT M\/8 - Espak E-pood<\/title>\n<meta name=\"robots\" content=\"index, follow, max-snippet:-1, max-image-preview:large, max-video-preview:-1\" \/>\n<link rel=\"canonical\" href=\"https:\/\/espak.ee\/epood\/toode\/tookinnas-7108-supracoat-m-8\/\" \/>\n<meta property=\"og:locale\" content=\"et_EE\" \/>\n<meta property=\"og:type\" content=\"article\" \/>\n<meta property=\"og:title\" content=\"T\u00d6\u00d6KINNAS 7108 SUPRACOAT M\/8 - Espak E-pood\" \/>\n<meta property=\"og:url\" content=\"https:\/\/espak.ee\/epood\/toode\/tookinnas-7108-supracoat-m-8\/\" \/>\n<meta property=\"og:site_name\" content=\"Espak E-pood\" \/>\n<meta property=\"article:modified_time\" content=\"2026-04-15T12:56:15+00:00\" \/>\n<meta property=\"og:image\" content=\"https:\/\/espak.ee\/epood\/wp-content\/uploads\/WORTEX-SUPRACOAT-S\u00dcNTEETILISED-T\u00d6\u00d6KINDAD-7107\u20267111.png\" \/>\n\t<meta property=\"og:image:width\" content=\"470\" \/>\n\t<meta property=\"og:image:height\" content=\"470\" \/>\n\t<meta property=\"og:image:type\" content=\"image\/png\" \/>\n<meta name=\"twitter:card\" content=\"summary_large_image\" \/>\n<script type=\"application\/ld+json\" class=\"yoast-schema-graph\">{\"@context\":\"https:\/\/schema.org\",\"@graph\":[{\"@type\":\"WebPage\",\"@id\":\"https:\/\/espak.ee\/epood\/toode\/tookinnas-7108-supracoat-m-8\/\",\"url\":\"https:\/\/espak.ee\/epood\/toode\/tookinnas-7108-supracoat-m-8\/\",\"name\":\"T\u00d6\u00d6KINNAS 7108 SUPRACOAT M\/8 - Espak E-pood\",\"isPartOf\":{\"@id\":\"https:\/\/espak.ee\/epood\/#website\"},\"primaryImageOfPage\":{\"@id\":\"https:\/\/espak.ee\/epood\/toode\/tookinnas-7108-supracoat-m-8\/#primaryimage\"},\"image\":{\"@id\":\"https:\/\/espak.ee\/epood\/toode\/tookinnas-7108-supracoat-m-8\/#primaryimage\"},\"thumbnailUrl\":\"https:\/\/espak.ee\/epood\/wp-content\/uploads\/WORTEX-SUPRACOAT-S\u00dcNTEETILISED-T\u00d6\u00d6KINDAD-7107\u20267111.png\",\"datePublished\":\"2020-03-31T00:30:20+00:00\",\"dateModified\":\"2026-04-15T12:56:15+00:00\",\"breadcrumb\":{\"@id\":\"https:\/\/espak.ee\/epood\/toode\/tookinnas-7108-supracoat-m-8\/#breadcrumb\"},\"inLanguage\":\"et\",\"potentialAction\":[{\"@type\":\"ReadAction\",\"target\":[\"https:\/\/espak.ee\/epood\/toode\/tookinnas-7108-supracoat-m-8\/\"]}]},{\"@type\":\"ImageObject\",\"inLanguage\":\"et\",\"@id\":\"https:\/\/espak.ee\/epood\/toode\/tookinnas-7108-supracoat-m-8\/#primaryimage\",\"url\":\"https:\/\/espak.ee\/epood\/wp-content\/uploads\/WORTEX-SUPRACOAT-S\u00dcNTEETILISED-T\u00d6\u00d6KINDAD-7107\u20267111.png\",\"contentUrl\":\"https:\/\/espak.ee\/epood\/wp-content\/uploads\/WORTEX-SUPRACOAT-S\u00dcNTEETILISED-T\u00d6\u00d6KINDAD-7107\u20267111.png\",\"width\":470,\"height\":470},{\"@type\":\"BreadcrumbList\",\"@id\":\"https:\/\/espak.ee\/epood\/toode\/tookinnas-7108-supracoat-m-8\/#breadcrumb\",\"itemListElement\":[{\"@type\":\"ListItem\",\"position\":1,\"name\":\"Home\",\"item\":\"https:\/\/espak.ee\/epood\/\"},{\"@type\":\"ListItem\",\"position\":2,\"name\":\"Tootevalik\",\"item\":\"https:\/\/espak.ee\/epood\/tootevalik\/\"},{\"@type\":\"ListItem\",\"position\":3,\"name\":\"T\u00d6\u00d6KINNAS 7108 SUPRACOAT M\/8\"}]},{\"@type\":\"WebSite\",\"@id\":\"https:\/\/espak.ee\/epood\/#website\",\"url\":\"https:\/\/espak.ee\/epood\/\",\"name\":\"Espak E-pood\",\"description\":\"\",\"potentialAction\":[{\"@type\":\"SearchAction\",\"target\":{\"@type\":\"EntryPoint\",\"urlTemplate\":\"https:\/\/espak.ee\/epood\/?s={search_term_string}\"},\"query-input\":{\"@type\":\"PropertyValueSpecification\",\"valueRequired\":true,\"valueName\":\"search_term_string\"}}],\"inLanguage\":\"et\"}]}<\/script>\n<!-- \/ Yoast SEO plugin. -->","yoast_head_json":{"title":"T\u00d6\u00d6KINNAS 7108 SUPRACOAT M\/8 - Espak E-pood","robots":{"index":"index","follow":"follow","max-snippet":"max-snippet:-1","max-image-preview":"max-image-preview:large","max-video-preview":"max-video-preview:-1"},"canonical":"https:\/\/espak.ee\/epood\/toode\/tookinnas-7108-supracoat-m-8\/","og_locale":"et_EE","og_type":"article","og_title":"T\u00d6\u00d6KINNAS 7108 SUPRACOAT M\/8 - Espak E-pood","og_url":"https:\/\/espak.ee\/epood\/toode\/tookinnas-7108-supracoat-m-8\/","og_site_name":"Espak E-pood","article_modified_time":"2026-04-15T12:56:15+00:00","og_image":[{"width":470,"height":470,"url":"https:\/\/espak.ee\/epood\/wp-content\/uploads\/WORTEX-SUPRACOAT-S\u00dcNTEETILISED-T\u00d6\u00d6KINDAD-7107\u20267111.png","type":"image\/png"}],"twitter_card":"summary_large_image","schema":{"@context":"https:\/\/schema.org","@graph":[{"@type":"WebPage","@id":"https:\/\/espak.ee\/epood\/toode\/tookinnas-7108-supracoat-m-8\/","url":"https:\/\/espak.ee\/epood\/toode\/tookinnas-7108-supracoat-m-8\/","name":"T\u00d6\u00d6KINNAS 7108 SUPRACOAT M\/8 - Espak E-pood","isPartOf":{"@id":"https:\/\/espak.ee\/epood\/#website"},"primaryImageOfPage":{"@id":"https:\/\/espak.ee\/epood\/toode\/tookinnas-7108-supracoat-m-8\/#primaryimage"},"image":{"@id":"https:\/\/espak.ee\/epood\/toode\/tookinnas-7108-supracoat-m-8\/#primaryimage"},"thumbnailUrl":"https:\/\/espak.ee\/epood\/wp-content\/uploads\/WORTEX-SUPRACOAT-S\u00dcNTEETILISED-T\u00d6\u00d6KINDAD-7107\u20267111.png","datePublished":"2020-03-31T00:30:20+00:00","dateModified":"2026-04-15T12:56:15+00:00","breadcrumb":{"@id":"https:\/\/espak.ee\/epood\/toode\/tookinnas-7108-supracoat-m-8\/#breadcrumb"},"inLanguage":"et","potentialAction":[{"@type":"ReadAction","target":["https:\/\/espak.ee\/epood\/toode\/tookinnas-7108-supracoat-m-8\/"]}]},{"@type":"ImageObject","inLanguage":"et","@id":"https:\/\/espak.ee\/epood\/toode\/tookinnas-7108-supracoat-m-8\/#primaryimage","url":"https:\/\/espak.ee\/epood\/wp-content\/uploads\/WORTEX-SUPRACOAT-S\u00dcNTEETILISED-T\u00d6\u00d6KINDAD-7107\u20267111.png","contentUrl":"https:\/\/espak.ee\/epood\/wp-content\/uploads\/WORTEX-SUPRACOAT-S\u00dcNTEETILISED-T\u00d6\u00d6KINDAD-7107\u20267111.png","width":470,"height":470},{"@type":"BreadcrumbList","@id":"https:\/\/espak.ee\/epood\/toode\/tookinnas-7108-supracoat-m-8\/#breadcrumb","itemListElement":[{"@type":"ListItem","position":1,"name":"Home","item":"https:\/\/espak.ee\/epood\/"},{"@type":"ListItem","position":2,"name":"Tootevalik","item":"https:\/\/espak.ee\/epood\/tootevalik\/"},{"@type":"ListItem","position":3,"name":"T\u00d6\u00d6KINNAS 7108 SUPRACOAT M\/8"}]},{"@type":"WebSite","@id":"https:\/\/espak.ee\/epood\/#website","url":"https:\/\/espak.ee\/epood\/","name":"Espak E-pood","description":"","potentialAction":[{"@type":"SearchAction","target":{"@type":"EntryPoint","urlTemplate":"https:\/\/espak.ee\/epood\/?s={search_term_string}"},"query-input":{"@type":"PropertyValueSpecification","valueRequired":true,"valueName":"search_term_string"}}],"inLanguage":"et"}]}},"_links":{"self":[{"href":"https:\/\/espak.ee\/epood\/wp-json\/wp\/v2\/product\/17588","targetHints":{"allow":["GET"]}}],"collection":[{"href":"https:\/\/espak.ee\/epood\/wp-json\/wp\/v2\/product"}],"about":[{"href":"https:\/\/espak.ee\/epood\/wp-json\/wp\/v2\/types\/product"}],"replies":[{"embeddable":true,"href":"https:\/\/espak.ee\/epood\/wp-json\/wp\/v2\/comments?post=17588"}],"wp:featuredmedia":[{"embeddable":true,"href":"https:\/\/espak.ee\/epood\/wp-json\/wp\/v2\/media\/18363"}],"wp:attachment":[{"href":"https:\/\/espak.ee\/epood\/wp-json\/wp\/v2\/media?parent=17588"}],"wp:term":[{"taxonomy":"product_brand","embeddable":true,"href":"https:\/\/espak.ee\/epood\/wp-json\/wp\/v2\/product_brand?post=17588"},{"taxonomy":"product_cat","embeddable":true,"href":"https:\/\/espak.ee\/epood\/wp-json\/wp\/v2\/product_cat?post=17588"},{"taxonomy":"product_tag","embeddable":true,"href":"https:\/\/espak.ee\/epood\/wp-json\/wp\/v2\/product_tag?post=17588"}],"curies":[{"name":"wp","href":"https:\/\/api.w.org\/{rel}","templated":true}]}}