{"id":175625,"date":"2023-10-09T19:59:53","date_gmt":"2023-10-09T16:59:53","guid":{"rendered":"https:\/\/espak.ee\/epood\/?post_type=product&#038;p=175625"},"modified":"2025-12-21T16:32:44","modified_gmt":"2025-12-21T14:32:44","slug":"silikoon-penosil-339-general-valge-280ml","status":"publish","type":"product","link":"https:\/\/espak.ee\/epood\/toode\/silikoon-penosil-339-general-valge-280ml\/","title":{"rendered":"SILIKOON PENOSIL 339 GENERAL VALGE 280ML"},"content":{"rendered":"<div class=\"row\"  id=\"row-428682702\">\n\n\t<div id=\"col-712804749\" class=\"col medium-9 small-12 large-9\"  >\n\t\t\t\t<div class=\"col-inner\"  >\n\t\t\t\n\t\t\t\n<h3>PENOSIL General Silicone 339 mitmeotstarbeline neutraalne silikoon 280ml<\/h3>\n<p>PENOSIL General Silicone 339 silikoon on mitmeotstarbeline neutraalne silikoon, mis \u00fchendab endas silikooni ja liimi parimad omadused, kasutatav paljude hermeetikute ja liimide asendusena.<\/p>\n<div class=\"message-box relative\" style=\"padding-top:15px;padding-bottom:15px;\"><div class=\"message-box-bg-image bg-fill fill\" ><\/div><div class=\"message-box-bg-overlay bg-fill fill\" ><\/div><div class=\"container relative\"><div class=\"inner last-reset\">\n<div class=\"row align-middle align-center\"  id=\"row-974689540\">\n\n\t<div id=\"col-6371681\" class=\"col small-12 large-12\"  >\n\t\t\t\t<div class=\"col-inner text-left\"  >\n\t\t\t\n\t\t\t\n<h4>Omadused<\/h4>\n<div class=\"row\"  id=\"row-2120003243\">\n\n\t<div id=\"col-378959157\" class=\"col medium-6 small-12 large-6\"  >\n\t\t\t\t<div class=\"col-inner\"  >\n\t\t\t\n\t\t\t\n<p><i class=\"fa fa-check fa-2x\"><\/i> <strong> Kvaliteetne kaks \u00fches liimhermeetik<\/strong><\/p>\n<p><i class=\"fa fa-check fa-2x\"><\/i> <strong> Sobib kergelt leeliselistele, happelistele ja metallpindadele<\/strong><\/p>\n<p><i class=\"fa fa-check fa-2x\"><\/i> <strong> Sobib kasutamiseks marmori ja looduskiviga<\/strong><\/p>\n\t\t<\/div>\n\t\t\t\t\n<style>\n#col-378959157 > .col-inner {\n  margin: 0px 0px 15px 0px;\n}\n<\/style>\n\t<\/div>\n\n\t\n\n\t<div id=\"col-1180236892\" class=\"col medium-6 small-12 large-6\"  >\n\t\t\t\t<div class=\"col-inner\"  >\n\t\t\t\n\t\t\t\n<p><i class=\"fa fa-check fa-2x\"><\/i> <strong> Talub temperatuure \u201360\u00b0C kuni +200\u00b0C<\/strong><\/p>\n<p><i class=\"fa fa-check fa-2x\"><\/i> <strong> Hallitus-, UV-, niiskus- ja ilmastikukindel<\/strong><\/p>\n<p><i class=\"fa fa-check fa-2x\"><\/i> <strong> Ei kahane tardumise ajal<\/strong><\/p>\n\t\t<\/div>\n\t\t\t\t\n<style>\n#col-1180236892 > .col-inner {\n  margin: 0px 0px 15px 0px;\n}\n<\/style>\n\t<\/div>\n\n\t\n<\/div>\n\t\t<\/div>\n\t\t\t\t\t<\/div>\n\n\t\n<\/div>\n<\/div><\/div><\/div>\n\t<div id=\"gap-1564914707\" class=\"gap-element clearfix\" style=\"display:block; height:auto;\">\n\t\t\n<style>\n#gap-1564914707 {\n  padding-top: 30px;\n}\n<\/style>\n\t<\/div>\n\t\n<h3>Kasutamise \u00fcksikasjad<\/h3>\n<p><strong>Kasutusalad:<\/strong><br \/>\n> Ehitus-, viimistlus- ja tihendust\u00f6\u00f6deks.<br \/>\n> Sanitaar- ja m\u00e4rgruumide tihendust\u00f6\u00f6deks.<br \/>\n> Katuse- ja fassaadit\u00f6\u00f6deks.<br \/>\n> Ornamentide, liistude jne paigaldamiseks.<br \/>\n> Loodusliku kivi ja muude keerukate materjalide tihendamiseks.<br \/>\nNakkuvus: Puit, betoon, keraamika, kivid, metallid, klaas, peeglid, j\u00e4ik PVC,  ning v\u00e4rvitud ja lakitud pinnad. <\/p>\n<p><strong>Kasutusjuhend:<\/strong><br \/>\nL\u00f5igake padruni keermestatud ots lahti ja keerake sellele silikooni suunamiseks paigaldusotsik. L\u00f5igake keermestatud ots 45\u00b0 nurga all lahti nii, et avaus oleks piisav toote paigaldamiseks. Pange padrun koos v\u00e4ljastusotsikuga p\u00fcstolisse ja t\u00e4itke otsik silikooniga, vajutades korduvalt p\u00fcstoli p\u00e4\u00e4stikut. Kandke silikoon vuuki, surudes korduvalt ja \u00fchtlaselt p\u00fcstoli p\u00e4\u00e4stikule ning libistades otsikut sujuvalt m\u00f6\u00f6da vuuki.<\/p>\n<p>P\u00e4rast silikooni pealekandmist siluge silikoon kummist kaabitsa abil ja eemaldage \u00fcleliigne materjal.\n<\/p>\n<p><strong>N\u00e4pun\u00e4ited:<\/strong><br \/>\nLiimitavad pinnad peavad olema rasva-, \u00f5li-, tolmu- ja prahivabad. Kaetav pind peab olema kuiv.<br \/>\nTagage k\u00f5ikide vuukide juures piisav ventilatsioon.<br \/>\nHoolitsege, et tardumisaja jooksul ei settiks pinnale mustust ja vuuk ei satuks mehaanilise koormuse alla.<br \/>\nMitte kasutada temperatuuril alla +5 \u00b0C.<br \/>\nTardumata hermeetiku saab k\u00e4telt ja t\u00f6\u00f6riistadelt eemaldada puhastuslappidega PENOSIL Premium Cleaning Wipes.<br \/>\nTardunud hermeetiku saab eemaldada mehaaniliselt.<\/p>\n<p><strong>Kitsendused:<\/strong><br \/>\n\u00c4rge kasutage akvaariumite ja veealuste vuukide tihendamiseks.<br \/>\n\u00c4rge kasutage fassaadit\u00f6\u00f6del liimina.<br \/>\nSilikooni ei saa v\u00e4rvida.<\/p>\n\t\t<\/div>\n\t\t\t\t\t<\/div>\n\n\t\n\n\t<div id=\"col-1006604846\" class=\"col medium-3 small-12 large-3\"  >\n\t\t\t\t<div class=\"col-inner\"  >\n\t\t\t\n\t\t\t\n<h3>Ohutuskaart<\/h3>\n<p><a href=\"https:\/\/espak.ee\/epood\/wp-content\/uploads\/2023\/10\/339_Penosil_General_Silicone_339c_color-white_SDS_et-EE.pdf\"target=\"_blank\" rel=\"noopener noreferrer\"><i class=\"far fa-file-pdf\"><\/i> Ohutuskaart (PDF)<\/a><\/p>\n<div class=\"is-divider divider clearfix\" ><\/div>\n<p><strong>\u00dcksikasjalikuma n\u00f5u saamiseks v\u00f5tke \u00fchendust:<br \/><\/strong>Wolf Group O\u00dc<br \/>Suur-Paala 6<br \/>13619<br \/>Tallinn<br \/>+372 605 9301<\/p>\n\t\t<\/div>\n\t\t\t\t\t<\/div>\n\n\t\n<\/div>\n","protected":false},"excerpt":{"rendered":"","protected":false},"featured_media":176135,"comment_status":"closed","ping_status":"closed","template":"","meta":[],"product_brand":[],"product_cat":[2703,2708,2714,2683],"product_tag":[],"class_list":{"0":"post-175625","1":"product","2":"type-product","3":"status-publish","4":"has-post-thumbnail","6":"product_cat-ehituskeemia","7":"product_cat-hermeetikud","8":"product_cat-silikoonid","9":"product_cat-viimistluskaubad","10":"pa_kaubamark-krimelte-ou","12":"first","13":"instock","14":"sale","15":"taxable","16":"shipping-taxable","17":"purchasable","18":"product-type-simple"},"yoast_head":"<!-- This site is optimized with the Yoast SEO plugin v26.9 - https:\/\/yoast.com\/product\/yoast-seo-wordpress\/ -->\n<title>SILIKOON PENOSIL 339 GENERAL VALGE 280ML - Espak E-pood<\/title>\n<meta name=\"robots\" content=\"index, follow, max-snippet:-1, max-image-preview:large, max-video-preview:-1\" \/>\n<link rel=\"canonical\" href=\"https:\/\/espak.ee\/epood\/toode\/silikoon-penosil-339-general-valge-280ml\/\" \/>\n<meta property=\"og:locale\" content=\"et_EE\" \/>\n<meta property=\"og:type\" content=\"article\" \/>\n<meta property=\"og:title\" content=\"SILIKOON PENOSIL 339 GENERAL VALGE 280ML - Espak E-pood\" \/>\n<meta property=\"og:url\" content=\"https:\/\/espak.ee\/epood\/toode\/silikoon-penosil-339-general-valge-280ml\/\" \/>\n<meta property=\"og:site_name\" content=\"Espak E-pood\" \/>\n<meta property=\"article:modified_time\" content=\"2025-12-21T14:32:44+00:00\" \/>\n<meta property=\"og:image\" content=\"https:\/\/espak.ee\/epood\/wp-content\/uploads\/2023\/10\/339_General_Silicone_339c_EE_FI_white.png.jpg\" \/>\n\t<meta property=\"og:image:width\" content=\"800\" \/>\n\t<meta property=\"og:image:height\" content=\"800\" \/>\n\t<meta property=\"og:image:type\" content=\"image\/jpeg\" \/>\n<meta name=\"twitter:card\" content=\"summary_large_image\" \/>\n<meta name=\"twitter:label1\" content=\"Est. reading time\" \/>\n\t<meta name=\"twitter:data1\" content=\"2 minutit\" \/>\n<script type=\"application\/ld+json\" class=\"yoast-schema-graph\">{\"@context\":\"https:\/\/schema.org\",\"@graph\":[{\"@type\":\"WebPage\",\"@id\":\"https:\/\/espak.ee\/epood\/toode\/silikoon-penosil-339-general-valge-280ml\/\",\"url\":\"https:\/\/espak.ee\/epood\/toode\/silikoon-penosil-339-general-valge-280ml\/\",\"name\":\"SILIKOON PENOSIL 339 GENERAL VALGE 280ML - Espak E-pood\",\"isPartOf\":{\"@id\":\"https:\/\/espak.ee\/epood\/#website\"},\"primaryImageOfPage\":{\"@id\":\"https:\/\/espak.ee\/epood\/toode\/silikoon-penosil-339-general-valge-280ml\/#primaryimage\"},\"image\":{\"@id\":\"https:\/\/espak.ee\/epood\/toode\/silikoon-penosil-339-general-valge-280ml\/#primaryimage\"},\"thumbnailUrl\":\"https:\/\/espak.ee\/epood\/wp-content\/uploads\/2023\/10\/339_General_Silicone_339c_EE_FI_white.png.jpg\",\"datePublished\":\"2023-10-09T16:59:53+00:00\",\"dateModified\":\"2025-12-21T14:32:44+00:00\",\"breadcrumb\":{\"@id\":\"https:\/\/espak.ee\/epood\/toode\/silikoon-penosil-339-general-valge-280ml\/#breadcrumb\"},\"inLanguage\":\"et\",\"potentialAction\":[{\"@type\":\"ReadAction\",\"target\":[\"https:\/\/espak.ee\/epood\/toode\/silikoon-penosil-339-general-valge-280ml\/\"]}]},{\"@type\":\"ImageObject\",\"inLanguage\":\"et\",\"@id\":\"https:\/\/espak.ee\/epood\/toode\/silikoon-penosil-339-general-valge-280ml\/#primaryimage\",\"url\":\"https:\/\/espak.ee\/epood\/wp-content\/uploads\/2023\/10\/339_General_Silicone_339c_EE_FI_white.png.jpg\",\"contentUrl\":\"https:\/\/espak.ee\/epood\/wp-content\/uploads\/2023\/10\/339_General_Silicone_339c_EE_FI_white.png.jpg\",\"width\":800,\"height\":800},{\"@type\":\"BreadcrumbList\",\"@id\":\"https:\/\/espak.ee\/epood\/toode\/silikoon-penosil-339-general-valge-280ml\/#breadcrumb\",\"itemListElement\":[{\"@type\":\"ListItem\",\"position\":1,\"name\":\"Home\",\"item\":\"https:\/\/espak.ee\/epood\/\"},{\"@type\":\"ListItem\",\"position\":2,\"name\":\"Tootevalik\",\"item\":\"https:\/\/espak.ee\/epood\/tootevalik\/\"},{\"@type\":\"ListItem\",\"position\":3,\"name\":\"SILIKOON PENOSIL 339 GENERAL VALGE 280ML\"}]},{\"@type\":\"WebSite\",\"@id\":\"https:\/\/espak.ee\/epood\/#website\",\"url\":\"https:\/\/espak.ee\/epood\/\",\"name\":\"Espak E-pood\",\"description\":\"\",\"potentialAction\":[{\"@type\":\"SearchAction\",\"target\":{\"@type\":\"EntryPoint\",\"urlTemplate\":\"https:\/\/espak.ee\/epood\/?s={search_term_string}\"},\"query-input\":{\"@type\":\"PropertyValueSpecification\",\"valueRequired\":true,\"valueName\":\"search_term_string\"}}],\"inLanguage\":\"et\"}]}<\/script>\n<!-- \/ Yoast SEO plugin. -->","yoast_head_json":{"title":"SILIKOON PENOSIL 339 GENERAL VALGE 280ML - Espak E-pood","robots":{"index":"index","follow":"follow","max-snippet":"max-snippet:-1","max-image-preview":"max-image-preview:large","max-video-preview":"max-video-preview:-1"},"canonical":"https:\/\/espak.ee\/epood\/toode\/silikoon-penosil-339-general-valge-280ml\/","og_locale":"et_EE","og_type":"article","og_title":"SILIKOON PENOSIL 339 GENERAL VALGE 280ML - Espak E-pood","og_url":"https:\/\/espak.ee\/epood\/toode\/silikoon-penosil-339-general-valge-280ml\/","og_site_name":"Espak E-pood","article_modified_time":"2025-12-21T14:32:44+00:00","og_image":[{"width":800,"height":800,"url":"https:\/\/espak.ee\/epood\/wp-content\/uploads\/2023\/10\/339_General_Silicone_339c_EE_FI_white.png.jpg","type":"image\/jpeg"}],"twitter_card":"summary_large_image","twitter_misc":{"Est. reading time":"2 minutit"},"schema":{"@context":"https:\/\/schema.org","@graph":[{"@type":"WebPage","@id":"https:\/\/espak.ee\/epood\/toode\/silikoon-penosil-339-general-valge-280ml\/","url":"https:\/\/espak.ee\/epood\/toode\/silikoon-penosil-339-general-valge-280ml\/","name":"SILIKOON PENOSIL 339 GENERAL VALGE 280ML - Espak E-pood","isPartOf":{"@id":"https:\/\/espak.ee\/epood\/#website"},"primaryImageOfPage":{"@id":"https:\/\/espak.ee\/epood\/toode\/silikoon-penosil-339-general-valge-280ml\/#primaryimage"},"image":{"@id":"https:\/\/espak.ee\/epood\/toode\/silikoon-penosil-339-general-valge-280ml\/#primaryimage"},"thumbnailUrl":"https:\/\/espak.ee\/epood\/wp-content\/uploads\/2023\/10\/339_General_Silicone_339c_EE_FI_white.png.jpg","datePublished":"2023-10-09T16:59:53+00:00","dateModified":"2025-12-21T14:32:44+00:00","breadcrumb":{"@id":"https:\/\/espak.ee\/epood\/toode\/silikoon-penosil-339-general-valge-280ml\/#breadcrumb"},"inLanguage":"et","potentialAction":[{"@type":"ReadAction","target":["https:\/\/espak.ee\/epood\/toode\/silikoon-penosil-339-general-valge-280ml\/"]}]},{"@type":"ImageObject","inLanguage":"et","@id":"https:\/\/espak.ee\/epood\/toode\/silikoon-penosil-339-general-valge-280ml\/#primaryimage","url":"https:\/\/espak.ee\/epood\/wp-content\/uploads\/2023\/10\/339_General_Silicone_339c_EE_FI_white.png.jpg","contentUrl":"https:\/\/espak.ee\/epood\/wp-content\/uploads\/2023\/10\/339_General_Silicone_339c_EE_FI_white.png.jpg","width":800,"height":800},{"@type":"BreadcrumbList","@id":"https:\/\/espak.ee\/epood\/toode\/silikoon-penosil-339-general-valge-280ml\/#breadcrumb","itemListElement":[{"@type":"ListItem","position":1,"name":"Home","item":"https:\/\/espak.ee\/epood\/"},{"@type":"ListItem","position":2,"name":"Tootevalik","item":"https:\/\/espak.ee\/epood\/tootevalik\/"},{"@type":"ListItem","position":3,"name":"SILIKOON PENOSIL 339 GENERAL VALGE 280ML"}]},{"@type":"WebSite","@id":"https:\/\/espak.ee\/epood\/#website","url":"https:\/\/espak.ee\/epood\/","name":"Espak E-pood","description":"","potentialAction":[{"@type":"SearchAction","target":{"@type":"EntryPoint","urlTemplate":"https:\/\/espak.ee\/epood\/?s={search_term_string}"},"query-input":{"@type":"PropertyValueSpecification","valueRequired":true,"valueName":"search_term_string"}}],"inLanguage":"et"}]}},"_links":{"self":[{"href":"https:\/\/espak.ee\/epood\/wp-json\/wp\/v2\/product\/175625","targetHints":{"allow":["GET"]}}],"collection":[{"href":"https:\/\/espak.ee\/epood\/wp-json\/wp\/v2\/product"}],"about":[{"href":"https:\/\/espak.ee\/epood\/wp-json\/wp\/v2\/types\/product"}],"replies":[{"embeddable":true,"href":"https:\/\/espak.ee\/epood\/wp-json\/wp\/v2\/comments?post=175625"}],"wp:featuredmedia":[{"embeddable":true,"href":"https:\/\/espak.ee\/epood\/wp-json\/wp\/v2\/media\/176135"}],"wp:attachment":[{"href":"https:\/\/espak.ee\/epood\/wp-json\/wp\/v2\/media?parent=175625"}],"wp:term":[{"taxonomy":"product_brand","embeddable":true,"href":"https:\/\/espak.ee\/epood\/wp-json\/wp\/v2\/product_brand?post=175625"},{"taxonomy":"product_cat","embeddable":true,"href":"https:\/\/espak.ee\/epood\/wp-json\/wp\/v2\/product_cat?post=175625"},{"taxonomy":"product_tag","embeddable":true,"href":"https:\/\/espak.ee\/epood\/wp-json\/wp\/v2\/product_tag?post=175625"}],"curies":[{"name":"wp","href":"https:\/\/api.w.org\/{rel}","templated":true}]}}