{"id":17477,"date":"2020-03-31T03:26:18","date_gmt":"2020-03-31T00:26:18","guid":{"rendered":"https:\/\/espak.ee\/hinnakiri\/?post_type=product&#038;p=17477"},"modified":"2025-06-26T11:17:06","modified_gmt":"2025-06-26T08:17:06","slug":"vihmamantel-pa-50554-roheline-xxxl","status":"publish","type":"product","link":"https:\/\/espak.ee\/epood\/toode\/vihmamantel-pa-50554-roheline-xxxl\/","title":{"rendered":"VIHMAMANTEL PA 50554 ROHELINE XXXL"},"content":{"rendered":"<div class=\"row\"  id=\"row-859968799\">\n\n\t<div id=\"col-998721298\" class=\"col medium-9 small-12 large-9\"  >\n\t\t\t\t<div class=\"col-inner\"  >\n\t\t\t\n\t\t\t\n<h2>COVERGUARD vihmamantel<\/h2>\n<p>COVERGUARD vihmamantel kaitseb sind tugeva tuule ja vihma eest. Veekindluse suurendamiseks on mantlil kaetud \u00f5mblused. Vastupidaval ja kvaliteetsel vihmamantlil on pikk t\u00f5mbelukk, mida katab tormikaitseklapp, paeltega reguleeritav kapuuts ning lisaks seljal ja kaenlaalustes ventilatsiooni avad. Mantli pikkus kaitseb p\u00fckse m\u00e4rjaks saamise eest. Saadaval kaks tooni \u2013 roheline ja sinine.<\/p>\n\t<div id=\"gap-402956965\" class=\"gap-element clearfix\" style=\"display:block; height:auto;\">\n\t\t\n<style>\n#gap-402956965 {\n  padding-top: 30px;\n}\n<\/style>\n\t<\/div>\n\t\n\t\t<\/div>\n\t\t\t\t\t<\/div>\n\n\t\n\n\t<div id=\"col-1310835028\" class=\"col medium-3 small-12 large-3\"  >\n\t\t\t\t<div class=\"col-inner\"  >\n\t\t\t\n\t\t\t\n\t<div id=\"gap-972761555\" class=\"gap-element clearfix\" style=\"display:block; height:auto;\">\n\t\t\n<style>\n#gap-972761555 {\n  padding-top: 30px;\n}\n<\/style>\n\t<\/div>\n\t\n<div class=\"is-divider divider clearfix\" ><\/div>\n<p><strong>\u00dcksikasjalikuma n\u00f5u saamiseks v\u00f5tke \u00fchendust:<br \/><\/strong>Becky AS<br \/>Laki 30A \/ Kadaka tee 129<br \/>12915<br \/>Tallinn<br \/>+372 670 6880<\/p>\n<div class=\"is-divider divider clearfix\" ><\/div>\n\t\t<\/div>\n\t\t\t\t\t<\/div>\n\n\t\n<\/div>\n","protected":false},"excerpt":{"rendered":"","protected":false},"featured_media":19007,"comment_status":"closed","ping_status":"open","template":"","meta":[],"product_brand":[],"product_cat":[2788,2972,3023,3024],"product_tag":[],"class_list":{"0":"post-17477","1":"product","2":"type-product","3":"status-publish","4":"has-post-thumbnail","6":"product_cat-aiatarbed-ja-kodukaubad","7":"product_cat-tookaitsevahendid","8":"product_cat-tooroivad","9":"product_cat-vihmariided","10":"pa_kaubamark-becky-as","12":"first","13":"instock","14":"sale","15":"taxable","16":"shipping-taxable","17":"purchasable","18":"product-type-simple"},"yoast_head":"<!-- This site is optimized with the Yoast SEO plugin v26.9 - https:\/\/yoast.com\/product\/yoast-seo-wordpress\/ -->\n<title>VIHMAMANTEL PA 50554 ROHELINE XXXL - Espak E-pood<\/title>\n<meta name=\"robots\" content=\"index, follow, max-snippet:-1, max-image-preview:large, max-video-preview:-1\" \/>\n<link rel=\"canonical\" href=\"https:\/\/espak.ee\/epood\/toode\/vihmamantel-pa-50554-roheline-xxxl\/\" \/>\n<meta property=\"og:locale\" content=\"et_EE\" \/>\n<meta property=\"og:type\" content=\"article\" \/>\n<meta property=\"og:title\" content=\"VIHMAMANTEL PA 50554 ROHELINE XXXL - Espak E-pood\" \/>\n<meta property=\"og:url\" content=\"https:\/\/espak.ee\/epood\/toode\/vihmamantel-pa-50554-roheline-xxxl\/\" \/>\n<meta property=\"og:site_name\" content=\"Espak E-pood\" \/>\n<meta property=\"article:modified_time\" content=\"2025-06-26T08:17:06+00:00\" \/>\n<meta property=\"og:image\" content=\"https:\/\/espak.ee\/epood\/wp-content\/uploads\/COVERGUARD-VIHMAMANTEL-50601\u202650624.jpg\" \/>\n\t<meta property=\"og:image:width\" content=\"668\" \/>\n\t<meta property=\"og:image:height\" content=\"668\" \/>\n\t<meta property=\"og:image:type\" content=\"image\/jpeg\" \/>\n<meta name=\"twitter:card\" content=\"summary_large_image\" \/>\n<script type=\"application\/ld+json\" class=\"yoast-schema-graph\">{\"@context\":\"https:\/\/schema.org\",\"@graph\":[{\"@type\":\"WebPage\",\"@id\":\"https:\/\/espak.ee\/epood\/toode\/vihmamantel-pa-50554-roheline-xxxl\/\",\"url\":\"https:\/\/espak.ee\/epood\/toode\/vihmamantel-pa-50554-roheline-xxxl\/\",\"name\":\"VIHMAMANTEL PA 50554 ROHELINE XXXL - Espak E-pood\",\"isPartOf\":{\"@id\":\"https:\/\/espak.ee\/epood\/#website\"},\"primaryImageOfPage\":{\"@id\":\"https:\/\/espak.ee\/epood\/toode\/vihmamantel-pa-50554-roheline-xxxl\/#primaryimage\"},\"image\":{\"@id\":\"https:\/\/espak.ee\/epood\/toode\/vihmamantel-pa-50554-roheline-xxxl\/#primaryimage\"},\"thumbnailUrl\":\"https:\/\/espak.ee\/epood\/wp-content\/uploads\/COVERGUARD-VIHMAMANTEL-50601\u202650624.jpg\",\"datePublished\":\"2020-03-31T00:26:18+00:00\",\"dateModified\":\"2025-06-26T08:17:06+00:00\",\"breadcrumb\":{\"@id\":\"https:\/\/espak.ee\/epood\/toode\/vihmamantel-pa-50554-roheline-xxxl\/#breadcrumb\"},\"inLanguage\":\"et\",\"potentialAction\":[{\"@type\":\"ReadAction\",\"target\":[\"https:\/\/espak.ee\/epood\/toode\/vihmamantel-pa-50554-roheline-xxxl\/\"]}]},{\"@type\":\"ImageObject\",\"inLanguage\":\"et\",\"@id\":\"https:\/\/espak.ee\/epood\/toode\/vihmamantel-pa-50554-roheline-xxxl\/#primaryimage\",\"url\":\"https:\/\/espak.ee\/epood\/wp-content\/uploads\/COVERGUARD-VIHMAMANTEL-50601\u202650624.jpg\",\"contentUrl\":\"https:\/\/espak.ee\/epood\/wp-content\/uploads\/COVERGUARD-VIHMAMANTEL-50601\u202650624.jpg\",\"width\":668,\"height\":668},{\"@type\":\"BreadcrumbList\",\"@id\":\"https:\/\/espak.ee\/epood\/toode\/vihmamantel-pa-50554-roheline-xxxl\/#breadcrumb\",\"itemListElement\":[{\"@type\":\"ListItem\",\"position\":1,\"name\":\"Home\",\"item\":\"https:\/\/espak.ee\/epood\/\"},{\"@type\":\"ListItem\",\"position\":2,\"name\":\"Tootevalik\",\"item\":\"https:\/\/espak.ee\/epood\/tootevalik\/\"},{\"@type\":\"ListItem\",\"position\":3,\"name\":\"VIHMAMANTEL PA 50554 ROHELINE XXXL\"}]},{\"@type\":\"WebSite\",\"@id\":\"https:\/\/espak.ee\/epood\/#website\",\"url\":\"https:\/\/espak.ee\/epood\/\",\"name\":\"Espak E-pood\",\"description\":\"\",\"potentialAction\":[{\"@type\":\"SearchAction\",\"target\":{\"@type\":\"EntryPoint\",\"urlTemplate\":\"https:\/\/espak.ee\/epood\/?s={search_term_string}\"},\"query-input\":{\"@type\":\"PropertyValueSpecification\",\"valueRequired\":true,\"valueName\":\"search_term_string\"}}],\"inLanguage\":\"et\"}]}<\/script>\n<!-- \/ Yoast SEO plugin. -->","yoast_head_json":{"title":"VIHMAMANTEL PA 50554 ROHELINE XXXL - Espak E-pood","robots":{"index":"index","follow":"follow","max-snippet":"max-snippet:-1","max-image-preview":"max-image-preview:large","max-video-preview":"max-video-preview:-1"},"canonical":"https:\/\/espak.ee\/epood\/toode\/vihmamantel-pa-50554-roheline-xxxl\/","og_locale":"et_EE","og_type":"article","og_title":"VIHMAMANTEL PA 50554 ROHELINE XXXL - Espak E-pood","og_url":"https:\/\/espak.ee\/epood\/toode\/vihmamantel-pa-50554-roheline-xxxl\/","og_site_name":"Espak E-pood","article_modified_time":"2025-06-26T08:17:06+00:00","og_image":[{"width":668,"height":668,"url":"https:\/\/espak.ee\/epood\/wp-content\/uploads\/COVERGUARD-VIHMAMANTEL-50601\u202650624.jpg","type":"image\/jpeg"}],"twitter_card":"summary_large_image","schema":{"@context":"https:\/\/schema.org","@graph":[{"@type":"WebPage","@id":"https:\/\/espak.ee\/epood\/toode\/vihmamantel-pa-50554-roheline-xxxl\/","url":"https:\/\/espak.ee\/epood\/toode\/vihmamantel-pa-50554-roheline-xxxl\/","name":"VIHMAMANTEL PA 50554 ROHELINE XXXL - Espak E-pood","isPartOf":{"@id":"https:\/\/espak.ee\/epood\/#website"},"primaryImageOfPage":{"@id":"https:\/\/espak.ee\/epood\/toode\/vihmamantel-pa-50554-roheline-xxxl\/#primaryimage"},"image":{"@id":"https:\/\/espak.ee\/epood\/toode\/vihmamantel-pa-50554-roheline-xxxl\/#primaryimage"},"thumbnailUrl":"https:\/\/espak.ee\/epood\/wp-content\/uploads\/COVERGUARD-VIHMAMANTEL-50601\u202650624.jpg","datePublished":"2020-03-31T00:26:18+00:00","dateModified":"2025-06-26T08:17:06+00:00","breadcrumb":{"@id":"https:\/\/espak.ee\/epood\/toode\/vihmamantel-pa-50554-roheline-xxxl\/#breadcrumb"},"inLanguage":"et","potentialAction":[{"@type":"ReadAction","target":["https:\/\/espak.ee\/epood\/toode\/vihmamantel-pa-50554-roheline-xxxl\/"]}]},{"@type":"ImageObject","inLanguage":"et","@id":"https:\/\/espak.ee\/epood\/toode\/vihmamantel-pa-50554-roheline-xxxl\/#primaryimage","url":"https:\/\/espak.ee\/epood\/wp-content\/uploads\/COVERGUARD-VIHMAMANTEL-50601\u202650624.jpg","contentUrl":"https:\/\/espak.ee\/epood\/wp-content\/uploads\/COVERGUARD-VIHMAMANTEL-50601\u202650624.jpg","width":668,"height":668},{"@type":"BreadcrumbList","@id":"https:\/\/espak.ee\/epood\/toode\/vihmamantel-pa-50554-roheline-xxxl\/#breadcrumb","itemListElement":[{"@type":"ListItem","position":1,"name":"Home","item":"https:\/\/espak.ee\/epood\/"},{"@type":"ListItem","position":2,"name":"Tootevalik","item":"https:\/\/espak.ee\/epood\/tootevalik\/"},{"@type":"ListItem","position":3,"name":"VIHMAMANTEL PA 50554 ROHELINE XXXL"}]},{"@type":"WebSite","@id":"https:\/\/espak.ee\/epood\/#website","url":"https:\/\/espak.ee\/epood\/","name":"Espak E-pood","description":"","potentialAction":[{"@type":"SearchAction","target":{"@type":"EntryPoint","urlTemplate":"https:\/\/espak.ee\/epood\/?s={search_term_string}"},"query-input":{"@type":"PropertyValueSpecification","valueRequired":true,"valueName":"search_term_string"}}],"inLanguage":"et"}]}},"_links":{"self":[{"href":"https:\/\/espak.ee\/epood\/wp-json\/wp\/v2\/product\/17477","targetHints":{"allow":["GET"]}}],"collection":[{"href":"https:\/\/espak.ee\/epood\/wp-json\/wp\/v2\/product"}],"about":[{"href":"https:\/\/espak.ee\/epood\/wp-json\/wp\/v2\/types\/product"}],"replies":[{"embeddable":true,"href":"https:\/\/espak.ee\/epood\/wp-json\/wp\/v2\/comments?post=17477"}],"wp:featuredmedia":[{"embeddable":true,"href":"https:\/\/espak.ee\/epood\/wp-json\/wp\/v2\/media\/19007"}],"wp:attachment":[{"href":"https:\/\/espak.ee\/epood\/wp-json\/wp\/v2\/media?parent=17477"}],"wp:term":[{"taxonomy":"product_brand","embeddable":true,"href":"https:\/\/espak.ee\/epood\/wp-json\/wp\/v2\/product_brand?post=17477"},{"taxonomy":"product_cat","embeddable":true,"href":"https:\/\/espak.ee\/epood\/wp-json\/wp\/v2\/product_cat?post=17477"},{"taxonomy":"product_tag","embeddable":true,"href":"https:\/\/espak.ee\/epood\/wp-json\/wp\/v2\/product_tag?post=17477"}],"curies":[{"name":"wp","href":"https:\/\/api.w.org\/{rel}","templated":true}]}}