{"id":17424,"date":"2020-03-31T03:25:55","date_gmt":"2020-03-31T00:25:55","guid":{"rendered":"https:\/\/espak.ee\/hinnakiri\/?post_type=product&#038;p=17424"},"modified":"2025-11-11T11:24:56","modified_gmt":"2025-11-11T09:24:56","slug":"tookinnas-4178-must-pvc-m","status":"publish","type":"product","link":"https:\/\/espak.ee\/epood\/toode\/tookinnas-4178-must-pvc-m\/","title":{"rendered":"T\u00d6\u00d6KINNAS 4178 MUST PVC M"},"content":{"rendered":"<div class=\"row\"  id=\"row-1213556213\">\n\n\t<div id=\"col-1337235575\" class=\"col medium-9 small-12 large-9\"  >\n\t\t\t\t<div class=\"col-inner\"  >\n\t\t\t\n\t\t\t\n<h2>EUROTECHNIQUE tekstiilkindad PVC mikropunktidega<\/h2>\n<p>EUROTECHNIQUE tekstiilkindad PVC mikropunktidega on \u00f5hukesed ja mugavad. Musta v\u00e4rvi puuvillastel kinnastel on PVC-st mikropunktid peopesas, need tagavad parema haarde ja hea kaitse libisemise vastu. Sobivad erinevateks pakke- v\u00f5i paigaldust\u00f6\u00f6deks.<br \/>\nPuuvillased kindad on elastsed, need hoiavad mugavalt \u00fcmber k\u00e4e ning on hingavad ega lase k\u00e4tel higistama hakata. T\u00f6\u00f6kindad on hea puutetundlikkusega. Kinnastel on kolm \u00f5mblust k\u00e4eseljal, mis annavad palju parema istuvuse ja pikema eluea, sest ei veni nii kiiresti v\u00e4lja.<\/p>\n\t<div id=\"gap-978435954\" class=\"gap-element clearfix\" style=\"display:block; height:auto;\">\n\t\t\n<style>\n#gap-978435954 {\n  padding-top: 30px;\n}\n<\/style>\n\t<\/div>\n\t\n<h3>Kasutamise \u00fcksikasjad<\/h3>\n<p><strong>Kasutusala:<\/strong> t\u00f6\u00f6kindaid kasutatakse mitmesuguste \u00fcldt\u00f6\u00f6de tegemisel ehitusel, t\u00f6\u00f6stuses, p\u00f5llumajanduses, kaubanduses, koristust\u00f6\u00f6del, kodumajanduses, sportimisel ja vabal ajal. Eelk\u00f5ige t\u00e4psust n\u00f5udvatel t\u00f6\u00f6del.<\/p>\n\t\t<\/div>\n\t\t\t\t\t<\/div>\n\n\t\n\n\t<div id=\"col-1074262519\" class=\"col medium-3 small-12 large-3\"  >\n\t\t\t\t<div class=\"col-inner\"  >\n\t\t\t\n\t\t\t\n\t<div id=\"gap-196269667\" class=\"gap-element clearfix\" style=\"display:block; height:auto;\">\n\t\t\n<style>\n#gap-196269667 {\n  padding-top: 30px;\n}\n<\/style>\n\t<\/div>\n\t\n<div class=\"is-divider divider clearfix\" ><\/div>\n<p><strong>\u00dcksikasjalikuma n\u00f5u saamiseks v\u00f5tke \u00fchendust:<br \/><\/strong>Becky AS<br \/>Laki 30A \/ Kadaka tee 129<br \/>12915<br \/>Tallinn<br \/>+372 670 6880<\/p>\n<div class=\"is-divider divider clearfix\" ><\/div>\n\t\t<\/div>\n\t\t\t\t\t<\/div>\n\n\t\n<\/div>\n","protected":false},"excerpt":{"rendered":"","protected":false},"featured_media":18502,"comment_status":"closed","ping_status":"open","template":"","meta":[],"product_brand":[],"product_cat":[2788,2976,3018,2972],"product_tag":[],"class_list":{"0":"post-17424","1":"product","2":"type-product","3":"status-publish","4":"has-post-thumbnail","6":"product_cat-aiatarbed-ja-kodukaubad","7":"product_cat-kindad","8":"product_cat-tekstiilkindad","9":"product_cat-tookaitsevahendid","10":"pa_kaubamark-becky-as","12":"first","13":"instock","14":"sale","15":"taxable","16":"shipping-taxable","17":"purchasable","18":"product-type-simple"},"yoast_head":"<!-- This site is optimized with the Yoast SEO plugin v26.9 - https:\/\/yoast.com\/product\/yoast-seo-wordpress\/ -->\n<title>T\u00d6\u00d6KINNAS 4178 MUST PVC M - Espak E-pood<\/title>\n<meta name=\"robots\" content=\"index, follow, max-snippet:-1, max-image-preview:large, max-video-preview:-1\" \/>\n<link rel=\"canonical\" href=\"https:\/\/espak.ee\/epood\/toode\/tookinnas-4178-must-pvc-m\/\" \/>\n<meta property=\"og:locale\" content=\"et_EE\" \/>\n<meta property=\"og:type\" content=\"article\" \/>\n<meta property=\"og:title\" content=\"T\u00d6\u00d6KINNAS 4178 MUST PVC M - Espak E-pood\" \/>\n<meta property=\"og:url\" content=\"https:\/\/espak.ee\/epood\/toode\/tookinnas-4178-must-pvc-m\/\" \/>\n<meta property=\"og:site_name\" content=\"Espak E-pood\" \/>\n<meta property=\"article:modified_time\" content=\"2025-11-11T09:24:56+00:00\" \/>\n<meta property=\"og:image\" content=\"https:\/\/espak.ee\/epood\/wp-content\/uploads\/EUROTECHNIQUE-TEKSTIILKINDAD-PVC-MIKROPUNKTIDEGA-4177\u20264180.jpg\" \/>\n\t<meta property=\"og:image:width\" content=\"450\" \/>\n\t<meta property=\"og:image:height\" content=\"450\" \/>\n\t<meta property=\"og:image:type\" content=\"image\/jpeg\" \/>\n<meta name=\"twitter:card\" content=\"summary_large_image\" \/>\n<meta name=\"twitter:label1\" content=\"Est. reading time\" \/>\n\t<meta name=\"twitter:data1\" content=\"1 minut\" \/>\n<script type=\"application\/ld+json\" class=\"yoast-schema-graph\">{\"@context\":\"https:\/\/schema.org\",\"@graph\":[{\"@type\":\"WebPage\",\"@id\":\"https:\/\/espak.ee\/epood\/toode\/tookinnas-4178-must-pvc-m\/\",\"url\":\"https:\/\/espak.ee\/epood\/toode\/tookinnas-4178-must-pvc-m\/\",\"name\":\"T\u00d6\u00d6KINNAS 4178 MUST PVC M - Espak E-pood\",\"isPartOf\":{\"@id\":\"https:\/\/espak.ee\/epood\/#website\"},\"primaryImageOfPage\":{\"@id\":\"https:\/\/espak.ee\/epood\/toode\/tookinnas-4178-must-pvc-m\/#primaryimage\"},\"image\":{\"@id\":\"https:\/\/espak.ee\/epood\/toode\/tookinnas-4178-must-pvc-m\/#primaryimage\"},\"thumbnailUrl\":\"https:\/\/espak.ee\/epood\/wp-content\/uploads\/EUROTECHNIQUE-TEKSTIILKINDAD-PVC-MIKROPUNKTIDEGA-4177\u20264180.jpg\",\"datePublished\":\"2020-03-31T00:25:55+00:00\",\"dateModified\":\"2025-11-11T09:24:56+00:00\",\"breadcrumb\":{\"@id\":\"https:\/\/espak.ee\/epood\/toode\/tookinnas-4178-must-pvc-m\/#breadcrumb\"},\"inLanguage\":\"et\",\"potentialAction\":[{\"@type\":\"ReadAction\",\"target\":[\"https:\/\/espak.ee\/epood\/toode\/tookinnas-4178-must-pvc-m\/\"]}]},{\"@type\":\"ImageObject\",\"inLanguage\":\"et\",\"@id\":\"https:\/\/espak.ee\/epood\/toode\/tookinnas-4178-must-pvc-m\/#primaryimage\",\"url\":\"https:\/\/espak.ee\/epood\/wp-content\/uploads\/EUROTECHNIQUE-TEKSTIILKINDAD-PVC-MIKROPUNKTIDEGA-4177\u20264180.jpg\",\"contentUrl\":\"https:\/\/espak.ee\/epood\/wp-content\/uploads\/EUROTECHNIQUE-TEKSTIILKINDAD-PVC-MIKROPUNKTIDEGA-4177\u20264180.jpg\",\"width\":450,\"height\":450},{\"@type\":\"BreadcrumbList\",\"@id\":\"https:\/\/espak.ee\/epood\/toode\/tookinnas-4178-must-pvc-m\/#breadcrumb\",\"itemListElement\":[{\"@type\":\"ListItem\",\"position\":1,\"name\":\"Home\",\"item\":\"https:\/\/espak.ee\/epood\/\"},{\"@type\":\"ListItem\",\"position\":2,\"name\":\"Tootevalik\",\"item\":\"https:\/\/espak.ee\/epood\/tootevalik\/\"},{\"@type\":\"ListItem\",\"position\":3,\"name\":\"T\u00d6\u00d6KINNAS 4178 MUST PVC M\"}]},{\"@type\":\"WebSite\",\"@id\":\"https:\/\/espak.ee\/epood\/#website\",\"url\":\"https:\/\/espak.ee\/epood\/\",\"name\":\"Espak E-pood\",\"description\":\"\",\"potentialAction\":[{\"@type\":\"SearchAction\",\"target\":{\"@type\":\"EntryPoint\",\"urlTemplate\":\"https:\/\/espak.ee\/epood\/?s={search_term_string}\"},\"query-input\":{\"@type\":\"PropertyValueSpecification\",\"valueRequired\":true,\"valueName\":\"search_term_string\"}}],\"inLanguage\":\"et\"}]}<\/script>\n<!-- \/ Yoast SEO plugin. -->","yoast_head_json":{"title":"T\u00d6\u00d6KINNAS 4178 MUST PVC M - Espak E-pood","robots":{"index":"index","follow":"follow","max-snippet":"max-snippet:-1","max-image-preview":"max-image-preview:large","max-video-preview":"max-video-preview:-1"},"canonical":"https:\/\/espak.ee\/epood\/toode\/tookinnas-4178-must-pvc-m\/","og_locale":"et_EE","og_type":"article","og_title":"T\u00d6\u00d6KINNAS 4178 MUST PVC M - Espak E-pood","og_url":"https:\/\/espak.ee\/epood\/toode\/tookinnas-4178-must-pvc-m\/","og_site_name":"Espak E-pood","article_modified_time":"2025-11-11T09:24:56+00:00","og_image":[{"width":450,"height":450,"url":"https:\/\/espak.ee\/epood\/wp-content\/uploads\/EUROTECHNIQUE-TEKSTIILKINDAD-PVC-MIKROPUNKTIDEGA-4177\u20264180.jpg","type":"image\/jpeg"}],"twitter_card":"summary_large_image","twitter_misc":{"Est. reading time":"1 minut"},"schema":{"@context":"https:\/\/schema.org","@graph":[{"@type":"WebPage","@id":"https:\/\/espak.ee\/epood\/toode\/tookinnas-4178-must-pvc-m\/","url":"https:\/\/espak.ee\/epood\/toode\/tookinnas-4178-must-pvc-m\/","name":"T\u00d6\u00d6KINNAS 4178 MUST PVC M - Espak E-pood","isPartOf":{"@id":"https:\/\/espak.ee\/epood\/#website"},"primaryImageOfPage":{"@id":"https:\/\/espak.ee\/epood\/toode\/tookinnas-4178-must-pvc-m\/#primaryimage"},"image":{"@id":"https:\/\/espak.ee\/epood\/toode\/tookinnas-4178-must-pvc-m\/#primaryimage"},"thumbnailUrl":"https:\/\/espak.ee\/epood\/wp-content\/uploads\/EUROTECHNIQUE-TEKSTIILKINDAD-PVC-MIKROPUNKTIDEGA-4177\u20264180.jpg","datePublished":"2020-03-31T00:25:55+00:00","dateModified":"2025-11-11T09:24:56+00:00","breadcrumb":{"@id":"https:\/\/espak.ee\/epood\/toode\/tookinnas-4178-must-pvc-m\/#breadcrumb"},"inLanguage":"et","potentialAction":[{"@type":"ReadAction","target":["https:\/\/espak.ee\/epood\/toode\/tookinnas-4178-must-pvc-m\/"]}]},{"@type":"ImageObject","inLanguage":"et","@id":"https:\/\/espak.ee\/epood\/toode\/tookinnas-4178-must-pvc-m\/#primaryimage","url":"https:\/\/espak.ee\/epood\/wp-content\/uploads\/EUROTECHNIQUE-TEKSTIILKINDAD-PVC-MIKROPUNKTIDEGA-4177\u20264180.jpg","contentUrl":"https:\/\/espak.ee\/epood\/wp-content\/uploads\/EUROTECHNIQUE-TEKSTIILKINDAD-PVC-MIKROPUNKTIDEGA-4177\u20264180.jpg","width":450,"height":450},{"@type":"BreadcrumbList","@id":"https:\/\/espak.ee\/epood\/toode\/tookinnas-4178-must-pvc-m\/#breadcrumb","itemListElement":[{"@type":"ListItem","position":1,"name":"Home","item":"https:\/\/espak.ee\/epood\/"},{"@type":"ListItem","position":2,"name":"Tootevalik","item":"https:\/\/espak.ee\/epood\/tootevalik\/"},{"@type":"ListItem","position":3,"name":"T\u00d6\u00d6KINNAS 4178 MUST PVC M"}]},{"@type":"WebSite","@id":"https:\/\/espak.ee\/epood\/#website","url":"https:\/\/espak.ee\/epood\/","name":"Espak E-pood","description":"","potentialAction":[{"@type":"SearchAction","target":{"@type":"EntryPoint","urlTemplate":"https:\/\/espak.ee\/epood\/?s={search_term_string}"},"query-input":{"@type":"PropertyValueSpecification","valueRequired":true,"valueName":"search_term_string"}}],"inLanguage":"et"}]}},"_links":{"self":[{"href":"https:\/\/espak.ee\/epood\/wp-json\/wp\/v2\/product\/17424","targetHints":{"allow":["GET"]}}],"collection":[{"href":"https:\/\/espak.ee\/epood\/wp-json\/wp\/v2\/product"}],"about":[{"href":"https:\/\/espak.ee\/epood\/wp-json\/wp\/v2\/types\/product"}],"replies":[{"embeddable":true,"href":"https:\/\/espak.ee\/epood\/wp-json\/wp\/v2\/comments?post=17424"}],"wp:featuredmedia":[{"embeddable":true,"href":"https:\/\/espak.ee\/epood\/wp-json\/wp\/v2\/media\/18502"}],"wp:attachment":[{"href":"https:\/\/espak.ee\/epood\/wp-json\/wp\/v2\/media?parent=17424"}],"wp:term":[{"taxonomy":"product_brand","embeddable":true,"href":"https:\/\/espak.ee\/epood\/wp-json\/wp\/v2\/product_brand?post=17424"},{"taxonomy":"product_cat","embeddable":true,"href":"https:\/\/espak.ee\/epood\/wp-json\/wp\/v2\/product_cat?post=17424"},{"taxonomy":"product_tag","embeddable":true,"href":"https:\/\/espak.ee\/epood\/wp-json\/wp\/v2\/product_tag?post=17424"}],"curies":[{"name":"wp","href":"https:\/\/api.w.org\/{rel}","templated":true}]}}