{"id":172948,"date":"2023-09-13T14:03:31","date_gmt":"2023-09-13T11:03:31","guid":{"rendered":"https:\/\/espak.ee\/epood\/?post_type=product&#038;p=172948"},"modified":"2025-10-07T15:29:29","modified_gmt":"2025-10-07T12:29:29","slug":"pustolivaht-penosil-750ml","status":"publish","type":"product","link":"https:\/\/espak.ee\/epood\/toode\/pustolivaht-penosil-750ml\/","title":{"rendered":"P\u00dcSTOLIVAHT PENOSIL 750ML"},"content":{"rendered":"<div class=\"row\"  id=\"row-149385413\">\n\n\t<div id=\"col-639792062\" class=\"col medium-9 small-12 large-9\"  >\n\t\t\t\t<div class=\"col-inner\"  >\n\t\t\t\n\t\t\t\n<h3>PENOSIL P\u00fcstolivaht heade t\u00e4iteomadustega p\u00fcstolivaht ehitust\u00f6\u00f6deks<\/h3>\n<p>PENOSIL P\u00fcstolivaht on \u00fchekomponentne \u00f5huniiskuse toimel tarduv heade t\u00e4iteomadustega pol\u00fcuretaanvaht.<\/p>\n<p> <div class=\"message-box relative\" style=\"padding-top:15px;padding-bottom:15px;\"><div class=\"message-box-bg-image bg-fill fill\" ><\/div><div class=\"message-box-bg-overlay bg-fill fill\" ><\/div><div class=\"container relative\"><div class=\"inner last-reset\">\n<div class=\"row align-middle align-center\"  id=\"row-1843726926\">\n\n\t<div id=\"col-11937152\" class=\"col small-12 large-12\"  >\n\t\t\t\t<div class=\"col-inner text-left\"  >\n\t\t\t\n\t\t\t\n<h4>Omadused<\/h4>\n<div class=\"row\"  id=\"row-405585134\">\n\n\t<div id=\"col-1029400719\" class=\"col medium-6 small-12 large-6\"  >\n\t\t\t\t<div class=\"col-inner\"  >\n\t\t\t\n\t\t\t\n<p><i class=\"fa fa-check fa-2x\"><\/i> <strong> Madal j\u00e4relpaisumine<\/strong><\/p>\n<p><i class=\"fa fa-check fa-2x\"><\/i> <strong> Ei deformeeri konstruktsioone<\/strong><\/p>\n\t\t<\/div>\n\t\t\t\t\n<style>\n#col-1029400719 > .col-inner {\n  margin: 0px 0px 15px 0px;\n}\n<\/style>\n\t<\/div>\n\n\t\n\n\t<div id=\"col-92223386\" class=\"col medium-6 small-12 large-6\"  >\n\t\t\t\t<div class=\"col-inner\"  >\n\t\t\t\n\t\t\t\n<p><i class=\"fa fa-check fa-2x\"><\/i> <strong> Head t\u00e4ite- ja nakkeomadused<\/strong><\/p>\n<p><i class=\"fa fa-check fa-2x\"><\/i> <strong> Suurep\u00e4rane soojus- ja heliisolatsioon<\/strong><\/p>\n\t\t<\/div>\n\t\t\t\t\n<style>\n#col-92223386 > .col-inner {\n  margin: 0px 0px 15px 0px;\n}\n<\/style>\n\t<\/div>\n\n\t\n<\/div>\n\t\t<\/div>\n\t\t\t\t\t<\/div>\n\n\t\n<\/div>\n<\/div><\/div><\/div>\n\t<div id=\"gap-1685962240\" class=\"gap-element clearfix\" style=\"display:block; height:auto;\">\n\t\t\n<style>\n#gap-1685962240 {\n  padding-top: 30px;\n}\n<\/style>\n\t<\/div>\n\t\n<h3>Kasutamise \u00fcksikasjad<\/h3>\n<p><strong>Kasutusalad:<\/strong><br \/>\n> Uste, akende, soojustusplaatide jm ehituskonstruktsioonide paigaldamine ja tihendamine<br \/>\n> T\u00fchimike t\u00e4itmine, l\u00e4biviikude tihendamine<br \/>\n> Soojus- ja heliisolatsioon<br \/>\n> K\u00fclmasildade m\u00f5ju v\u00e4hendamine<br \/>\nNakkuvus: Puit, betoon, kivi, krohv, metall, PVC ja pol\u00fcst\u00fcreen. <\/p>\n<p><strong>Kasutusjuhend:<\/strong><br \/>\nEemaldada pindadelt tolm, lahtised osakesed ja \u00f5li. Parema tulemuse saavutamiseks niisutada kuivasid pindasid. Kaitsta \u00fcmbritsevad pinnad paberi, kile v\u00f5i muu sobiliku materjaliga.<\/p>\n<p>Loksutada ballooni hoogsalt v\u00e4hemalt 20 korda. Vahuballooni hoida p\u00fcstises asendis ja keerata balloon p\u00fcstoli k\u00fclge, hoides \u00fche k\u00e4ega p\u00fcstoli k\u00e4epidemest ja teisega keerates ballooni. Keeramise ajal tuleb<br \/>\nj\u00e4lgida, et p\u00fcstoli ette ei j\u00e4\u00e4ks teisi inimesi. Ballooni ei tohi keerata p\u00fcstolile nii, et balloon on ventiiliga allapoole, samuti ei tohi keerata p\u00fcstolit ballooni peale. P\u00f6\u00f6rata balloon ventiiliga allapoole ja alustada<br \/>\npaigaldamist. Vahu hulka reguleerida p\u00fcstoli p\u00e4\u00e4stikuga. Vahu paigaldamisel mitmes kihis niisutada parema tulemuse saavutamiseks kergelt iga kihi vahelt.<\/p>\n<p>\u00dcleliigne vaht l\u00f5igata \u00e4ra alles peale vahu t\u00e4ielikku tardumist. Tardunud vaht on v\u00e4rvitav vesialuseliste v\u00e4rvidega.\n<\/p>\n<p><strong>N\u00e4pun\u00e4ited:<\/strong><br \/>\n\u00d5hutemperatuur kasutamisel: +5 \u00b0C kuni +30 \u00b0C.<br \/>\nBallooni temperatuur kasutamisel: +5 \u00b0C kuni +25 \u00b0C, parimad tulemused +20 \u00b0C juures.<br \/>\nKuna ehitusmaterjale on v\u00e4ga erinevaid, soovitame enne toote kasutamist alati katsetada selle sobivust.<br \/>\nMadalal temperatuuril t\u00f6\u00f6tades tuleb vahuballooni eelsoojendada toatemperatuurini (umbes 20 \u00b0C).<br \/>\nT\u00f6\u00f6riistade ja pindade puhastamiseks tardumata vahust kasutage puhastusvahendit Penosil Foam Cleaner.<br \/>\nK\u00e4te ja r\u00f5ivaste puhastamiseks tardumata vahust kasutage puhastuslappe Penosil Cleaning Wipes.<br \/>\nVahueemaldi Penosil Foam Remover pehmendab tardunud vahtu ja aitab selle h\u00f5lpsamalt eemaldada.<\/p>\n<p><strong>Kitsendused:<\/strong><br \/>\nVaht ei nakku Teflon-, pol\u00fcet\u00fcleen- ja silikoonpindadega.<br \/>\nTardunud liimvaht on UV- ja p\u00e4ikesevalguse suhtes tundlik ning vajab katmist sobiva l\u00e4bipaistmatu hermeetiku, pahtli, v\u00e4rvi v\u00f5i muu materjaliga.<br \/>\n\u00c4rge katke enne, kui vaht on t\u00e4ielikult tardunud.<\/p>\n\t\t<\/div>\n\t\t\t\t\t<\/div>\n\n\t\n\n\t<div id=\"col-144597065\" class=\"col medium-3 small-12 large-3\"  >\n\t\t\t\t<div class=\"col-inner\"  >\n\t\t\t\n\t\t\t\n<h3>Tehniline informatsioon<\/h3>\n<p><a href=\"https:\/\/espak.ee\/epood\/wp-content\/uploads\/2023\/09\/1150_PENOSIL_Pustolivaht_TDS_est.pdf\"target=\"_blank\" rel=\"noopener noreferrer\"><i class=\"far fa-file-pdf\"><\/i> Tehniline informatsioon (PDF)<\/a><\/p>\n<h3>Ohutuskaart<\/h3>\n<p><a href=\"https:\/\/espak.ee\/epood\/wp-content\/uploads\/2023\/09\/1150_Penosil_Pustolivaht_SDS_et-EE.pdf\"target=\"_blank\" rel=\"noopener noreferrer\"><i class=\"far fa-file-pdf\"><\/i> Ohutuskaart (PDF)<\/a><\/p>\n<div class=\"is-divider divider clearfix\" ><\/div>\n<p><strong>\u00dcksikasjalikuma n\u00f5u saamiseks v\u00f5tke \u00fchendust:<br \/><\/strong>Wolf Group O\u00dc<br \/>Suur-Paala 6<br \/>13619<br \/>Tallinn<br \/>+372 605 9301<\/p>\n\t\t<\/div>\n\t\t\t\t\t<\/div>\n\n\t\n<\/div>\n","protected":false},"excerpt":{"rendered":"","protected":false},"featured_media":173055,"comment_status":"closed","ping_status":"closed","template":"","meta":[],"product_brand":[],"product_cat":[2703,2708,2710,2683],"product_tag":[],"class_list":{"0":"post-172948","1":"product","2":"type-product","3":"status-publish","4":"has-post-thumbnail","6":"product_cat-ehituskeemia","7":"product_cat-hermeetikud","8":"product_cat-montaazivahud","9":"product_cat-viimistluskaubad","10":"pa_kaubamark-krimelte-ou","12":"first","13":"instock","14":"sale","15":"taxable","16":"shipping-taxable","17":"purchasable","18":"product-type-simple"},"yoast_head":"<!-- This site is optimized with the Yoast SEO plugin v26.9 - https:\/\/yoast.com\/product\/yoast-seo-wordpress\/ -->\n<title>P\u00dcSTOLIVAHT PENOSIL 750ML - Espak E-pood<\/title>\n<meta name=\"robots\" content=\"index, follow, max-snippet:-1, max-image-preview:large, max-video-preview:-1\" \/>\n<link rel=\"canonical\" href=\"https:\/\/espak.ee\/epood\/toode\/pustolivaht-penosil-750ml\/\" \/>\n<meta property=\"og:locale\" content=\"et_EE\" \/>\n<meta property=\"og:type\" content=\"article\" \/>\n<meta property=\"og:title\" content=\"P\u00dcSTOLIVAHT PENOSIL 750ML - Espak E-pood\" \/>\n<meta property=\"og:url\" content=\"https:\/\/espak.ee\/epood\/toode\/pustolivaht-penosil-750ml\/\" \/>\n<meta property=\"og:site_name\" content=\"Espak E-pood\" \/>\n<meta property=\"article:modified_time\" content=\"2025-10-07T12:29:29+00:00\" \/>\n<meta property=\"og:image\" content=\"https:\/\/espak.ee\/epood\/wp-content\/uploads\/2023\/09\/Penosil-Pustolivaht-750ml-EEru.png.jpg\" \/>\n\t<meta property=\"og:image:width\" content=\"800\" \/>\n\t<meta property=\"og:image:height\" content=\"800\" \/>\n\t<meta property=\"og:image:type\" content=\"image\/jpeg\" \/>\n<meta name=\"twitter:card\" content=\"summary_large_image\" \/>\n<meta name=\"twitter:label1\" content=\"Est. reading time\" \/>\n\t<meta name=\"twitter:data1\" content=\"2 minutit\" \/>\n<script type=\"application\/ld+json\" class=\"yoast-schema-graph\">{\"@context\":\"https:\/\/schema.org\",\"@graph\":[{\"@type\":\"WebPage\",\"@id\":\"https:\/\/espak.ee\/epood\/toode\/pustolivaht-penosil-750ml\/\",\"url\":\"https:\/\/espak.ee\/epood\/toode\/pustolivaht-penosil-750ml\/\",\"name\":\"P\u00dcSTOLIVAHT PENOSIL 750ML - Espak E-pood\",\"isPartOf\":{\"@id\":\"https:\/\/espak.ee\/epood\/#website\"},\"primaryImageOfPage\":{\"@id\":\"https:\/\/espak.ee\/epood\/toode\/pustolivaht-penosil-750ml\/#primaryimage\"},\"image\":{\"@id\":\"https:\/\/espak.ee\/epood\/toode\/pustolivaht-penosil-750ml\/#primaryimage\"},\"thumbnailUrl\":\"https:\/\/espak.ee\/epood\/wp-content\/uploads\/2023\/09\/Penosil-Pustolivaht-750ml-EEru.png.jpg\",\"datePublished\":\"2023-09-13T11:03:31+00:00\",\"dateModified\":\"2025-10-07T12:29:29+00:00\",\"breadcrumb\":{\"@id\":\"https:\/\/espak.ee\/epood\/toode\/pustolivaht-penosil-750ml\/#breadcrumb\"},\"inLanguage\":\"et\",\"potentialAction\":[{\"@type\":\"ReadAction\",\"target\":[\"https:\/\/espak.ee\/epood\/toode\/pustolivaht-penosil-750ml\/\"]}]},{\"@type\":\"ImageObject\",\"inLanguage\":\"et\",\"@id\":\"https:\/\/espak.ee\/epood\/toode\/pustolivaht-penosil-750ml\/#primaryimage\",\"url\":\"https:\/\/espak.ee\/epood\/wp-content\/uploads\/2023\/09\/Penosil-Pustolivaht-750ml-EEru.png.jpg\",\"contentUrl\":\"https:\/\/espak.ee\/epood\/wp-content\/uploads\/2023\/09\/Penosil-Pustolivaht-750ml-EEru.png.jpg\",\"width\":800,\"height\":800},{\"@type\":\"BreadcrumbList\",\"@id\":\"https:\/\/espak.ee\/epood\/toode\/pustolivaht-penosil-750ml\/#breadcrumb\",\"itemListElement\":[{\"@type\":\"ListItem\",\"position\":1,\"name\":\"Home\",\"item\":\"https:\/\/espak.ee\/epood\/\"},{\"@type\":\"ListItem\",\"position\":2,\"name\":\"Tootevalik\",\"item\":\"https:\/\/espak.ee\/epood\/tootevalik\/\"},{\"@type\":\"ListItem\",\"position\":3,\"name\":\"P\u00dcSTOLIVAHT PENOSIL 750ML\"}]},{\"@type\":\"WebSite\",\"@id\":\"https:\/\/espak.ee\/epood\/#website\",\"url\":\"https:\/\/espak.ee\/epood\/\",\"name\":\"Espak E-pood\",\"description\":\"\",\"potentialAction\":[{\"@type\":\"SearchAction\",\"target\":{\"@type\":\"EntryPoint\",\"urlTemplate\":\"https:\/\/espak.ee\/epood\/?s={search_term_string}\"},\"query-input\":{\"@type\":\"PropertyValueSpecification\",\"valueRequired\":true,\"valueName\":\"search_term_string\"}}],\"inLanguage\":\"et\"}]}<\/script>\n<!-- \/ Yoast SEO plugin. -->","yoast_head_json":{"title":"P\u00dcSTOLIVAHT PENOSIL 750ML - Espak E-pood","robots":{"index":"index","follow":"follow","max-snippet":"max-snippet:-1","max-image-preview":"max-image-preview:large","max-video-preview":"max-video-preview:-1"},"canonical":"https:\/\/espak.ee\/epood\/toode\/pustolivaht-penosil-750ml\/","og_locale":"et_EE","og_type":"article","og_title":"P\u00dcSTOLIVAHT PENOSIL 750ML - Espak E-pood","og_url":"https:\/\/espak.ee\/epood\/toode\/pustolivaht-penosil-750ml\/","og_site_name":"Espak E-pood","article_modified_time":"2025-10-07T12:29:29+00:00","og_image":[{"width":800,"height":800,"url":"https:\/\/espak.ee\/epood\/wp-content\/uploads\/2023\/09\/Penosil-Pustolivaht-750ml-EEru.png.jpg","type":"image\/jpeg"}],"twitter_card":"summary_large_image","twitter_misc":{"Est. reading time":"2 minutit"},"schema":{"@context":"https:\/\/schema.org","@graph":[{"@type":"WebPage","@id":"https:\/\/espak.ee\/epood\/toode\/pustolivaht-penosil-750ml\/","url":"https:\/\/espak.ee\/epood\/toode\/pustolivaht-penosil-750ml\/","name":"P\u00dcSTOLIVAHT PENOSIL 750ML - Espak E-pood","isPartOf":{"@id":"https:\/\/espak.ee\/epood\/#website"},"primaryImageOfPage":{"@id":"https:\/\/espak.ee\/epood\/toode\/pustolivaht-penosil-750ml\/#primaryimage"},"image":{"@id":"https:\/\/espak.ee\/epood\/toode\/pustolivaht-penosil-750ml\/#primaryimage"},"thumbnailUrl":"https:\/\/espak.ee\/epood\/wp-content\/uploads\/2023\/09\/Penosil-Pustolivaht-750ml-EEru.png.jpg","datePublished":"2023-09-13T11:03:31+00:00","dateModified":"2025-10-07T12:29:29+00:00","breadcrumb":{"@id":"https:\/\/espak.ee\/epood\/toode\/pustolivaht-penosil-750ml\/#breadcrumb"},"inLanguage":"et","potentialAction":[{"@type":"ReadAction","target":["https:\/\/espak.ee\/epood\/toode\/pustolivaht-penosil-750ml\/"]}]},{"@type":"ImageObject","inLanguage":"et","@id":"https:\/\/espak.ee\/epood\/toode\/pustolivaht-penosil-750ml\/#primaryimage","url":"https:\/\/espak.ee\/epood\/wp-content\/uploads\/2023\/09\/Penosil-Pustolivaht-750ml-EEru.png.jpg","contentUrl":"https:\/\/espak.ee\/epood\/wp-content\/uploads\/2023\/09\/Penosil-Pustolivaht-750ml-EEru.png.jpg","width":800,"height":800},{"@type":"BreadcrumbList","@id":"https:\/\/espak.ee\/epood\/toode\/pustolivaht-penosil-750ml\/#breadcrumb","itemListElement":[{"@type":"ListItem","position":1,"name":"Home","item":"https:\/\/espak.ee\/epood\/"},{"@type":"ListItem","position":2,"name":"Tootevalik","item":"https:\/\/espak.ee\/epood\/tootevalik\/"},{"@type":"ListItem","position":3,"name":"P\u00dcSTOLIVAHT PENOSIL 750ML"}]},{"@type":"WebSite","@id":"https:\/\/espak.ee\/epood\/#website","url":"https:\/\/espak.ee\/epood\/","name":"Espak E-pood","description":"","potentialAction":[{"@type":"SearchAction","target":{"@type":"EntryPoint","urlTemplate":"https:\/\/espak.ee\/epood\/?s={search_term_string}"},"query-input":{"@type":"PropertyValueSpecification","valueRequired":true,"valueName":"search_term_string"}}],"inLanguage":"et"}]}},"_links":{"self":[{"href":"https:\/\/espak.ee\/epood\/wp-json\/wp\/v2\/product\/172948","targetHints":{"allow":["GET"]}}],"collection":[{"href":"https:\/\/espak.ee\/epood\/wp-json\/wp\/v2\/product"}],"about":[{"href":"https:\/\/espak.ee\/epood\/wp-json\/wp\/v2\/types\/product"}],"replies":[{"embeddable":true,"href":"https:\/\/espak.ee\/epood\/wp-json\/wp\/v2\/comments?post=172948"}],"wp:featuredmedia":[{"embeddable":true,"href":"https:\/\/espak.ee\/epood\/wp-json\/wp\/v2\/media\/173055"}],"wp:attachment":[{"href":"https:\/\/espak.ee\/epood\/wp-json\/wp\/v2\/media?parent=172948"}],"wp:term":[{"taxonomy":"product_brand","embeddable":true,"href":"https:\/\/espak.ee\/epood\/wp-json\/wp\/v2\/product_brand?post=172948"},{"taxonomy":"product_cat","embeddable":true,"href":"https:\/\/espak.ee\/epood\/wp-json\/wp\/v2\/product_cat?post=172948"},{"taxonomy":"product_tag","embeddable":true,"href":"https:\/\/espak.ee\/epood\/wp-json\/wp\/v2\/product_tag?post=172948"}],"curies":[{"name":"wp","href":"https:\/\/api.w.org\/{rel}","templated":true}]}}