{"id":171420,"date":"2023-08-31T03:12:03","date_gmt":"2023-08-31T00:12:03","guid":{"rendered":"https:\/\/espak.ee\/epood\/?post_type=product&#038;p=171420"},"modified":"2024-03-23T01:20:23","modified_gmt":"2024-03-22T23:20:23","slug":"infrapuna-termomeeter-2-punktilise-lasersihikuga","status":"publish","type":"product","link":"https:\/\/espak.ee\/epood\/toode\/infrapuna-termomeeter-2-punktilise-lasersihikuga\/","title":{"rendered":"INFRAPUNA TERMOMEETER 2-PUNKTILISE LASERSIHIKUGA"},"content":{"rendered":"<div class=\"row\"  id=\"row-1618367119\">\n\n\t<div id=\"col-238355194\" class=\"col medium-9 small-12 large-9\"  >\n\t\t\t\t<div class=\"col-inner\"  >\n\t\t\t\n\t\t\t\n<h3>Infrapuna-termomeeter 2-punktilise lasersihikuga<\/h3>\n<p><strong>Omadused:<\/strong><br \/>\n&#8211; 2-punktilise lasersihikuga portatiivne infrapuna-termomeeter<br \/>\n&#8211; \u00b0C\/\u00b0F; n\u00e4idu fikseering; MAX, taustvalgustus<br \/>\n&#8211; muudetav emissioonitegur: 0.10 &#8230;1.0<br \/>\n&#8211; k\u00f5rge\/madal alarm<br \/>\n&#8211; komplektis kott<\/p>\n<p>&#8211; m\u00f5\u00f5tepiirkond: -50\u00b0C ~ 550\u00b0C<br \/>\n&#8211; t\u00f6\u00f6temperatuur: 0\u00b0C ~ 50\u00b0C<br \/>\n&#8211; t\u00e4psus(Tobj =&#8221;&#8221; 15\u00b0C ~ 35\u00b0C, Tamb =&#8221;&#8221; 25\u00b0C): \u00b1 1.5\u00b0C<br \/>\n&#8211; t\u00e4psus Tobj =&#8221;&#8221; -50\u00b0C ~ 20\u00b0C: \u00b1 2.5\u00b0C<br \/>\n&#8211;        Tobj =&#8221;&#8221; 20\u00b0C ~ 300\u00b0C: \u00b1 1.0% (\u00b1 1.0\u00b0C)<br \/>\n&#8211;        Tobj =&#8221;&#8221; 300\u00b0C ~ 550\u00b0C: \u00b1 1.5%<br \/>\n&#8211; eraldus: 0.1\u00b0C<br \/>\n&#8211; m\u00f5\u00f5tekiirus(90%): 150ms<br \/>\n&#8211; lainepikkus: 8\u00b5m &#8211; 14\u00b5m<br \/>\n&#8211; automaatne v\u00e4ljal\u00fclitus: \u00b1 10 sec<br \/>\n&#8211; optika: D\/S =&#8221;&#8221; 12:1<br \/>\n&#8211; toide: 1 x 9V<br \/>\n&#8211; m\u00f5\u00f5dud: 146mm x 104mm x 43mm<br \/>\n&#8211; kaal: 163g<\/p>\n\t\t<\/div>\n\t\t\t\t\t<\/div>\n\n\t\n\n\t<div id=\"col-1431745863\" class=\"col medium-3 small-12 large-3\"  >\n\t\t\t\t<div class=\"col-inner\"  >\n\t\t\t\n\t\t\t\n<div class=\"is-divider divider clearfix\" ><\/div>\n<p><strong>\u00dcksikasjalikuma n\u00f5u saamiseks v\u00f5tke \u00fchendust:<br \/><\/strong>Ronex O\u00dc<br \/>Kiisa tn.8<br \/>11313<br \/>Tallinn<br \/>+372 655 6672<\/p>\n\t\t<\/div>\n\t\t\t\t\t<\/div>\n\n\t\n<\/div>\n","protected":false},"excerpt":{"rendered":"","protected":false},"featured_media":172138,"comment_status":"closed","ping_status":"closed","template":"","meta":[],"product_brand":[],"product_cat":[2771,2772,3182,2679],"product_tag":[],"class_list":{"0":"post-171420","1":"product","2":"type-product","3":"status-publish","4":"has-post-thumbnail","6":"product_cat-kasitooriistad","7":"product_cat-mooteriistad","8":"product_cat-testrid","9":"product_cat-tooriistad","10":"pa_kaubamark-ronex-ou","12":"first","13":"instock","14":"sale","15":"taxable","16":"shipping-taxable","17":"purchasable","18":"product-type-simple"},"yoast_head":"<!-- This site is optimized with the Yoast SEO plugin v26.9 - https:\/\/yoast.com\/product\/yoast-seo-wordpress\/ -->\n<title>INFRAPUNA TERMOMEETER 2-PUNKTILISE LASERSIHIKUGA - Espak E-pood<\/title>\n<meta name=\"robots\" content=\"index, follow, max-snippet:-1, max-image-preview:large, max-video-preview:-1\" \/>\n<link rel=\"canonical\" href=\"https:\/\/espak.ee\/epood\/toode\/infrapuna-termomeeter-2-punktilise-lasersihikuga\/\" \/>\n<meta property=\"og:locale\" content=\"et_EE\" \/>\n<meta property=\"og:type\" content=\"article\" \/>\n<meta property=\"og:title\" content=\"INFRAPUNA TERMOMEETER 2-PUNKTILISE LASERSIHIKUGA - Espak E-pood\" \/>\n<meta property=\"og:url\" content=\"https:\/\/espak.ee\/epood\/toode\/infrapuna-termomeeter-2-punktilise-lasersihikuga\/\" \/>\n<meta property=\"og:site_name\" content=\"Espak E-pood\" \/>\n<meta property=\"article:modified_time\" content=\"2024-03-22T23:20:23+00:00\" \/>\n<meta property=\"og:image\" content=\"https:\/\/espak.ee\/epood\/wp-content\/uploads\/2023\/08\/dvm8861_front.jpg\" \/>\n\t<meta property=\"og:image:width\" content=\"800\" \/>\n\t<meta property=\"og:image:height\" content=\"800\" \/>\n\t<meta property=\"og:image:type\" content=\"image\/jpeg\" \/>\n<meta name=\"twitter:card\" content=\"summary_large_image\" \/>\n<meta name=\"twitter:label1\" content=\"Est. reading time\" \/>\n\t<meta name=\"twitter:data1\" content=\"1 minut\" \/>\n<script type=\"application\/ld+json\" class=\"yoast-schema-graph\">{\"@context\":\"https:\/\/schema.org\",\"@graph\":[{\"@type\":\"WebPage\",\"@id\":\"https:\/\/espak.ee\/epood\/toode\/infrapuna-termomeeter-2-punktilise-lasersihikuga\/\",\"url\":\"https:\/\/espak.ee\/epood\/toode\/infrapuna-termomeeter-2-punktilise-lasersihikuga\/\",\"name\":\"INFRAPUNA TERMOMEETER 2-PUNKTILISE LASERSIHIKUGA - Espak E-pood\",\"isPartOf\":{\"@id\":\"https:\/\/espak.ee\/epood\/#website\"},\"primaryImageOfPage\":{\"@id\":\"https:\/\/espak.ee\/epood\/toode\/infrapuna-termomeeter-2-punktilise-lasersihikuga\/#primaryimage\"},\"image\":{\"@id\":\"https:\/\/espak.ee\/epood\/toode\/infrapuna-termomeeter-2-punktilise-lasersihikuga\/#primaryimage\"},\"thumbnailUrl\":\"https:\/\/espak.ee\/epood\/wp-content\/uploads\/2023\/08\/dvm8861_front.jpg\",\"datePublished\":\"2023-08-31T00:12:03+00:00\",\"dateModified\":\"2024-03-22T23:20:23+00:00\",\"breadcrumb\":{\"@id\":\"https:\/\/espak.ee\/epood\/toode\/infrapuna-termomeeter-2-punktilise-lasersihikuga\/#breadcrumb\"},\"inLanguage\":\"et\",\"potentialAction\":[{\"@type\":\"ReadAction\",\"target\":[\"https:\/\/espak.ee\/epood\/toode\/infrapuna-termomeeter-2-punktilise-lasersihikuga\/\"]}]},{\"@type\":\"ImageObject\",\"inLanguage\":\"et\",\"@id\":\"https:\/\/espak.ee\/epood\/toode\/infrapuna-termomeeter-2-punktilise-lasersihikuga\/#primaryimage\",\"url\":\"https:\/\/espak.ee\/epood\/wp-content\/uploads\/2023\/08\/dvm8861_front.jpg\",\"contentUrl\":\"https:\/\/espak.ee\/epood\/wp-content\/uploads\/2023\/08\/dvm8861_front.jpg\",\"width\":800,\"height\":800},{\"@type\":\"BreadcrumbList\",\"@id\":\"https:\/\/espak.ee\/epood\/toode\/infrapuna-termomeeter-2-punktilise-lasersihikuga\/#breadcrumb\",\"itemListElement\":[{\"@type\":\"ListItem\",\"position\":1,\"name\":\"Home\",\"item\":\"https:\/\/espak.ee\/epood\/\"},{\"@type\":\"ListItem\",\"position\":2,\"name\":\"Tootevalik\",\"item\":\"https:\/\/espak.ee\/epood\/tootevalik\/\"},{\"@type\":\"ListItem\",\"position\":3,\"name\":\"INFRAPUNA TERMOMEETER 2-PUNKTILISE LASERSIHIKUGA\"}]},{\"@type\":\"WebSite\",\"@id\":\"https:\/\/espak.ee\/epood\/#website\",\"url\":\"https:\/\/espak.ee\/epood\/\",\"name\":\"Espak E-pood\",\"description\":\"\",\"potentialAction\":[{\"@type\":\"SearchAction\",\"target\":{\"@type\":\"EntryPoint\",\"urlTemplate\":\"https:\/\/espak.ee\/epood\/?s={search_term_string}\"},\"query-input\":{\"@type\":\"PropertyValueSpecification\",\"valueRequired\":true,\"valueName\":\"search_term_string\"}}],\"inLanguage\":\"et\"}]}<\/script>\n<!-- \/ Yoast SEO plugin. -->","yoast_head_json":{"title":"INFRAPUNA TERMOMEETER 2-PUNKTILISE LASERSIHIKUGA - Espak E-pood","robots":{"index":"index","follow":"follow","max-snippet":"max-snippet:-1","max-image-preview":"max-image-preview:large","max-video-preview":"max-video-preview:-1"},"canonical":"https:\/\/espak.ee\/epood\/toode\/infrapuna-termomeeter-2-punktilise-lasersihikuga\/","og_locale":"et_EE","og_type":"article","og_title":"INFRAPUNA TERMOMEETER 2-PUNKTILISE LASERSIHIKUGA - Espak E-pood","og_url":"https:\/\/espak.ee\/epood\/toode\/infrapuna-termomeeter-2-punktilise-lasersihikuga\/","og_site_name":"Espak E-pood","article_modified_time":"2024-03-22T23:20:23+00:00","og_image":[{"width":800,"height":800,"url":"https:\/\/espak.ee\/epood\/wp-content\/uploads\/2023\/08\/dvm8861_front.jpg","type":"image\/jpeg"}],"twitter_card":"summary_large_image","twitter_misc":{"Est. reading time":"1 minut"},"schema":{"@context":"https:\/\/schema.org","@graph":[{"@type":"WebPage","@id":"https:\/\/espak.ee\/epood\/toode\/infrapuna-termomeeter-2-punktilise-lasersihikuga\/","url":"https:\/\/espak.ee\/epood\/toode\/infrapuna-termomeeter-2-punktilise-lasersihikuga\/","name":"INFRAPUNA TERMOMEETER 2-PUNKTILISE LASERSIHIKUGA - Espak E-pood","isPartOf":{"@id":"https:\/\/espak.ee\/epood\/#website"},"primaryImageOfPage":{"@id":"https:\/\/espak.ee\/epood\/toode\/infrapuna-termomeeter-2-punktilise-lasersihikuga\/#primaryimage"},"image":{"@id":"https:\/\/espak.ee\/epood\/toode\/infrapuna-termomeeter-2-punktilise-lasersihikuga\/#primaryimage"},"thumbnailUrl":"https:\/\/espak.ee\/epood\/wp-content\/uploads\/2023\/08\/dvm8861_front.jpg","datePublished":"2023-08-31T00:12:03+00:00","dateModified":"2024-03-22T23:20:23+00:00","breadcrumb":{"@id":"https:\/\/espak.ee\/epood\/toode\/infrapuna-termomeeter-2-punktilise-lasersihikuga\/#breadcrumb"},"inLanguage":"et","potentialAction":[{"@type":"ReadAction","target":["https:\/\/espak.ee\/epood\/toode\/infrapuna-termomeeter-2-punktilise-lasersihikuga\/"]}]},{"@type":"ImageObject","inLanguage":"et","@id":"https:\/\/espak.ee\/epood\/toode\/infrapuna-termomeeter-2-punktilise-lasersihikuga\/#primaryimage","url":"https:\/\/espak.ee\/epood\/wp-content\/uploads\/2023\/08\/dvm8861_front.jpg","contentUrl":"https:\/\/espak.ee\/epood\/wp-content\/uploads\/2023\/08\/dvm8861_front.jpg","width":800,"height":800},{"@type":"BreadcrumbList","@id":"https:\/\/espak.ee\/epood\/toode\/infrapuna-termomeeter-2-punktilise-lasersihikuga\/#breadcrumb","itemListElement":[{"@type":"ListItem","position":1,"name":"Home","item":"https:\/\/espak.ee\/epood\/"},{"@type":"ListItem","position":2,"name":"Tootevalik","item":"https:\/\/espak.ee\/epood\/tootevalik\/"},{"@type":"ListItem","position":3,"name":"INFRAPUNA TERMOMEETER 2-PUNKTILISE LASERSIHIKUGA"}]},{"@type":"WebSite","@id":"https:\/\/espak.ee\/epood\/#website","url":"https:\/\/espak.ee\/epood\/","name":"Espak E-pood","description":"","potentialAction":[{"@type":"SearchAction","target":{"@type":"EntryPoint","urlTemplate":"https:\/\/espak.ee\/epood\/?s={search_term_string}"},"query-input":{"@type":"PropertyValueSpecification","valueRequired":true,"valueName":"search_term_string"}}],"inLanguage":"et"}]}},"_links":{"self":[{"href":"https:\/\/espak.ee\/epood\/wp-json\/wp\/v2\/product\/171420","targetHints":{"allow":["GET"]}}],"collection":[{"href":"https:\/\/espak.ee\/epood\/wp-json\/wp\/v2\/product"}],"about":[{"href":"https:\/\/espak.ee\/epood\/wp-json\/wp\/v2\/types\/product"}],"replies":[{"embeddable":true,"href":"https:\/\/espak.ee\/epood\/wp-json\/wp\/v2\/comments?post=171420"}],"wp:featuredmedia":[{"embeddable":true,"href":"https:\/\/espak.ee\/epood\/wp-json\/wp\/v2\/media\/172138"}],"wp:attachment":[{"href":"https:\/\/espak.ee\/epood\/wp-json\/wp\/v2\/media?parent=171420"}],"wp:term":[{"taxonomy":"product_brand","embeddable":true,"href":"https:\/\/espak.ee\/epood\/wp-json\/wp\/v2\/product_brand?post=171420"},{"taxonomy":"product_cat","embeddable":true,"href":"https:\/\/espak.ee\/epood\/wp-json\/wp\/v2\/product_cat?post=171420"},{"taxonomy":"product_tag","embeddable":true,"href":"https:\/\/espak.ee\/epood\/wp-json\/wp\/v2\/product_tag?post=171420"}],"curies":[{"name":"wp","href":"https:\/\/api.w.org\/{rel}","templated":true}]}}