{"id":164191,"date":"2023-06-17T12:10:29","date_gmt":"2023-06-17T09:10:29","guid":{"rendered":"https:\/\/espak.ee\/epood\/?post_type=product&#038;p=164191"},"modified":"2024-03-23T01:32:42","modified_gmt":"2024-03-22T23:32:42","slug":"liikumisandur-is-2360-3-eco-valge-ip54","status":"publish","type":"product","link":"https:\/\/espak.ee\/epood\/toode\/liikumisandur-is-2360-3-eco-valge-ip54\/","title":{"rendered":"LIIKUMISANDUR IS 2360-3 ECO VALGE IP54"},"content":{"rendered":"<div class=\"row\"  id=\"row-872975236\">\n\n\t<div id=\"col-750606401\" class=\"col medium-9 small-12 large-9\"  >\n\t\t\t\t<div class=\"col-inner\"  >\n\t\t\t\n\t\t\t\n<h3>Liikumisandur IS 2360-3 ECO IP54 valge <\/h3>\n<p> IS 2360-3 ECO infrapunaandur, seinale paigaldatav.<br \/>\n 360\u00b0 katvusnurk ja 12 m t\u00f6\u00f6raadius.<br \/>\nReguleeritav t\u00f6\u00f6aeg ja h\u00e4marusnivoo, tuvastustsooni saab kohandada katetega.<br \/>\n Viimistlusv\u00e4rv: valge. <\/p>\n<p>M\u00f5\u00f5tmed: 121 x 57 mm<br \/>\nV\u00f5rgupinge: 220 &#8211; 240 V 50\/60 Hz<br \/>\nTuvastusnurk: 360\u00b0<br \/>\nT\u00f6\u00f6raadius: 12 m<br \/>\nAja seadmine: 5 s &#8211; 15 min<br \/>\nH\u00e4marusnivoo seadistamine: 2\u20131000 lx<br \/>\nKaitseliik: IP 54<br \/>\nTemperatuurivahemik: -20 kuni +50 \u00b0C\n  <\/p>\n\t\t<\/div>\n\t\t\t\t\t<\/div>\n\n\t\n\n\t<div id=\"col-1229006331\" class=\"col medium-3 small-12 large-3\"  >\n\t\t\t\t<div class=\"col-inner\"  >\n\t\t\t\n\t\t\t\n<h3>Kasutusjuhend<\/h3>\n<p><a href=\"https:\/\/espak.ee\/epood\/wp-content\/uploads\/2023\/06\/BEDIEN1_081706.pdf\"target=\"_blank\" rel=\"noopener noreferrer\"><i class=\"far fa-file-pdf\"><\/i> Kasutusjuhend (PDF)<\/a><\/p>\n<div class=\"is-divider divider clearfix\" ><\/div>\n<p><strong>\u00dcksikasjalikuma n\u00f5u saamiseks v\u00f5tke \u00fchendust:<br \/><\/strong>Fortronic AS<br \/>T\u00f6\u00f6stuse tee 7<br \/>61715<br \/>T\u00f5rvandi, Kambja vald, Tartumaa <br \/>+372 7303 939<\/p>\n\t\t<\/div>\n\t\t\t\t\t<\/div>\n\n\t\n<\/div>\n","protected":false},"excerpt":{"rendered":"","protected":false},"featured_media":164841,"comment_status":"closed","ping_status":"closed","template":"","meta":[],"product_brand":[],"product_cat":[2935,2934,3554,3224],"product_tag":[],"class_list":{"0":"post-164191","1":"product","2":"type-product","3":"status-publish","4":"has-post-thumbnail","6":"product_cat-elektrikaubad","7":"product_cat-elektrikaubad-ja-valgustid","8":"product_cat-liikumisandurid","9":"product_cat-lulitid-ja-pistikupesad","10":"pa_kaubamark-fortronic-as","12":"first","13":"instock","14":"sale","15":"taxable","16":"shipping-taxable","17":"purchasable","18":"product-type-simple"},"yoast_head":"<!-- This site is optimized with the Yoast SEO plugin v26.9 - https:\/\/yoast.com\/product\/yoast-seo-wordpress\/ -->\n<title>LIIKUMISANDUR IS 2360-3 ECO VALGE IP54 - Espak E-pood<\/title>\n<meta name=\"robots\" content=\"index, follow, max-snippet:-1, max-image-preview:large, max-video-preview:-1\" \/>\n<link rel=\"canonical\" href=\"https:\/\/espak.ee\/epood\/toode\/liikumisandur-is-2360-3-eco-valge-ip54\/\" \/>\n<meta property=\"og:locale\" content=\"et_EE\" \/>\n<meta property=\"og:type\" content=\"article\" \/>\n<meta property=\"og:title\" content=\"LIIKUMISANDUR IS 2360-3 ECO VALGE IP54 - Espak E-pood\" \/>\n<meta property=\"og:url\" content=\"https:\/\/espak.ee\/epood\/toode\/liikumisandur-is-2360-3-eco-valge-ip54\/\" \/>\n<meta property=\"og:site_name\" content=\"Espak E-pood\" \/>\n<meta property=\"article:modified_time\" content=\"2024-03-22T23:32:42+00:00\" \/>\n<meta property=\"og:image\" content=\"https:\/\/espak.ee\/epood\/wp-content\/uploads\/2023\/06\/PRODUKT1_057770.jpg\" \/>\n\t<meta property=\"og:image:width\" content=\"800\" \/>\n\t<meta property=\"og:image:height\" content=\"800\" \/>\n\t<meta property=\"og:image:type\" content=\"image\/jpeg\" \/>\n<meta name=\"twitter:card\" content=\"summary_large_image\" \/>\n<script type=\"application\/ld+json\" class=\"yoast-schema-graph\">{\"@context\":\"https:\/\/schema.org\",\"@graph\":[{\"@type\":\"WebPage\",\"@id\":\"https:\/\/espak.ee\/epood\/toode\/liikumisandur-is-2360-3-eco-valge-ip54\/\",\"url\":\"https:\/\/espak.ee\/epood\/toode\/liikumisandur-is-2360-3-eco-valge-ip54\/\",\"name\":\"LIIKUMISANDUR IS 2360-3 ECO VALGE IP54 - Espak E-pood\",\"isPartOf\":{\"@id\":\"https:\/\/espak.ee\/epood\/#website\"},\"primaryImageOfPage\":{\"@id\":\"https:\/\/espak.ee\/epood\/toode\/liikumisandur-is-2360-3-eco-valge-ip54\/#primaryimage\"},\"image\":{\"@id\":\"https:\/\/espak.ee\/epood\/toode\/liikumisandur-is-2360-3-eco-valge-ip54\/#primaryimage\"},\"thumbnailUrl\":\"https:\/\/espak.ee\/epood\/wp-content\/uploads\/2023\/06\/PRODUKT1_057770.jpg\",\"datePublished\":\"2023-06-17T09:10:29+00:00\",\"dateModified\":\"2024-03-22T23:32:42+00:00\",\"breadcrumb\":{\"@id\":\"https:\/\/espak.ee\/epood\/toode\/liikumisandur-is-2360-3-eco-valge-ip54\/#breadcrumb\"},\"inLanguage\":\"et\",\"potentialAction\":[{\"@type\":\"ReadAction\",\"target\":[\"https:\/\/espak.ee\/epood\/toode\/liikumisandur-is-2360-3-eco-valge-ip54\/\"]}]},{\"@type\":\"ImageObject\",\"inLanguage\":\"et\",\"@id\":\"https:\/\/espak.ee\/epood\/toode\/liikumisandur-is-2360-3-eco-valge-ip54\/#primaryimage\",\"url\":\"https:\/\/espak.ee\/epood\/wp-content\/uploads\/2023\/06\/PRODUKT1_057770.jpg\",\"contentUrl\":\"https:\/\/espak.ee\/epood\/wp-content\/uploads\/2023\/06\/PRODUKT1_057770.jpg\",\"width\":800,\"height\":800},{\"@type\":\"BreadcrumbList\",\"@id\":\"https:\/\/espak.ee\/epood\/toode\/liikumisandur-is-2360-3-eco-valge-ip54\/#breadcrumb\",\"itemListElement\":[{\"@type\":\"ListItem\",\"position\":1,\"name\":\"Home\",\"item\":\"https:\/\/espak.ee\/epood\/\"},{\"@type\":\"ListItem\",\"position\":2,\"name\":\"Tootevalik\",\"item\":\"https:\/\/espak.ee\/epood\/tootevalik\/\"},{\"@type\":\"ListItem\",\"position\":3,\"name\":\"LIIKUMISANDUR IS 2360-3 ECO VALGE IP54\"}]},{\"@type\":\"WebSite\",\"@id\":\"https:\/\/espak.ee\/epood\/#website\",\"url\":\"https:\/\/espak.ee\/epood\/\",\"name\":\"Espak E-pood\",\"description\":\"\",\"potentialAction\":[{\"@type\":\"SearchAction\",\"target\":{\"@type\":\"EntryPoint\",\"urlTemplate\":\"https:\/\/espak.ee\/epood\/?s={search_term_string}\"},\"query-input\":{\"@type\":\"PropertyValueSpecification\",\"valueRequired\":true,\"valueName\":\"search_term_string\"}}],\"inLanguage\":\"et\"}]}<\/script>\n<!-- \/ Yoast SEO plugin. -->","yoast_head_json":{"title":"LIIKUMISANDUR IS 2360-3 ECO VALGE IP54 - Espak E-pood","robots":{"index":"index","follow":"follow","max-snippet":"max-snippet:-1","max-image-preview":"max-image-preview:large","max-video-preview":"max-video-preview:-1"},"canonical":"https:\/\/espak.ee\/epood\/toode\/liikumisandur-is-2360-3-eco-valge-ip54\/","og_locale":"et_EE","og_type":"article","og_title":"LIIKUMISANDUR IS 2360-3 ECO VALGE IP54 - Espak E-pood","og_url":"https:\/\/espak.ee\/epood\/toode\/liikumisandur-is-2360-3-eco-valge-ip54\/","og_site_name":"Espak E-pood","article_modified_time":"2024-03-22T23:32:42+00:00","og_image":[{"width":800,"height":800,"url":"https:\/\/espak.ee\/epood\/wp-content\/uploads\/2023\/06\/PRODUKT1_057770.jpg","type":"image\/jpeg"}],"twitter_card":"summary_large_image","schema":{"@context":"https:\/\/schema.org","@graph":[{"@type":"WebPage","@id":"https:\/\/espak.ee\/epood\/toode\/liikumisandur-is-2360-3-eco-valge-ip54\/","url":"https:\/\/espak.ee\/epood\/toode\/liikumisandur-is-2360-3-eco-valge-ip54\/","name":"LIIKUMISANDUR IS 2360-3 ECO VALGE IP54 - Espak E-pood","isPartOf":{"@id":"https:\/\/espak.ee\/epood\/#website"},"primaryImageOfPage":{"@id":"https:\/\/espak.ee\/epood\/toode\/liikumisandur-is-2360-3-eco-valge-ip54\/#primaryimage"},"image":{"@id":"https:\/\/espak.ee\/epood\/toode\/liikumisandur-is-2360-3-eco-valge-ip54\/#primaryimage"},"thumbnailUrl":"https:\/\/espak.ee\/epood\/wp-content\/uploads\/2023\/06\/PRODUKT1_057770.jpg","datePublished":"2023-06-17T09:10:29+00:00","dateModified":"2024-03-22T23:32:42+00:00","breadcrumb":{"@id":"https:\/\/espak.ee\/epood\/toode\/liikumisandur-is-2360-3-eco-valge-ip54\/#breadcrumb"},"inLanguage":"et","potentialAction":[{"@type":"ReadAction","target":["https:\/\/espak.ee\/epood\/toode\/liikumisandur-is-2360-3-eco-valge-ip54\/"]}]},{"@type":"ImageObject","inLanguage":"et","@id":"https:\/\/espak.ee\/epood\/toode\/liikumisandur-is-2360-3-eco-valge-ip54\/#primaryimage","url":"https:\/\/espak.ee\/epood\/wp-content\/uploads\/2023\/06\/PRODUKT1_057770.jpg","contentUrl":"https:\/\/espak.ee\/epood\/wp-content\/uploads\/2023\/06\/PRODUKT1_057770.jpg","width":800,"height":800},{"@type":"BreadcrumbList","@id":"https:\/\/espak.ee\/epood\/toode\/liikumisandur-is-2360-3-eco-valge-ip54\/#breadcrumb","itemListElement":[{"@type":"ListItem","position":1,"name":"Home","item":"https:\/\/espak.ee\/epood\/"},{"@type":"ListItem","position":2,"name":"Tootevalik","item":"https:\/\/espak.ee\/epood\/tootevalik\/"},{"@type":"ListItem","position":3,"name":"LIIKUMISANDUR IS 2360-3 ECO VALGE IP54"}]},{"@type":"WebSite","@id":"https:\/\/espak.ee\/epood\/#website","url":"https:\/\/espak.ee\/epood\/","name":"Espak E-pood","description":"","potentialAction":[{"@type":"SearchAction","target":{"@type":"EntryPoint","urlTemplate":"https:\/\/espak.ee\/epood\/?s={search_term_string}"},"query-input":{"@type":"PropertyValueSpecification","valueRequired":true,"valueName":"search_term_string"}}],"inLanguage":"et"}]}},"_links":{"self":[{"href":"https:\/\/espak.ee\/epood\/wp-json\/wp\/v2\/product\/164191","targetHints":{"allow":["GET"]}}],"collection":[{"href":"https:\/\/espak.ee\/epood\/wp-json\/wp\/v2\/product"}],"about":[{"href":"https:\/\/espak.ee\/epood\/wp-json\/wp\/v2\/types\/product"}],"replies":[{"embeddable":true,"href":"https:\/\/espak.ee\/epood\/wp-json\/wp\/v2\/comments?post=164191"}],"wp:featuredmedia":[{"embeddable":true,"href":"https:\/\/espak.ee\/epood\/wp-json\/wp\/v2\/media\/164841"}],"wp:attachment":[{"href":"https:\/\/espak.ee\/epood\/wp-json\/wp\/v2\/media?parent=164191"}],"wp:term":[{"taxonomy":"product_brand","embeddable":true,"href":"https:\/\/espak.ee\/epood\/wp-json\/wp\/v2\/product_brand?post=164191"},{"taxonomy":"product_cat","embeddable":true,"href":"https:\/\/espak.ee\/epood\/wp-json\/wp\/v2\/product_cat?post=164191"},{"taxonomy":"product_tag","embeddable":true,"href":"https:\/\/espak.ee\/epood\/wp-json\/wp\/v2\/product_tag?post=164191"}],"curies":[{"name":"wp","href":"https:\/\/api.w.org\/{rel}","templated":true}]}}