{"id":158420,"date":"2023-05-06T02:31:20","date_gmt":"2023-05-05T23:31:20","guid":{"rendered":"https:\/\/espak.ee\/epood\/?post_type=product&#038;p=158420"},"modified":"2024-03-23T01:42:49","modified_gmt":"2024-03-22T23:42:49","slug":"korvaklapid-kiivrile-peltor-optime-i","status":"publish","type":"product","link":"https:\/\/espak.ee\/epood\/toode\/korvaklapid-kiivrile-peltor-optime-i\/","title":{"rendered":"K\u00d5RVAKLAPID KIIVRILE PELTOR OPTIME I"},"content":{"rendered":"<div class=\"row\"  id=\"row-663216726\">\n\n\t<div id=\"col-1502377996\" class=\"col medium-9 small-12 large-9\"  >\n\t\t\t\t<div class=\"col-inner\"  >\n\t\t\t\n\t\t\t\n<h2>3M PELTOR OPTIME I k\u00f5rvaklapid kiivrile 26 dB<\/h2>\n<p>3M PELTOR OPTIME I k\u00f5rvaklapid kiivrile on kerged ja silmatorkamatu disainiga, mis parandab mugavust ja kantavust. Kapslite sees olev piisav t\u00fchi ruum aitab v\u00e4hendada niiskuse ja kuumuse kogunemist. Kiivrile kinnitatavad universaalsed k\u00f5rvaklapid kaitsevad v\u00e4iksema m\u00fcra eest. Mugavad ja kerged k\u00f5rvaklapid sobivad nii pika- kui l\u00fchiajaliseks kasutamiseks. Mitte kasutada v\u00e4ga tugeva m\u00fcra korral.<\/p>\n<p>OPTIME k\u00f5rvaklappide sari pakub v\u00e4ga mitmek\u00fclgset kaitset ning vastab enamiku t\u00f6\u00f6kohtade vajadustele. Laiad ja mugavad tihendusr\u00f5ngad on t\u00e4idetud unikaalse vedeliku ja vahu seguga, mis tagab t\u00f5husa tihenduse ja v\u00e4ikese kontaktsurve, seet\u00f5ttu on neid mugav kanda isegi v\u00e4ga pikka aega j\u00e4rjest.<\/p>\n<p>&#8211; SNR 26 dB<br \/>\n&#8211; H 32 dB, M 23 dB, L 15 dB<br \/>\n&#8211; Kaal 205 g<\/p>\n\t\t<\/div>\n\t\t\t\t\t<\/div>\n\n\t\n\n\t<div id=\"col-1732179385\" class=\"col medium-3 small-12 large-3\"  >\n\t\t\t\t<div class=\"col-inner\"  >\n\t\t\t\n\t\t\t\n\t<div id=\"gap-397470713\" class=\"gap-element clearfix\" style=\"display:block; height:auto;\">\n\t\t\n<style>\n#gap-397470713 {\n  padding-top: 30px;\n}\n<\/style>\n\t<\/div>\n\t\n<div class=\"is-divider divider clearfix\" ><\/div>\n<p><strong>\u00dcksikasjalikuma n\u00f5u saamiseks v\u00f5tke \u00fchendust:<br \/><\/strong>Becky AS<br \/>Laki 30A \/ Kadaka tee 129<br \/>12915<br \/>Tallinn<br \/>+372 670 6880<\/p>\n<div class=\"is-divider divider clearfix\" ><\/div>\n\t\t<\/div>\n\t\t\t\t\t<\/div>\n\n\t\n<\/div>\n","protected":false},"excerpt":{"rendered":"","protected":false},"featured_media":158772,"comment_status":"closed","ping_status":"closed","template":"","meta":[],"product_brand":[],"product_cat":[2788,2973,2975,2972],"product_tag":[],"class_list":{"0":"post-158420","1":"product","2":"type-product","3":"status-publish","4":"has-post-thumbnail","6":"product_cat-aiatarbed-ja-kodukaubad","7":"product_cat-isikukaitsevahendid","8":"product_cat-kuulmiskaitsed","9":"product_cat-tookaitsevahendid","10":"pa_kaubamark-becky-as","12":"first","13":"instock","14":"sale","15":"taxable","16":"shipping-taxable","17":"purchasable","18":"product-type-simple"},"yoast_head":"<!-- This site is optimized with the Yoast SEO plugin v26.9 - https:\/\/yoast.com\/product\/yoast-seo-wordpress\/ -->\n<title>K\u00d5RVAKLAPID KIIVRILE PELTOR OPTIME I - Espak E-pood<\/title>\n<meta name=\"robots\" content=\"index, follow, max-snippet:-1, max-image-preview:large, max-video-preview:-1\" \/>\n<link rel=\"canonical\" href=\"https:\/\/espak.ee\/epood\/toode\/korvaklapid-kiivrile-peltor-optime-i\/\" \/>\n<meta property=\"og:locale\" content=\"et_EE\" \/>\n<meta property=\"og:type\" content=\"article\" \/>\n<meta property=\"og:title\" content=\"K\u00d5RVAKLAPID KIIVRILE PELTOR OPTIME I - Espak E-pood\" \/>\n<meta property=\"og:url\" content=\"https:\/\/espak.ee\/epood\/toode\/korvaklapid-kiivrile-peltor-optime-i\/\" \/>\n<meta property=\"og:site_name\" content=\"Espak E-pood\" \/>\n<meta property=\"article:modified_time\" content=\"2024-03-22T23:42:49+00:00\" \/>\n<meta property=\"og:image\" content=\"https:\/\/espak.ee\/epood\/wp-content\/uploads\/2023\/05\/optime_i-768x846-2.jpg\" \/>\n\t<meta property=\"og:image:width\" content=\"700\" \/>\n\t<meta property=\"og:image:height\" content=\"700\" \/>\n\t<meta property=\"og:image:type\" content=\"image\/jpeg\" \/>\n<meta name=\"twitter:card\" content=\"summary_large_image\" \/>\n<meta name=\"twitter:label1\" content=\"Est. reading time\" \/>\n\t<meta name=\"twitter:data1\" content=\"1 minut\" \/>\n<script type=\"application\/ld+json\" class=\"yoast-schema-graph\">{\"@context\":\"https:\/\/schema.org\",\"@graph\":[{\"@type\":\"WebPage\",\"@id\":\"https:\/\/espak.ee\/epood\/toode\/korvaklapid-kiivrile-peltor-optime-i\/\",\"url\":\"https:\/\/espak.ee\/epood\/toode\/korvaklapid-kiivrile-peltor-optime-i\/\",\"name\":\"K\u00d5RVAKLAPID KIIVRILE PELTOR OPTIME I - Espak E-pood\",\"isPartOf\":{\"@id\":\"https:\/\/espak.ee\/epood\/#website\"},\"primaryImageOfPage\":{\"@id\":\"https:\/\/espak.ee\/epood\/toode\/korvaklapid-kiivrile-peltor-optime-i\/#primaryimage\"},\"image\":{\"@id\":\"https:\/\/espak.ee\/epood\/toode\/korvaklapid-kiivrile-peltor-optime-i\/#primaryimage\"},\"thumbnailUrl\":\"https:\/\/espak.ee\/epood\/wp-content\/uploads\/2023\/05\/optime_i-768x846-2.jpg\",\"datePublished\":\"2023-05-05T23:31:20+00:00\",\"dateModified\":\"2024-03-22T23:42:49+00:00\",\"breadcrumb\":{\"@id\":\"https:\/\/espak.ee\/epood\/toode\/korvaklapid-kiivrile-peltor-optime-i\/#breadcrumb\"},\"inLanguage\":\"et\",\"potentialAction\":[{\"@type\":\"ReadAction\",\"target\":[\"https:\/\/espak.ee\/epood\/toode\/korvaklapid-kiivrile-peltor-optime-i\/\"]}]},{\"@type\":\"ImageObject\",\"inLanguage\":\"et\",\"@id\":\"https:\/\/espak.ee\/epood\/toode\/korvaklapid-kiivrile-peltor-optime-i\/#primaryimage\",\"url\":\"https:\/\/espak.ee\/epood\/wp-content\/uploads\/2023\/05\/optime_i-768x846-2.jpg\",\"contentUrl\":\"https:\/\/espak.ee\/epood\/wp-content\/uploads\/2023\/05\/optime_i-768x846-2.jpg\",\"width\":700,\"height\":700},{\"@type\":\"BreadcrumbList\",\"@id\":\"https:\/\/espak.ee\/epood\/toode\/korvaklapid-kiivrile-peltor-optime-i\/#breadcrumb\",\"itemListElement\":[{\"@type\":\"ListItem\",\"position\":1,\"name\":\"Home\",\"item\":\"https:\/\/espak.ee\/epood\/\"},{\"@type\":\"ListItem\",\"position\":2,\"name\":\"Tootevalik\",\"item\":\"https:\/\/espak.ee\/epood\/tootevalik\/\"},{\"@type\":\"ListItem\",\"position\":3,\"name\":\"K\u00d5RVAKLAPID KIIVRILE PELTOR OPTIME I\"}]},{\"@type\":\"WebSite\",\"@id\":\"https:\/\/espak.ee\/epood\/#website\",\"url\":\"https:\/\/espak.ee\/epood\/\",\"name\":\"Espak E-pood\",\"description\":\"\",\"potentialAction\":[{\"@type\":\"SearchAction\",\"target\":{\"@type\":\"EntryPoint\",\"urlTemplate\":\"https:\/\/espak.ee\/epood\/?s={search_term_string}\"},\"query-input\":{\"@type\":\"PropertyValueSpecification\",\"valueRequired\":true,\"valueName\":\"search_term_string\"}}],\"inLanguage\":\"et\"}]}<\/script>\n<!-- \/ Yoast SEO plugin. -->","yoast_head_json":{"title":"K\u00d5RVAKLAPID KIIVRILE PELTOR OPTIME I - Espak E-pood","robots":{"index":"index","follow":"follow","max-snippet":"max-snippet:-1","max-image-preview":"max-image-preview:large","max-video-preview":"max-video-preview:-1"},"canonical":"https:\/\/espak.ee\/epood\/toode\/korvaklapid-kiivrile-peltor-optime-i\/","og_locale":"et_EE","og_type":"article","og_title":"K\u00d5RVAKLAPID KIIVRILE PELTOR OPTIME I - Espak E-pood","og_url":"https:\/\/espak.ee\/epood\/toode\/korvaklapid-kiivrile-peltor-optime-i\/","og_site_name":"Espak E-pood","article_modified_time":"2024-03-22T23:42:49+00:00","og_image":[{"width":700,"height":700,"url":"https:\/\/espak.ee\/epood\/wp-content\/uploads\/2023\/05\/optime_i-768x846-2.jpg","type":"image\/jpeg"}],"twitter_card":"summary_large_image","twitter_misc":{"Est. reading time":"1 minut"},"schema":{"@context":"https:\/\/schema.org","@graph":[{"@type":"WebPage","@id":"https:\/\/espak.ee\/epood\/toode\/korvaklapid-kiivrile-peltor-optime-i\/","url":"https:\/\/espak.ee\/epood\/toode\/korvaklapid-kiivrile-peltor-optime-i\/","name":"K\u00d5RVAKLAPID KIIVRILE PELTOR OPTIME I - Espak E-pood","isPartOf":{"@id":"https:\/\/espak.ee\/epood\/#website"},"primaryImageOfPage":{"@id":"https:\/\/espak.ee\/epood\/toode\/korvaklapid-kiivrile-peltor-optime-i\/#primaryimage"},"image":{"@id":"https:\/\/espak.ee\/epood\/toode\/korvaklapid-kiivrile-peltor-optime-i\/#primaryimage"},"thumbnailUrl":"https:\/\/espak.ee\/epood\/wp-content\/uploads\/2023\/05\/optime_i-768x846-2.jpg","datePublished":"2023-05-05T23:31:20+00:00","dateModified":"2024-03-22T23:42:49+00:00","breadcrumb":{"@id":"https:\/\/espak.ee\/epood\/toode\/korvaklapid-kiivrile-peltor-optime-i\/#breadcrumb"},"inLanguage":"et","potentialAction":[{"@type":"ReadAction","target":["https:\/\/espak.ee\/epood\/toode\/korvaklapid-kiivrile-peltor-optime-i\/"]}]},{"@type":"ImageObject","inLanguage":"et","@id":"https:\/\/espak.ee\/epood\/toode\/korvaklapid-kiivrile-peltor-optime-i\/#primaryimage","url":"https:\/\/espak.ee\/epood\/wp-content\/uploads\/2023\/05\/optime_i-768x846-2.jpg","contentUrl":"https:\/\/espak.ee\/epood\/wp-content\/uploads\/2023\/05\/optime_i-768x846-2.jpg","width":700,"height":700},{"@type":"BreadcrumbList","@id":"https:\/\/espak.ee\/epood\/toode\/korvaklapid-kiivrile-peltor-optime-i\/#breadcrumb","itemListElement":[{"@type":"ListItem","position":1,"name":"Home","item":"https:\/\/espak.ee\/epood\/"},{"@type":"ListItem","position":2,"name":"Tootevalik","item":"https:\/\/espak.ee\/epood\/tootevalik\/"},{"@type":"ListItem","position":3,"name":"K\u00d5RVAKLAPID KIIVRILE PELTOR OPTIME I"}]},{"@type":"WebSite","@id":"https:\/\/espak.ee\/epood\/#website","url":"https:\/\/espak.ee\/epood\/","name":"Espak E-pood","description":"","potentialAction":[{"@type":"SearchAction","target":{"@type":"EntryPoint","urlTemplate":"https:\/\/espak.ee\/epood\/?s={search_term_string}"},"query-input":{"@type":"PropertyValueSpecification","valueRequired":true,"valueName":"search_term_string"}}],"inLanguage":"et"}]}},"_links":{"self":[{"href":"https:\/\/espak.ee\/epood\/wp-json\/wp\/v2\/product\/158420","targetHints":{"allow":["GET"]}}],"collection":[{"href":"https:\/\/espak.ee\/epood\/wp-json\/wp\/v2\/product"}],"about":[{"href":"https:\/\/espak.ee\/epood\/wp-json\/wp\/v2\/types\/product"}],"replies":[{"embeddable":true,"href":"https:\/\/espak.ee\/epood\/wp-json\/wp\/v2\/comments?post=158420"}],"wp:featuredmedia":[{"embeddable":true,"href":"https:\/\/espak.ee\/epood\/wp-json\/wp\/v2\/media\/158772"}],"wp:attachment":[{"href":"https:\/\/espak.ee\/epood\/wp-json\/wp\/v2\/media?parent=158420"}],"wp:term":[{"taxonomy":"product_brand","embeddable":true,"href":"https:\/\/espak.ee\/epood\/wp-json\/wp\/v2\/product_brand?post=158420"},{"taxonomy":"product_cat","embeddable":true,"href":"https:\/\/espak.ee\/epood\/wp-json\/wp\/v2\/product_cat?post=158420"},{"taxonomy":"product_tag","embeddable":true,"href":"https:\/\/espak.ee\/epood\/wp-json\/wp\/v2\/product_tag?post=158420"}],"curies":[{"name":"wp","href":"https:\/\/api.w.org\/{rel}","templated":true}]}}