{"id":157541,"date":"2023-04-29T13:31:12","date_gmt":"2023-04-29T10:31:12","guid":{"rendered":"https:\/\/espak.ee\/epood\/?post_type=product&#038;p=157541"},"modified":"2024-03-23T01:45:22","modified_gmt":"2024-03-22T23:45:22","slug":"sandaalid-bennon-amigo-01-42","status":"publish","type":"product","link":"https:\/\/espak.ee\/epood\/toode\/sandaalid-bennon-amigo-01-42\/","title":{"rendered":"SANDAALID BENNON AMIGO 01 42"},"content":{"rendered":"<div class=\"row\"  id=\"row-1079457248\">\n\n\t<div id=\"col-1419833943\" class=\"col medium-9 small-12 large-9\"  >\n\t\t\t\t<div class=\"col-inner\"  >\n\t\t\t\n\t\t\t\n<h2>BENNON AMIGO sandaalid O1 42<\/h2>\n<p>BENNON AMIGO sandaalid O1 SRA. Sportlikud sandaalid sobivad nii t\u00f6\u00f6keskkonda, kus ei esine naelal\u00e4bistuse ega varbavigastuse ohtu kui ka vaba aja veetmiseks. Kinnistel sandaalidel on tugevdatud (PU) ninaosa, mis pikendab jalatsite eluiga ning mugavust ja turvalisust suurendavad Velcro kr\u00f5ps- ja kiirkinnitus paeltele. Metallivabadel jalatsitel on SRA libisemiskindel v\u00e4listald.<\/p>\n<p><strong>Kasutusvaldkond:<\/stong> kuivades v\u00e4li- ja sisetingimustes.<\/p>\n<p>BENNON AMIGO sandaalid vastavad EN ISO 20347: 2012 t\u00f6\u00f6ohutuse n\u00f5uetele. <\/p>\n<p>&#8211; EN ISO 20347: 2012 O1 SRA<br \/>\n&#8211; Pealismaterjal \u2013 Mikrofiiber + softshell<br \/>\n&#8211; Vooder \u2013 Hingav v\u00f5rktekstiil<br \/>\n&#8211; Sisetald \u2013 Anatoomilise kujuga HIKER sisetallad<br \/>\n&#8211; V\u00e4listald \u2013 DART EVA\/kumm<br \/>\n&#8211; Kinnitus \u2013 Velcro + kiirkinnitus paeltele<br \/>\n&#8211; A \u2013 Antistaatilised omadused<br \/>\n&#8211; E \u2013 Energiat absorbeeriv kannaosa<br \/>\n&#8211; SRA \u2013 Libisemiskindel v\u00e4listald naatriumlaur\u00fc\u00fclsulfaadiga libestatud keraamilisel plaadil\n<\/p>\n\t\t<\/div>\n\t\t\t\t\t<\/div>\n\n\t\n\n\t<div id=\"col-909027611\" class=\"col medium-3 small-12 large-3\"  >\n\t\t\t\t<div class=\"col-inner\"  >\n\t\t\t\n\t\t\t\n\t<div id=\"gap-1642412179\" class=\"gap-element clearfix\" style=\"display:block; height:auto;\">\n\t\t\n<style>\n#gap-1642412179 {\n  padding-top: 30px;\n}\n<\/style>\n\t<\/div>\n\t\n<div class=\"is-divider divider clearfix\" ><\/div>\n<p><strong>\u00dcksikasjalikuma n\u00f5u saamiseks v\u00f5tke \u00fchendust:<br \/><\/strong>Becky AS<br \/>Laki 30A \/ Kadaka tee 129<br \/>12915<br \/>Tallinn<br \/>+372 670 6880<\/p>\n<div class=\"is-divider divider clearfix\" ><\/div>\n\t\t<\/div>\n\t\t\t\t\t<\/div>\n\n\t\n<\/div>\n","protected":false},"excerpt":{"rendered":"","protected":false},"featured_media":158674,"comment_status":"closed","ping_status":"closed","template":"","meta":[],"product_brand":[],"product_cat":[2788,3031,3033,2972],"product_tag":[],"class_list":{"0":"post-157541","1":"product","2":"type-product","3":"status-publish","4":"has-post-thumbnail","6":"product_cat-aiatarbed-ja-kodukaubad","7":"product_cat-jalanoud","8":"product_cat-sandaalid","9":"product_cat-tookaitsevahendid","10":"pa_kaubamark-becky-as","12":"first","13":"instock","14":"sale","15":"taxable","16":"shipping-taxable","17":"purchasable","18":"product-type-simple"},"yoast_head":"<!-- This site is optimized with the Yoast SEO plugin v26.9 - https:\/\/yoast.com\/product\/yoast-seo-wordpress\/ -->\n<title>SANDAALID BENNON AMIGO 01 42 - Espak E-pood<\/title>\n<meta name=\"robots\" content=\"index, follow, max-snippet:-1, max-image-preview:large, max-video-preview:-1\" \/>\n<link rel=\"canonical\" href=\"https:\/\/espak.ee\/epood\/toode\/sandaalid-bennon-amigo-01-42\/\" \/>\n<meta property=\"og:locale\" content=\"et_EE\" \/>\n<meta property=\"og:type\" content=\"article\" \/>\n<meta property=\"og:title\" content=\"SANDAALID BENNON AMIGO 01 42 - Espak E-pood\" \/>\n<meta property=\"og:url\" content=\"https:\/\/espak.ee\/epood\/toode\/sandaalid-bennon-amigo-01-42\/\" \/>\n<meta property=\"og:site_name\" content=\"Espak E-pood\" \/>\n<meta property=\"article:modified_time\" content=\"2024-03-22T23:45:22+00:00\" \/>\n<meta property=\"og:image\" content=\"https:\/\/espak.ee\/epood\/wp-content\/uploads\/2023\/04\/BENNON-AMIGO-sandaalid-O1.jpg.jpg\" \/>\n\t<meta property=\"og:image:width\" content=\"800\" \/>\n\t<meta property=\"og:image:height\" content=\"800\" \/>\n\t<meta property=\"og:image:type\" content=\"image\/jpeg\" \/>\n<meta name=\"twitter:card\" content=\"summary_large_image\" \/>\n<meta name=\"twitter:label1\" content=\"Est. reading time\" \/>\n\t<meta name=\"twitter:data1\" content=\"1 minut\" \/>\n<script type=\"application\/ld+json\" class=\"yoast-schema-graph\">{\"@context\":\"https:\/\/schema.org\",\"@graph\":[{\"@type\":\"WebPage\",\"@id\":\"https:\/\/espak.ee\/epood\/toode\/sandaalid-bennon-amigo-01-42\/\",\"url\":\"https:\/\/espak.ee\/epood\/toode\/sandaalid-bennon-amigo-01-42\/\",\"name\":\"SANDAALID BENNON AMIGO 01 42 - Espak E-pood\",\"isPartOf\":{\"@id\":\"https:\/\/espak.ee\/epood\/#website\"},\"primaryImageOfPage\":{\"@id\":\"https:\/\/espak.ee\/epood\/toode\/sandaalid-bennon-amigo-01-42\/#primaryimage\"},\"image\":{\"@id\":\"https:\/\/espak.ee\/epood\/toode\/sandaalid-bennon-amigo-01-42\/#primaryimage\"},\"thumbnailUrl\":\"https:\/\/espak.ee\/epood\/wp-content\/uploads\/2023\/04\/BENNON-AMIGO-sandaalid-O1.jpg.jpg\",\"datePublished\":\"2023-04-29T10:31:12+00:00\",\"dateModified\":\"2024-03-22T23:45:22+00:00\",\"breadcrumb\":{\"@id\":\"https:\/\/espak.ee\/epood\/toode\/sandaalid-bennon-amigo-01-42\/#breadcrumb\"},\"inLanguage\":\"et\",\"potentialAction\":[{\"@type\":\"ReadAction\",\"target\":[\"https:\/\/espak.ee\/epood\/toode\/sandaalid-bennon-amigo-01-42\/\"]}]},{\"@type\":\"ImageObject\",\"inLanguage\":\"et\",\"@id\":\"https:\/\/espak.ee\/epood\/toode\/sandaalid-bennon-amigo-01-42\/#primaryimage\",\"url\":\"https:\/\/espak.ee\/epood\/wp-content\/uploads\/2023\/04\/BENNON-AMIGO-sandaalid-O1.jpg.jpg\",\"contentUrl\":\"https:\/\/espak.ee\/epood\/wp-content\/uploads\/2023\/04\/BENNON-AMIGO-sandaalid-O1.jpg.jpg\",\"width\":800,\"height\":800},{\"@type\":\"BreadcrumbList\",\"@id\":\"https:\/\/espak.ee\/epood\/toode\/sandaalid-bennon-amigo-01-42\/#breadcrumb\",\"itemListElement\":[{\"@type\":\"ListItem\",\"position\":1,\"name\":\"Home\",\"item\":\"https:\/\/espak.ee\/epood\/\"},{\"@type\":\"ListItem\",\"position\":2,\"name\":\"Tootevalik\",\"item\":\"https:\/\/espak.ee\/epood\/tootevalik\/\"},{\"@type\":\"ListItem\",\"position\":3,\"name\":\"SANDAALID BENNON AMIGO 01 42\"}]},{\"@type\":\"WebSite\",\"@id\":\"https:\/\/espak.ee\/epood\/#website\",\"url\":\"https:\/\/espak.ee\/epood\/\",\"name\":\"Espak E-pood\",\"description\":\"\",\"potentialAction\":[{\"@type\":\"SearchAction\",\"target\":{\"@type\":\"EntryPoint\",\"urlTemplate\":\"https:\/\/espak.ee\/epood\/?s={search_term_string}\"},\"query-input\":{\"@type\":\"PropertyValueSpecification\",\"valueRequired\":true,\"valueName\":\"search_term_string\"}}],\"inLanguage\":\"et\"}]}<\/script>\n<!-- \/ Yoast SEO plugin. -->","yoast_head_json":{"title":"SANDAALID BENNON AMIGO 01 42 - Espak E-pood","robots":{"index":"index","follow":"follow","max-snippet":"max-snippet:-1","max-image-preview":"max-image-preview:large","max-video-preview":"max-video-preview:-1"},"canonical":"https:\/\/espak.ee\/epood\/toode\/sandaalid-bennon-amigo-01-42\/","og_locale":"et_EE","og_type":"article","og_title":"SANDAALID BENNON AMIGO 01 42 - Espak E-pood","og_url":"https:\/\/espak.ee\/epood\/toode\/sandaalid-bennon-amigo-01-42\/","og_site_name":"Espak E-pood","article_modified_time":"2024-03-22T23:45:22+00:00","og_image":[{"width":800,"height":800,"url":"https:\/\/espak.ee\/epood\/wp-content\/uploads\/2023\/04\/BENNON-AMIGO-sandaalid-O1.jpg.jpg","type":"image\/jpeg"}],"twitter_card":"summary_large_image","twitter_misc":{"Est. reading time":"1 minut"},"schema":{"@context":"https:\/\/schema.org","@graph":[{"@type":"WebPage","@id":"https:\/\/espak.ee\/epood\/toode\/sandaalid-bennon-amigo-01-42\/","url":"https:\/\/espak.ee\/epood\/toode\/sandaalid-bennon-amigo-01-42\/","name":"SANDAALID BENNON AMIGO 01 42 - Espak E-pood","isPartOf":{"@id":"https:\/\/espak.ee\/epood\/#website"},"primaryImageOfPage":{"@id":"https:\/\/espak.ee\/epood\/toode\/sandaalid-bennon-amigo-01-42\/#primaryimage"},"image":{"@id":"https:\/\/espak.ee\/epood\/toode\/sandaalid-bennon-amigo-01-42\/#primaryimage"},"thumbnailUrl":"https:\/\/espak.ee\/epood\/wp-content\/uploads\/2023\/04\/BENNON-AMIGO-sandaalid-O1.jpg.jpg","datePublished":"2023-04-29T10:31:12+00:00","dateModified":"2024-03-22T23:45:22+00:00","breadcrumb":{"@id":"https:\/\/espak.ee\/epood\/toode\/sandaalid-bennon-amigo-01-42\/#breadcrumb"},"inLanguage":"et","potentialAction":[{"@type":"ReadAction","target":["https:\/\/espak.ee\/epood\/toode\/sandaalid-bennon-amigo-01-42\/"]}]},{"@type":"ImageObject","inLanguage":"et","@id":"https:\/\/espak.ee\/epood\/toode\/sandaalid-bennon-amigo-01-42\/#primaryimage","url":"https:\/\/espak.ee\/epood\/wp-content\/uploads\/2023\/04\/BENNON-AMIGO-sandaalid-O1.jpg.jpg","contentUrl":"https:\/\/espak.ee\/epood\/wp-content\/uploads\/2023\/04\/BENNON-AMIGO-sandaalid-O1.jpg.jpg","width":800,"height":800},{"@type":"BreadcrumbList","@id":"https:\/\/espak.ee\/epood\/toode\/sandaalid-bennon-amigo-01-42\/#breadcrumb","itemListElement":[{"@type":"ListItem","position":1,"name":"Home","item":"https:\/\/espak.ee\/epood\/"},{"@type":"ListItem","position":2,"name":"Tootevalik","item":"https:\/\/espak.ee\/epood\/tootevalik\/"},{"@type":"ListItem","position":3,"name":"SANDAALID BENNON AMIGO 01 42"}]},{"@type":"WebSite","@id":"https:\/\/espak.ee\/epood\/#website","url":"https:\/\/espak.ee\/epood\/","name":"Espak E-pood","description":"","potentialAction":[{"@type":"SearchAction","target":{"@type":"EntryPoint","urlTemplate":"https:\/\/espak.ee\/epood\/?s={search_term_string}"},"query-input":{"@type":"PropertyValueSpecification","valueRequired":true,"valueName":"search_term_string"}}],"inLanguage":"et"}]}},"_links":{"self":[{"href":"https:\/\/espak.ee\/epood\/wp-json\/wp\/v2\/product\/157541","targetHints":{"allow":["GET"]}}],"collection":[{"href":"https:\/\/espak.ee\/epood\/wp-json\/wp\/v2\/product"}],"about":[{"href":"https:\/\/espak.ee\/epood\/wp-json\/wp\/v2\/types\/product"}],"replies":[{"embeddable":true,"href":"https:\/\/espak.ee\/epood\/wp-json\/wp\/v2\/comments?post=157541"}],"wp:featuredmedia":[{"embeddable":true,"href":"https:\/\/espak.ee\/epood\/wp-json\/wp\/v2\/media\/158674"}],"wp:attachment":[{"href":"https:\/\/espak.ee\/epood\/wp-json\/wp\/v2\/media?parent=157541"}],"wp:term":[{"taxonomy":"product_brand","embeddable":true,"href":"https:\/\/espak.ee\/epood\/wp-json\/wp\/v2\/product_brand?post=157541"},{"taxonomy":"product_cat","embeddable":true,"href":"https:\/\/espak.ee\/epood\/wp-json\/wp\/v2\/product_cat?post=157541"},{"taxonomy":"product_tag","embeddable":true,"href":"https:\/\/espak.ee\/epood\/wp-json\/wp\/v2\/product_tag?post=157541"}],"curies":[{"name":"wp","href":"https:\/\/api.w.org\/{rel}","templated":true}]}}