{"id":157503,"date":"2023-04-29T08:31:08","date_gmt":"2023-04-29T05:31:08","guid":{"rendered":"https:\/\/espak.ee\/epood\/?post_type=product&#038;p=157503"},"modified":"2024-03-23T01:45:28","modified_gmt":"2024-03-22T23:45:28","slug":"sandaalid-bombis-s1-39","status":"publish","type":"product","link":"https:\/\/espak.ee\/epood\/toode\/sandaalid-bombis-s1-39\/","title":{"rendered":"SANDAALID BOMBIS S1 39"},"content":{"rendered":"<div class=\"row\"  id=\"row-1115072113\">\n\n\t<div id=\"col-605257890\" class=\"col medium-9 small-12 large-9\"  >\n\t\t\t\t<div class=\"col-inner\"  >\n\t\t\t\n\t\t\t\n<h2>BENNON BOMBIS S1 turvasandaalid<\/h2>\n<p>BENNON BOMBIS S1 turvasandaalid on kerged ja hingavad. Sportliku t\u00fc\u00fcpi turvasandaalidel on komposiitmaterjalist varvastekaitse. Keelel ja paelte aasadel on helkurmaterjalist elemendid. Sobivad kuivadesse oludesse nii sise- kui ka v\u00e4listingimustes. Mugavust ja turvalisust suurendavad kiirkinnitused paeltele.<\/p>\n<p>> EN ISO 20345: 2011 S1 SRC HRO<br \/>\n> Pealismaterjal \u2013 nahk\/tekstiil<br \/>\n> Varvastekaitse \u2013 komposiitmaterjal<br \/>\n> Vooder \u2013 mikrofiiber\/tekstiil<br \/>\n> Sisetald \u2013 pol\u00fcretaan<br \/>\n> V\u00e4listald \u2013 EVA\/kumm, \u00f5likindel<br \/>\n> Antistaatilised omadused<br \/>\n> Energiat absorbeeriv kannaosa<br \/>\n\t<div id=\"gap-653314774\" class=\"gap-element clearfix\" style=\"display:block; height:auto;\">\n\t\t\n<style>\n#gap-653314774 {\n  padding-top: 30px;\n}\n<\/style>\n\t<\/div>\n\t\n\t\t<\/div>\n\t\t\t\t\t<\/div>\n\n\t\n\n\t<div id=\"col-255976524\" class=\"col medium-3 small-12 large-3\"  >\n\t\t\t\t<div class=\"col-inner\"  >\n\t\t\t\n\t\t\t\n\t<div id=\"gap-1153826991\" class=\"gap-element clearfix\" style=\"display:block; height:auto;\">\n\t\t\n<style>\n#gap-1153826991 {\n  padding-top: 30px;\n}\n<\/style>\n\t<\/div>\n\t\n<div class=\"is-divider divider clearfix\" ><\/div>\n<p><strong>\u00dcksikasjalikuma n\u00f5u saamiseks v\u00f5tke \u00fchendust:<br \/><\/strong>Becky AS<br \/>Laki 30A \/ Kadaka tee 129<br \/>12915<br \/>Tallinn<br \/>+372 670 6880<\/p>\n<div class=\"is-divider divider clearfix\" ><\/div>\n\t\t<\/div>\n\t\t\t\t\t<\/div>\n\n\t\n<\/div>\n","protected":false},"excerpt":{"rendered":"","protected":false},"featured_media":19760,"comment_status":"closed","ping_status":"closed","template":"","meta":[],"product_brand":[],"product_cat":[2788,3031,3033,2972],"product_tag":[],"class_list":{"0":"post-157503","1":"product","2":"type-product","3":"status-publish","4":"has-post-thumbnail","6":"product_cat-aiatarbed-ja-kodukaubad","7":"product_cat-jalanoud","8":"product_cat-sandaalid","9":"product_cat-tookaitsevahendid","10":"pa_kaubamark-becky-as","12":"first","13":"instock","14":"sale","15":"taxable","16":"shipping-taxable","17":"purchasable","18":"product-type-simple"},"yoast_head":"<!-- This site is optimized with the Yoast SEO plugin v26.9 - https:\/\/yoast.com\/product\/yoast-seo-wordpress\/ -->\n<title>SANDAALID BOMBIS S1 39 - Espak E-pood<\/title>\n<meta name=\"robots\" content=\"index, follow, max-snippet:-1, max-image-preview:large, max-video-preview:-1\" \/>\n<link rel=\"canonical\" href=\"https:\/\/espak.ee\/epood\/toode\/sandaalid-bombis-s1-39\/\" \/>\n<meta property=\"og:locale\" content=\"et_EE\" \/>\n<meta property=\"og:type\" content=\"article\" \/>\n<meta property=\"og:title\" content=\"SANDAALID BOMBIS S1 39 - Espak E-pood\" \/>\n<meta property=\"og:url\" content=\"https:\/\/espak.ee\/epood\/toode\/sandaalid-bombis-s1-39\/\" \/>\n<meta property=\"og:site_name\" content=\"Espak E-pood\" \/>\n<meta property=\"article:modified_time\" content=\"2024-03-22T23:45:28+00:00\" \/>\n<meta property=\"og:image\" content=\"https:\/\/espak.ee\/epood\/wp-content\/uploads\/BENNON-BOMBIS-S1-TURVASANDAALID-Z11043.png\" \/>\n\t<meta property=\"og:image:width\" content=\"610\" \/>\n\t<meta property=\"og:image:height\" content=\"610\" \/>\n\t<meta property=\"og:image:type\" content=\"image\/png\" \/>\n<meta name=\"twitter:card\" content=\"summary_large_image\" \/>\n<script type=\"application\/ld+json\" class=\"yoast-schema-graph\">{\"@context\":\"https:\/\/schema.org\",\"@graph\":[{\"@type\":\"WebPage\",\"@id\":\"https:\/\/espak.ee\/epood\/toode\/sandaalid-bombis-s1-39\/\",\"url\":\"https:\/\/espak.ee\/epood\/toode\/sandaalid-bombis-s1-39\/\",\"name\":\"SANDAALID BOMBIS S1 39 - Espak E-pood\",\"isPartOf\":{\"@id\":\"https:\/\/espak.ee\/epood\/#website\"},\"primaryImageOfPage\":{\"@id\":\"https:\/\/espak.ee\/epood\/toode\/sandaalid-bombis-s1-39\/#primaryimage\"},\"image\":{\"@id\":\"https:\/\/espak.ee\/epood\/toode\/sandaalid-bombis-s1-39\/#primaryimage\"},\"thumbnailUrl\":\"https:\/\/espak.ee\/epood\/wp-content\/uploads\/BENNON-BOMBIS-S1-TURVASANDAALID-Z11043.png\",\"datePublished\":\"2023-04-29T05:31:08+00:00\",\"dateModified\":\"2024-03-22T23:45:28+00:00\",\"breadcrumb\":{\"@id\":\"https:\/\/espak.ee\/epood\/toode\/sandaalid-bombis-s1-39\/#breadcrumb\"},\"inLanguage\":\"et\",\"potentialAction\":[{\"@type\":\"ReadAction\",\"target\":[\"https:\/\/espak.ee\/epood\/toode\/sandaalid-bombis-s1-39\/\"]}]},{\"@type\":\"ImageObject\",\"inLanguage\":\"et\",\"@id\":\"https:\/\/espak.ee\/epood\/toode\/sandaalid-bombis-s1-39\/#primaryimage\",\"url\":\"https:\/\/espak.ee\/epood\/wp-content\/uploads\/BENNON-BOMBIS-S1-TURVASANDAALID-Z11043.png\",\"contentUrl\":\"https:\/\/espak.ee\/epood\/wp-content\/uploads\/BENNON-BOMBIS-S1-TURVASANDAALID-Z11043.png\",\"width\":610,\"height\":610},{\"@type\":\"BreadcrumbList\",\"@id\":\"https:\/\/espak.ee\/epood\/toode\/sandaalid-bombis-s1-39\/#breadcrumb\",\"itemListElement\":[{\"@type\":\"ListItem\",\"position\":1,\"name\":\"Home\",\"item\":\"https:\/\/espak.ee\/epood\/\"},{\"@type\":\"ListItem\",\"position\":2,\"name\":\"Tootevalik\",\"item\":\"https:\/\/espak.ee\/epood\/tootevalik\/\"},{\"@type\":\"ListItem\",\"position\":3,\"name\":\"SANDAALID BOMBIS S1 39\"}]},{\"@type\":\"WebSite\",\"@id\":\"https:\/\/espak.ee\/epood\/#website\",\"url\":\"https:\/\/espak.ee\/epood\/\",\"name\":\"Espak E-pood\",\"description\":\"\",\"potentialAction\":[{\"@type\":\"SearchAction\",\"target\":{\"@type\":\"EntryPoint\",\"urlTemplate\":\"https:\/\/espak.ee\/epood\/?s={search_term_string}\"},\"query-input\":{\"@type\":\"PropertyValueSpecification\",\"valueRequired\":true,\"valueName\":\"search_term_string\"}}],\"inLanguage\":\"et\"}]}<\/script>\n<!-- \/ Yoast SEO plugin. -->","yoast_head_json":{"title":"SANDAALID BOMBIS S1 39 - Espak E-pood","robots":{"index":"index","follow":"follow","max-snippet":"max-snippet:-1","max-image-preview":"max-image-preview:large","max-video-preview":"max-video-preview:-1"},"canonical":"https:\/\/espak.ee\/epood\/toode\/sandaalid-bombis-s1-39\/","og_locale":"et_EE","og_type":"article","og_title":"SANDAALID BOMBIS S1 39 - Espak E-pood","og_url":"https:\/\/espak.ee\/epood\/toode\/sandaalid-bombis-s1-39\/","og_site_name":"Espak E-pood","article_modified_time":"2024-03-22T23:45:28+00:00","og_image":[{"width":610,"height":610,"url":"https:\/\/espak.ee\/epood\/wp-content\/uploads\/BENNON-BOMBIS-S1-TURVASANDAALID-Z11043.png","type":"image\/png"}],"twitter_card":"summary_large_image","schema":{"@context":"https:\/\/schema.org","@graph":[{"@type":"WebPage","@id":"https:\/\/espak.ee\/epood\/toode\/sandaalid-bombis-s1-39\/","url":"https:\/\/espak.ee\/epood\/toode\/sandaalid-bombis-s1-39\/","name":"SANDAALID BOMBIS S1 39 - Espak E-pood","isPartOf":{"@id":"https:\/\/espak.ee\/epood\/#website"},"primaryImageOfPage":{"@id":"https:\/\/espak.ee\/epood\/toode\/sandaalid-bombis-s1-39\/#primaryimage"},"image":{"@id":"https:\/\/espak.ee\/epood\/toode\/sandaalid-bombis-s1-39\/#primaryimage"},"thumbnailUrl":"https:\/\/espak.ee\/epood\/wp-content\/uploads\/BENNON-BOMBIS-S1-TURVASANDAALID-Z11043.png","datePublished":"2023-04-29T05:31:08+00:00","dateModified":"2024-03-22T23:45:28+00:00","breadcrumb":{"@id":"https:\/\/espak.ee\/epood\/toode\/sandaalid-bombis-s1-39\/#breadcrumb"},"inLanguage":"et","potentialAction":[{"@type":"ReadAction","target":["https:\/\/espak.ee\/epood\/toode\/sandaalid-bombis-s1-39\/"]}]},{"@type":"ImageObject","inLanguage":"et","@id":"https:\/\/espak.ee\/epood\/toode\/sandaalid-bombis-s1-39\/#primaryimage","url":"https:\/\/espak.ee\/epood\/wp-content\/uploads\/BENNON-BOMBIS-S1-TURVASANDAALID-Z11043.png","contentUrl":"https:\/\/espak.ee\/epood\/wp-content\/uploads\/BENNON-BOMBIS-S1-TURVASANDAALID-Z11043.png","width":610,"height":610},{"@type":"BreadcrumbList","@id":"https:\/\/espak.ee\/epood\/toode\/sandaalid-bombis-s1-39\/#breadcrumb","itemListElement":[{"@type":"ListItem","position":1,"name":"Home","item":"https:\/\/espak.ee\/epood\/"},{"@type":"ListItem","position":2,"name":"Tootevalik","item":"https:\/\/espak.ee\/epood\/tootevalik\/"},{"@type":"ListItem","position":3,"name":"SANDAALID BOMBIS S1 39"}]},{"@type":"WebSite","@id":"https:\/\/espak.ee\/epood\/#website","url":"https:\/\/espak.ee\/epood\/","name":"Espak E-pood","description":"","potentialAction":[{"@type":"SearchAction","target":{"@type":"EntryPoint","urlTemplate":"https:\/\/espak.ee\/epood\/?s={search_term_string}"},"query-input":{"@type":"PropertyValueSpecification","valueRequired":true,"valueName":"search_term_string"}}],"inLanguage":"et"}]}},"_links":{"self":[{"href":"https:\/\/espak.ee\/epood\/wp-json\/wp\/v2\/product\/157503","targetHints":{"allow":["GET"]}}],"collection":[{"href":"https:\/\/espak.ee\/epood\/wp-json\/wp\/v2\/product"}],"about":[{"href":"https:\/\/espak.ee\/epood\/wp-json\/wp\/v2\/types\/product"}],"replies":[{"embeddable":true,"href":"https:\/\/espak.ee\/epood\/wp-json\/wp\/v2\/comments?post=157503"}],"wp:featuredmedia":[{"embeddable":true,"href":"https:\/\/espak.ee\/epood\/wp-json\/wp\/v2\/media\/19760"}],"wp:attachment":[{"href":"https:\/\/espak.ee\/epood\/wp-json\/wp\/v2\/media?parent=157503"}],"wp:term":[{"taxonomy":"product_brand","embeddable":true,"href":"https:\/\/espak.ee\/epood\/wp-json\/wp\/v2\/product_brand?post=157503"},{"taxonomy":"product_cat","embeddable":true,"href":"https:\/\/espak.ee\/epood\/wp-json\/wp\/v2\/product_cat?post=157503"},{"taxonomy":"product_tag","embeddable":true,"href":"https:\/\/espak.ee\/epood\/wp-json\/wp\/v2\/product_tag?post=157503"}],"curies":[{"name":"wp","href":"https:\/\/api.w.org\/{rel}","templated":true}]}}