{"id":15450,"date":"2020-02-19T03:10:47","date_gmt":"2020-02-19T01:10:47","guid":{"rendered":"https:\/\/espak.ee\/hinnakiri\/?post_type=product&#038;p=15450"},"modified":"2024-03-23T00:00:35","modified_gmt":"2024-03-22T22:00:35","slug":"prussiking-45137","status":"publish","type":"product","link":"https:\/\/espak.ee\/epood\/toode\/prussiking-45137\/","title":{"rendered":"PRUSSIKING 45*137"},"content":{"rendered":"<div class=\"row\"  id=\"row-700928037\">\n\n\t<div id=\"col-1324956722\" class=\"col medium-9 small-12 large-9\"  >\n\t\t\t\t<div class=\"col-inner\"  >\n\t\t\t\n\t\t\t\n<p><strong>Kasutamine<\/strong><br \/>\nFMG v\u00e4limisi talakingasid kasutatakse abitalade \u00fchendamiseks peataladega ja abitalade \u00fchendamiseks betooni, terase v\u00f5i m\u00fc\u00fcritisega.<br \/>\nPea- ja abitalad v\u00f5ivad olla valmistatud okaspuidust, laminaat-liimpuidust ja hindamisdokumendis Z-9.1-467 loetletud puitmaterjalidest.<\/p>\n<p><strong>Paigaldamine<\/strong><br \/>\nFMG talakingade \u00fchendamisel puidu v\u00f5i puitmaterjalidega kasutatakse 4,0 mm klassi III ankurnaelu pikkusega 40 v\u00f5i 50 mm v\u00f5i 5,0 mm kruvisid pikkusega 35\/40 mm k\u00fclgedel ning abitalade kinnitamisel 4,0 mm klassi III ankurnaelu pikkusega 40 mm v\u00f5i 5,0 mm kruvisid pikkusega 35 mm kerel.<br \/>\nMaksimaalse koormuse korral peab tala olema \u00fcleni naeltega kinnitatud. Osaline naelutamine on v\u00f5imalik, kuid v\u00e4hendab kandev\u00f5imet. Abitaladel laiusega 38\u201354 mm on v\u00f5imalik ainult osaline kinnitamine naelte v\u00f5i kruvidega, mis peavad k\u00fclgedel olema nihutatud 20 mm. Naelte paigutust on n\u00e4idatud dokumendis <a href=\"http:\/\/frapmetall.com\/content\/downloads\/ETA-08-0063_FMG_Joist_hangers.pdf\">ETA-08\/0063<\/a>. Talakingad kinnitatakse betooni, m\u00fc\u00fcritise ja paigaldatud ankruvarraste v\u00f5i nendes sisalduvate terasest tugikonstruktsioonide k\u00fclge sobivate ankrute ja seibidega 30 \u00d7 30 t = 3 mm standardi DIN 436 kohaselt.<\/p>\n<p><strong>Terase margid<\/strong><br \/>\n2,0 mm S 260 GD + Z 275 standardi DIN 10362 kohaselt<br \/>\n<strong>ETA-08\/0063<\/strong><br \/>\nToode omab CE-m\u00e4rgist.<\/p>\n\t\t<\/div>\n\t\t\t\t\t<\/div>\n\n\t\n<\/div>\n","protected":false},"excerpt":{"rendered":"","protected":false},"featured_media":15719,"comment_status":"closed","ping_status":"open","template":"","meta":[],"product_brand":[],"product_cat":[2917,2918,2923,2893],"product_tag":[],"class_list":{"0":"post-15450","1":"product","2":"type-product","3":"status-publish","4":"has-post-thumbnail","6":"product_cat-kinnitustarvikud","7":"product_cat-metallnurgad","8":"product_cat-prussikingad","9":"product_cat-rauakaubad","10":"pa_kaubamark-frap-metall-gmbh-co-kg","12":"first","13":"outofstock","14":"sale","15":"taxable","16":"shipping-taxable","17":"purchasable","18":"product-type-simple"},"yoast_head":"<!-- This site is optimized with the Yoast SEO plugin v26.9 - https:\/\/yoast.com\/product\/yoast-seo-wordpress\/ -->\n<title>PRUSSIKING 45*137 - Espak E-pood<\/title>\n<meta name=\"robots\" content=\"index, follow, max-snippet:-1, max-image-preview:large, max-video-preview:-1\" \/>\n<link rel=\"canonical\" href=\"https:\/\/espak.ee\/epood\/toode\/prussiking-45137\/\" \/>\n<meta property=\"og:locale\" content=\"et_EE\" \/>\n<meta property=\"og:type\" content=\"article\" \/>\n<meta property=\"og:title\" content=\"PRUSSIKING 45*137 - Espak E-pood\" \/>\n<meta property=\"og:url\" content=\"https:\/\/espak.ee\/epood\/toode\/prussiking-45137\/\" \/>\n<meta property=\"og:site_name\" content=\"Espak E-pood\" \/>\n<meta property=\"article:modified_time\" content=\"2024-03-22T22:00:35+00:00\" \/>\n<meta property=\"og:image\" content=\"https:\/\/espak.ee\/epood\/wp-content\/uploads\/PRUSSKING-45x137.jpg\" \/>\n\t<meta property=\"og:image:width\" content=\"1000\" \/>\n\t<meta property=\"og:image:height\" content=\"1000\" \/>\n\t<meta property=\"og:image:type\" content=\"image\/jpeg\" \/>\n<meta name=\"twitter:card\" content=\"summary_large_image\" \/>\n<meta name=\"twitter:label1\" content=\"Est. reading time\" \/>\n\t<meta name=\"twitter:data1\" content=\"1 minut\" \/>\n<script type=\"application\/ld+json\" class=\"yoast-schema-graph\">{\"@context\":\"https:\/\/schema.org\",\"@graph\":[{\"@type\":\"WebPage\",\"@id\":\"https:\/\/espak.ee\/epood\/toode\/prussiking-45137\/\",\"url\":\"https:\/\/espak.ee\/epood\/toode\/prussiking-45137\/\",\"name\":\"PRUSSIKING 45*137 - Espak E-pood\",\"isPartOf\":{\"@id\":\"https:\/\/espak.ee\/epood\/#website\"},\"primaryImageOfPage\":{\"@id\":\"https:\/\/espak.ee\/epood\/toode\/prussiking-45137\/#primaryimage\"},\"image\":{\"@id\":\"https:\/\/espak.ee\/epood\/toode\/prussiking-45137\/#primaryimage\"},\"thumbnailUrl\":\"https:\/\/espak.ee\/epood\/wp-content\/uploads\/PRUSSKING-45x137.jpg\",\"datePublished\":\"2020-02-19T01:10:47+00:00\",\"dateModified\":\"2024-03-22T22:00:35+00:00\",\"breadcrumb\":{\"@id\":\"https:\/\/espak.ee\/epood\/toode\/prussiking-45137\/#breadcrumb\"},\"inLanguage\":\"et\",\"potentialAction\":[{\"@type\":\"ReadAction\",\"target\":[\"https:\/\/espak.ee\/epood\/toode\/prussiking-45137\/\"]}]},{\"@type\":\"ImageObject\",\"inLanguage\":\"et\",\"@id\":\"https:\/\/espak.ee\/epood\/toode\/prussiking-45137\/#primaryimage\",\"url\":\"https:\/\/espak.ee\/epood\/wp-content\/uploads\/PRUSSKING-45x137.jpg\",\"contentUrl\":\"https:\/\/espak.ee\/epood\/wp-content\/uploads\/PRUSSKING-45x137.jpg\",\"width\":1000,\"height\":1000},{\"@type\":\"BreadcrumbList\",\"@id\":\"https:\/\/espak.ee\/epood\/toode\/prussiking-45137\/#breadcrumb\",\"itemListElement\":[{\"@type\":\"ListItem\",\"position\":1,\"name\":\"Home\",\"item\":\"https:\/\/espak.ee\/epood\/\"},{\"@type\":\"ListItem\",\"position\":2,\"name\":\"Tootevalik\",\"item\":\"https:\/\/espak.ee\/epood\/tootevalik\/\"},{\"@type\":\"ListItem\",\"position\":3,\"name\":\"PRUSSIKING 45*137\"}]},{\"@type\":\"WebSite\",\"@id\":\"https:\/\/espak.ee\/epood\/#website\",\"url\":\"https:\/\/espak.ee\/epood\/\",\"name\":\"Espak E-pood\",\"description\":\"\",\"potentialAction\":[{\"@type\":\"SearchAction\",\"target\":{\"@type\":\"EntryPoint\",\"urlTemplate\":\"https:\/\/espak.ee\/epood\/?s={search_term_string}\"},\"query-input\":{\"@type\":\"PropertyValueSpecification\",\"valueRequired\":true,\"valueName\":\"search_term_string\"}}],\"inLanguage\":\"et\"}]}<\/script>\n<!-- \/ Yoast SEO plugin. -->","yoast_head_json":{"title":"PRUSSIKING 45*137 - Espak E-pood","robots":{"index":"index","follow":"follow","max-snippet":"max-snippet:-1","max-image-preview":"max-image-preview:large","max-video-preview":"max-video-preview:-1"},"canonical":"https:\/\/espak.ee\/epood\/toode\/prussiking-45137\/","og_locale":"et_EE","og_type":"article","og_title":"PRUSSIKING 45*137 - Espak E-pood","og_url":"https:\/\/espak.ee\/epood\/toode\/prussiking-45137\/","og_site_name":"Espak E-pood","article_modified_time":"2024-03-22T22:00:35+00:00","og_image":[{"width":1000,"height":1000,"url":"https:\/\/espak.ee\/epood\/wp-content\/uploads\/PRUSSKING-45x137.jpg","type":"image\/jpeg"}],"twitter_card":"summary_large_image","twitter_misc":{"Est. reading time":"1 minut"},"schema":{"@context":"https:\/\/schema.org","@graph":[{"@type":"WebPage","@id":"https:\/\/espak.ee\/epood\/toode\/prussiking-45137\/","url":"https:\/\/espak.ee\/epood\/toode\/prussiking-45137\/","name":"PRUSSIKING 45*137 - Espak E-pood","isPartOf":{"@id":"https:\/\/espak.ee\/epood\/#website"},"primaryImageOfPage":{"@id":"https:\/\/espak.ee\/epood\/toode\/prussiking-45137\/#primaryimage"},"image":{"@id":"https:\/\/espak.ee\/epood\/toode\/prussiking-45137\/#primaryimage"},"thumbnailUrl":"https:\/\/espak.ee\/epood\/wp-content\/uploads\/PRUSSKING-45x137.jpg","datePublished":"2020-02-19T01:10:47+00:00","dateModified":"2024-03-22T22:00:35+00:00","breadcrumb":{"@id":"https:\/\/espak.ee\/epood\/toode\/prussiking-45137\/#breadcrumb"},"inLanguage":"et","potentialAction":[{"@type":"ReadAction","target":["https:\/\/espak.ee\/epood\/toode\/prussiking-45137\/"]}]},{"@type":"ImageObject","inLanguage":"et","@id":"https:\/\/espak.ee\/epood\/toode\/prussiking-45137\/#primaryimage","url":"https:\/\/espak.ee\/epood\/wp-content\/uploads\/PRUSSKING-45x137.jpg","contentUrl":"https:\/\/espak.ee\/epood\/wp-content\/uploads\/PRUSSKING-45x137.jpg","width":1000,"height":1000},{"@type":"BreadcrumbList","@id":"https:\/\/espak.ee\/epood\/toode\/prussiking-45137\/#breadcrumb","itemListElement":[{"@type":"ListItem","position":1,"name":"Home","item":"https:\/\/espak.ee\/epood\/"},{"@type":"ListItem","position":2,"name":"Tootevalik","item":"https:\/\/espak.ee\/epood\/tootevalik\/"},{"@type":"ListItem","position":3,"name":"PRUSSIKING 45*137"}]},{"@type":"WebSite","@id":"https:\/\/espak.ee\/epood\/#website","url":"https:\/\/espak.ee\/epood\/","name":"Espak E-pood","description":"","potentialAction":[{"@type":"SearchAction","target":{"@type":"EntryPoint","urlTemplate":"https:\/\/espak.ee\/epood\/?s={search_term_string}"},"query-input":{"@type":"PropertyValueSpecification","valueRequired":true,"valueName":"search_term_string"}}],"inLanguage":"et"}]}},"_links":{"self":[{"href":"https:\/\/espak.ee\/epood\/wp-json\/wp\/v2\/product\/15450","targetHints":{"allow":["GET"]}}],"collection":[{"href":"https:\/\/espak.ee\/epood\/wp-json\/wp\/v2\/product"}],"about":[{"href":"https:\/\/espak.ee\/epood\/wp-json\/wp\/v2\/types\/product"}],"replies":[{"embeddable":true,"href":"https:\/\/espak.ee\/epood\/wp-json\/wp\/v2\/comments?post=15450"}],"wp:featuredmedia":[{"embeddable":true,"href":"https:\/\/espak.ee\/epood\/wp-json\/wp\/v2\/media\/15719"}],"wp:attachment":[{"href":"https:\/\/espak.ee\/epood\/wp-json\/wp\/v2\/media?parent=15450"}],"wp:term":[{"taxonomy":"product_brand","embeddable":true,"href":"https:\/\/espak.ee\/epood\/wp-json\/wp\/v2\/product_brand?post=15450"},{"taxonomy":"product_cat","embeddable":true,"href":"https:\/\/espak.ee\/epood\/wp-json\/wp\/v2\/product_cat?post=15450"},{"taxonomy":"product_tag","embeddable":true,"href":"https:\/\/espak.ee\/epood\/wp-json\/wp\/v2\/product_tag?post=15450"}],"curies":[{"name":"wp","href":"https:\/\/api.w.org\/{rel}","templated":true}]}}