{"id":15347,"date":"2020-02-18T03:05:45","date_gmt":"2020-02-18T01:05:45","guid":{"rendered":"https:\/\/espak.ee\/hinnakiri\/?post_type=product&#038;p=15347"},"modified":"2024-03-23T00:01:11","modified_gmt":"2024-03-22T22:01:11","slug":"polustureenplaatide-kinnitus-ja-armeerimissegu-klebespachtel-m-25kg","status":"publish","type":"product","link":"https:\/\/espak.ee\/epood\/toode\/polustureenplaatide-kinnitus-ja-armeerimissegu-klebespachtel-m-25kg\/","title":{"rendered":"POL\u00dcST\u00dcREENPLAATIDE KINNITUS- JA ARMEERIMISSEGU KLEBESPACHTEL M 25KG"},"content":{"rendered":"<div class=\"row\"  id=\"row-1971608801\">\n\n\t<div id=\"col-474895906\" class=\"col medium-9 small-12 large-9\"  >\n\t\t\t\t<div class=\"col-inner\"  >\n\t\t\t\n\t\t\t\n<h2>Klebespachtel P<\/h2>\n<p>Veega segamisvalmis kuivsegu pol\u00fcst\u00fcreenist (EPS ja XPS) isolatsiooniplaatide liim- ja armeerimissegu tegemiseks. Kuulub fassaadisoojustuss\u00fcsteemi Knauf Termo Plus P.<\/p>\n<div class=\"message-box relative\" style=\"padding-top:15px;padding-bottom:15px;\"><div class=\"message-box-bg-image bg-fill fill\" ><\/div><div class=\"message-box-bg-overlay bg-fill fill\" ><\/div><div class=\"container relative\"><div class=\"inner last-reset\">\n<div class=\"row align-middle align-center\"  id=\"row-1778369939\">\n\n\t<div id=\"col-1018086619\" class=\"col small-12 large-12\"  >\n\t\t\t\t<div class=\"col-inner text-left\"  >\n\t\t\t\n\t\t\t\n<h4>Omadused<\/h4>\n<div class=\"row\"  id=\"row-2083646615\">\n\n\t<div id=\"col-1961411331\" class=\"col medium-6 small-12 large-6\"  >\n\t\t\t\t<div class=\"col-inner\"  >\n\t\t\t\n\t\t\t\n<p><i class=\"fa fa-check fa-2x\"><\/i> <strong>Sise- ja v\u00e4list\u00f6\u00f6deks<\/strong><\/p>\n<p><i class=\"fa fa-check fa-2x\"><\/i> <strong>Mittep\u00f5lev, tuletundlikkus: A1<\/strong><\/p>\n\t\t<\/div>\n\t\t\t\t\n<style>\n#col-1961411331 > .col-inner {\n  margin: 0px 0px 15px 0px;\n}\n<\/style>\n\t<\/div>\n\n\t\n\n\t<div id=\"col-1763657592\" class=\"col medium-6 small-12 large-6\"  >\n\t\t\t\t<div class=\"col-inner\"  >\n\t\t\t\n\t\t\t\n<p><i class=\"fa fa-check fa-2x\"><\/i> <strong>Veeauru l\u00e4bilaskev<\/strong><\/p>\n<p><i class=\"fa fa-check fa-2x\"><\/i> <strong>Kasutatav soojustuss\u00fcsteemis Knauf Termo Plus<\/strong><\/p>\n\t\t<\/div>\n\t\t\t\t\n<style>\n#col-1763657592 > .col-inner {\n  margin: 0px 0px 15px 0px;\n}\n<\/style>\n\t<\/div>\n\n\t\n<\/div>\n\t\t<\/div>\n\t\t\t\t\t<\/div>\n\n\t\n<\/div>\n<\/div><\/div><\/div>\n\t<div id=\"gap-896256052\" class=\"gap-element clearfix\" style=\"display:block; height:auto;\">\n\t\t\n<style>\n#gap-896256052 {\n  padding-top: 30px;\n}\n<\/style>\n\t<\/div>\n\t\n<h3>Kasutamise \u00fcksikasjad<\/h3>\n<p><strong>Kasutusalad:<\/strong> Fassaadisoojustuse liits\u00fcsteemide vahtplastist (EPS, XPS jne) isolatsiooniplaatide kinnitamiseks ehitiste v\u00e4lisseintele ja nende peale armeerimiskihi tegemiseks.<\/p>\n<p><strong>Kasutusjuhis:<\/strong> Puistake segu puhta veega (25 kg segu + umbes 7 l vett) seguvanni ja segage sobiva konsistentsiga m\u00f6rdiks. Isolatsiooniplaatide liimimine: kandke isolatsiooniplaadi servale 5 cm laiune ja 2 cm k\u00f5rgune liimiriba, lisaks liimisegup\u00e4tsid. Liimiga peab olema kaetud v\u00e4hemalt 40% plaadi pinnast. Vajaduse korral v\u00f5ib plaadid 24 tunni m\u00f6\u00f6dudes t\u00fc\u00fcblitega kinnitada. Isolatsiooniplaatide armeerimine: kandke toode pinnale segukammi (10\u00d710 mm) abil. Asetage v\u00e4rskesse segukihti kangas v\u00e4hemalt 10 cm \u00fclekattega. Kihi paksus peab olema v\u00e4hemalt 5 mm. Valmis segu on kasutusk\u00f5lblik umbes 2 tundi. T\u00f6\u00f6tamise ja kuivamise ajal peab \u00f5hu ja hoone pinna temperatuur olema v\u00e4hemalt +5 \u00baC. Kaitske vihma ja otsese p\u00e4ikesevalguse eest.<\/p>\n\t\t<\/div>\n\t\t\t\t\t<\/div>\n\n\t\n\n\t<div id=\"col-1894580748\" class=\"col medium-3 small-12 large-3\"  >\n\t\t\t\t<div class=\"col-inner\"  >\n\t\t\t\n\t\t\t\n\t<div id=\"gap-2025843371\" class=\"gap-element clearfix\" style=\"display:block; height:auto;\">\n\t\t\n<style>\n#gap-2025843371 {\n  padding-top: 30px;\n}\n<\/style>\n\t<\/div>\n\t\n<h3>Tehniline informatsioon<\/h3>\n<p><a href=\"https:\/\/espak.ee\/epood\/wp-content\/uploads\/Klebespachtel_P_tooteleht.pdf\" target=\"_blank\" rel=\"noopener noreferrer\"><i class=\"far fa-file-pdf\"><\/i> Tehniline info (PDF)<\/a><\/p>\n<h3>Ohutusalane teave<\/h3>\n<p><a href=\"https:\/\/espak.ee\/epood\/wp-content\/uploads\/Klebespachtel_P_ohutuskaart.pdf\" target=\"_blank\" rel=\"noopener noreferrer\"><i class=\"far fa-file-pdf\"><\/i> Ohutusalane teave (PDF)<\/a><\/p>\n<div class=\"is-divider divider clearfix\" ><\/div>\n<p><strong>\u00dcksikasjalikuma n\u00f5u saamiseks v\u00f5tke \u00fchendust:<br \/><\/strong>Knauf Tallinn U\u00dc<br \/>J\u00e4rvevana tee 7B<br \/>10132<br \/>Tallinn<br \/>+372 6518697<\/p>\n<div class=\"is-divider divider clearfix\" ><\/div>\n\t\t<\/div>\n\t\t\t\t\t<\/div>\n\n\t\n<\/div>\n","protected":false},"excerpt":{"rendered":"","protected":false},"featured_media":16104,"comment_status":"closed","ping_status":"open","template":"","meta":[],"product_brand":[],"product_cat":[2812,2711,2810,2697],"product_tag":[],"class_list":{"0":"post-15347","1":"product","2":"type-product","3":"status-publish","4":"has-post-thumbnail","6":"product_cat-armeersegud","7":"product_cat-fassaadimaterjalid","8":"product_cat-krohvid","9":"product_cat-uldehitus","10":"pa_kaubamark-knauf","12":"first","13":"outofstock","14":"sale","15":"taxable","16":"shipping-taxable","17":"purchasable","18":"product-type-simple"},"yoast_head":"<!-- This site is optimized with the Yoast SEO plugin v26.9 - https:\/\/yoast.com\/product\/yoast-seo-wordpress\/ -->\n<title>POL\u00dcST\u00dcREENPLAATIDE KINNITUS- JA ARMEERIMISSEGU KLEBESPACHTEL M 25KG - Espak E-pood<\/title>\n<meta name=\"robots\" content=\"index, follow, max-snippet:-1, max-image-preview:large, max-video-preview:-1\" \/>\n<link rel=\"canonical\" href=\"https:\/\/espak.ee\/epood\/toode\/polustureenplaatide-kinnitus-ja-armeerimissegu-klebespachtel-m-25kg\/\" \/>\n<meta property=\"og:locale\" content=\"et_EE\" \/>\n<meta property=\"og:type\" content=\"article\" \/>\n<meta property=\"og:title\" content=\"POL\u00dcST\u00dcREENPLAATIDE KINNITUS- JA ARMEERIMISSEGU KLEBESPACHTEL M 25KG - Espak E-pood\" \/>\n<meta property=\"og:url\" content=\"https:\/\/espak.ee\/epood\/toode\/polustureenplaatide-kinnitus-ja-armeerimissegu-klebespachtel-m-25kg\/\" \/>\n<meta property=\"og:site_name\" content=\"Espak E-pood\" \/>\n<meta property=\"article:modified_time\" content=\"2024-03-22T22:01:11+00:00\" \/>\n<meta property=\"og:image\" content=\"https:\/\/espak.ee\/epood\/wp-content\/uploads\/klebespachtelP.jpg\" \/>\n\t<meta property=\"og:image:width\" content=\"683\" \/>\n\t<meta property=\"og:image:height\" content=\"683\" \/>\n\t<meta property=\"og:image:type\" content=\"image\/jpeg\" \/>\n<meta name=\"twitter:card\" content=\"summary_large_image\" \/>\n<meta name=\"twitter:label1\" content=\"Est. reading time\" \/>\n\t<meta name=\"twitter:data1\" content=\"1 minut\" \/>\n<script type=\"application\/ld+json\" class=\"yoast-schema-graph\">{\"@context\":\"https:\/\/schema.org\",\"@graph\":[{\"@type\":\"WebPage\",\"@id\":\"https:\/\/espak.ee\/epood\/toode\/polustureenplaatide-kinnitus-ja-armeerimissegu-klebespachtel-m-25kg\/\",\"url\":\"https:\/\/espak.ee\/epood\/toode\/polustureenplaatide-kinnitus-ja-armeerimissegu-klebespachtel-m-25kg\/\",\"name\":\"POL\u00dcST\u00dcREENPLAATIDE KINNITUS- JA ARMEERIMISSEGU KLEBESPACHTEL M 25KG - Espak E-pood\",\"isPartOf\":{\"@id\":\"https:\/\/espak.ee\/epood\/#website\"},\"primaryImageOfPage\":{\"@id\":\"https:\/\/espak.ee\/epood\/toode\/polustureenplaatide-kinnitus-ja-armeerimissegu-klebespachtel-m-25kg\/#primaryimage\"},\"image\":{\"@id\":\"https:\/\/espak.ee\/epood\/toode\/polustureenplaatide-kinnitus-ja-armeerimissegu-klebespachtel-m-25kg\/#primaryimage\"},\"thumbnailUrl\":\"https:\/\/espak.ee\/epood\/wp-content\/uploads\/klebespachtelP.jpg\",\"datePublished\":\"2020-02-18T01:05:45+00:00\",\"dateModified\":\"2024-03-22T22:01:11+00:00\",\"breadcrumb\":{\"@id\":\"https:\/\/espak.ee\/epood\/toode\/polustureenplaatide-kinnitus-ja-armeerimissegu-klebespachtel-m-25kg\/#breadcrumb\"},\"inLanguage\":\"et\",\"potentialAction\":[{\"@type\":\"ReadAction\",\"target\":[\"https:\/\/espak.ee\/epood\/toode\/polustureenplaatide-kinnitus-ja-armeerimissegu-klebespachtel-m-25kg\/\"]}]},{\"@type\":\"ImageObject\",\"inLanguage\":\"et\",\"@id\":\"https:\/\/espak.ee\/epood\/toode\/polustureenplaatide-kinnitus-ja-armeerimissegu-klebespachtel-m-25kg\/#primaryimage\",\"url\":\"https:\/\/espak.ee\/epood\/wp-content\/uploads\/klebespachtelP.jpg\",\"contentUrl\":\"https:\/\/espak.ee\/epood\/wp-content\/uploads\/klebespachtelP.jpg\",\"width\":683,\"height\":683},{\"@type\":\"BreadcrumbList\",\"@id\":\"https:\/\/espak.ee\/epood\/toode\/polustureenplaatide-kinnitus-ja-armeerimissegu-klebespachtel-m-25kg\/#breadcrumb\",\"itemListElement\":[{\"@type\":\"ListItem\",\"position\":1,\"name\":\"Home\",\"item\":\"https:\/\/espak.ee\/epood\/\"},{\"@type\":\"ListItem\",\"position\":2,\"name\":\"Tootevalik\",\"item\":\"https:\/\/espak.ee\/epood\/tootevalik\/\"},{\"@type\":\"ListItem\",\"position\":3,\"name\":\"POL\u00dcST\u00dcREENPLAATIDE KINNITUS- JA ARMEERIMISSEGU KLEBESPACHTEL M 25KG\"}]},{\"@type\":\"WebSite\",\"@id\":\"https:\/\/espak.ee\/epood\/#website\",\"url\":\"https:\/\/espak.ee\/epood\/\",\"name\":\"Espak E-pood\",\"description\":\"\",\"potentialAction\":[{\"@type\":\"SearchAction\",\"target\":{\"@type\":\"EntryPoint\",\"urlTemplate\":\"https:\/\/espak.ee\/epood\/?s={search_term_string}\"},\"query-input\":{\"@type\":\"PropertyValueSpecification\",\"valueRequired\":true,\"valueName\":\"search_term_string\"}}],\"inLanguage\":\"et\"}]}<\/script>\n<!-- \/ Yoast SEO plugin. -->","yoast_head_json":{"title":"POL\u00dcST\u00dcREENPLAATIDE KINNITUS- JA ARMEERIMISSEGU KLEBESPACHTEL M 25KG - Espak E-pood","robots":{"index":"index","follow":"follow","max-snippet":"max-snippet:-1","max-image-preview":"max-image-preview:large","max-video-preview":"max-video-preview:-1"},"canonical":"https:\/\/espak.ee\/epood\/toode\/polustureenplaatide-kinnitus-ja-armeerimissegu-klebespachtel-m-25kg\/","og_locale":"et_EE","og_type":"article","og_title":"POL\u00dcST\u00dcREENPLAATIDE KINNITUS- JA ARMEERIMISSEGU KLEBESPACHTEL M 25KG - Espak E-pood","og_url":"https:\/\/espak.ee\/epood\/toode\/polustureenplaatide-kinnitus-ja-armeerimissegu-klebespachtel-m-25kg\/","og_site_name":"Espak E-pood","article_modified_time":"2024-03-22T22:01:11+00:00","og_image":[{"width":683,"height":683,"url":"https:\/\/espak.ee\/epood\/wp-content\/uploads\/klebespachtelP.jpg","type":"image\/jpeg"}],"twitter_card":"summary_large_image","twitter_misc":{"Est. reading time":"1 minut"},"schema":{"@context":"https:\/\/schema.org","@graph":[{"@type":"WebPage","@id":"https:\/\/espak.ee\/epood\/toode\/polustureenplaatide-kinnitus-ja-armeerimissegu-klebespachtel-m-25kg\/","url":"https:\/\/espak.ee\/epood\/toode\/polustureenplaatide-kinnitus-ja-armeerimissegu-klebespachtel-m-25kg\/","name":"POL\u00dcST\u00dcREENPLAATIDE KINNITUS- JA ARMEERIMISSEGU KLEBESPACHTEL M 25KG - Espak E-pood","isPartOf":{"@id":"https:\/\/espak.ee\/epood\/#website"},"primaryImageOfPage":{"@id":"https:\/\/espak.ee\/epood\/toode\/polustureenplaatide-kinnitus-ja-armeerimissegu-klebespachtel-m-25kg\/#primaryimage"},"image":{"@id":"https:\/\/espak.ee\/epood\/toode\/polustureenplaatide-kinnitus-ja-armeerimissegu-klebespachtel-m-25kg\/#primaryimage"},"thumbnailUrl":"https:\/\/espak.ee\/epood\/wp-content\/uploads\/klebespachtelP.jpg","datePublished":"2020-02-18T01:05:45+00:00","dateModified":"2024-03-22T22:01:11+00:00","breadcrumb":{"@id":"https:\/\/espak.ee\/epood\/toode\/polustureenplaatide-kinnitus-ja-armeerimissegu-klebespachtel-m-25kg\/#breadcrumb"},"inLanguage":"et","potentialAction":[{"@type":"ReadAction","target":["https:\/\/espak.ee\/epood\/toode\/polustureenplaatide-kinnitus-ja-armeerimissegu-klebespachtel-m-25kg\/"]}]},{"@type":"ImageObject","inLanguage":"et","@id":"https:\/\/espak.ee\/epood\/toode\/polustureenplaatide-kinnitus-ja-armeerimissegu-klebespachtel-m-25kg\/#primaryimage","url":"https:\/\/espak.ee\/epood\/wp-content\/uploads\/klebespachtelP.jpg","contentUrl":"https:\/\/espak.ee\/epood\/wp-content\/uploads\/klebespachtelP.jpg","width":683,"height":683},{"@type":"BreadcrumbList","@id":"https:\/\/espak.ee\/epood\/toode\/polustureenplaatide-kinnitus-ja-armeerimissegu-klebespachtel-m-25kg\/#breadcrumb","itemListElement":[{"@type":"ListItem","position":1,"name":"Home","item":"https:\/\/espak.ee\/epood\/"},{"@type":"ListItem","position":2,"name":"Tootevalik","item":"https:\/\/espak.ee\/epood\/tootevalik\/"},{"@type":"ListItem","position":3,"name":"POL\u00dcST\u00dcREENPLAATIDE KINNITUS- JA ARMEERIMISSEGU KLEBESPACHTEL M 25KG"}]},{"@type":"WebSite","@id":"https:\/\/espak.ee\/epood\/#website","url":"https:\/\/espak.ee\/epood\/","name":"Espak E-pood","description":"","potentialAction":[{"@type":"SearchAction","target":{"@type":"EntryPoint","urlTemplate":"https:\/\/espak.ee\/epood\/?s={search_term_string}"},"query-input":{"@type":"PropertyValueSpecification","valueRequired":true,"valueName":"search_term_string"}}],"inLanguage":"et"}]}},"_links":{"self":[{"href":"https:\/\/espak.ee\/epood\/wp-json\/wp\/v2\/product\/15347","targetHints":{"allow":["GET"]}}],"collection":[{"href":"https:\/\/espak.ee\/epood\/wp-json\/wp\/v2\/product"}],"about":[{"href":"https:\/\/espak.ee\/epood\/wp-json\/wp\/v2\/types\/product"}],"replies":[{"embeddable":true,"href":"https:\/\/espak.ee\/epood\/wp-json\/wp\/v2\/comments?post=15347"}],"wp:featuredmedia":[{"embeddable":true,"href":"https:\/\/espak.ee\/epood\/wp-json\/wp\/v2\/media\/16104"}],"wp:attachment":[{"href":"https:\/\/espak.ee\/epood\/wp-json\/wp\/v2\/media?parent=15347"}],"wp:term":[{"taxonomy":"product_brand","embeddable":true,"href":"https:\/\/espak.ee\/epood\/wp-json\/wp\/v2\/product_brand?post=15347"},{"taxonomy":"product_cat","embeddable":true,"href":"https:\/\/espak.ee\/epood\/wp-json\/wp\/v2\/product_cat?post=15347"},{"taxonomy":"product_tag","embeddable":true,"href":"https:\/\/espak.ee\/epood\/wp-json\/wp\/v2\/product_tag?post=15347"}],"curies":[{"name":"wp","href":"https:\/\/api.w.org\/{rel}","templated":true}]}}