{"id":152199,"date":"2023-03-08T12:51:04","date_gmt":"2023-03-08T10:51:04","guid":{"rendered":"https:\/\/espak.ee\/epood\/?post_type=product&#038;p=152199"},"modified":"2025-06-13T09:34:56","modified_gmt":"2025-06-13T06:34:56","slug":"otsakork-13mm-1-2-gardena-micro-drip-5tk","status":"publish","type":"product","link":"https:\/\/espak.ee\/epood\/toode\/otsakork-13mm-1-2-gardena-micro-drip-5tk\/","title":{"rendered":"OTSAKORK 13MM 1\/2&#8243; GARDENA MICRO-DRIP 5TK"},"content":{"rendered":"<div class=\"row\"  id=\"row-1940323531\">\n\n\t<div id=\"col-253515611\" class=\"col medium-9 small-12 large-9\"  >\n\t\t\t\t<div class=\"col-inner\"  >\n\t\t\t\n\t\t\t\n<h2>Otsakork 13 mm (1\/2&#8243;) 5 tk Gardena Micro-Drip<\/h2>\n<p>13 mm veeliini l\u00f5petamiseks.<\/p>\n<p>GARDENA 13 mm (1\/2&#8243;) liitmikut kasutatakse 13 mm \u00fchendusvooliku v\u00f5i tilkkastmistoru tihendamiseks Micro-drip-s\u00fcsteemis. Komplekti kuuluva viie liitmiku kinnitamine on t\u00e4nu patenteeritud \u00fchendusele lihtne ja intuitiivne ning iseenesestm\u00f5istetavad t\u00e4nu nutikatele s\u00fcmbolitele. P\u00e4rast vaevatut kokkupanekut kuulete suletud asendis tagasiside kl\u00f5psatust. See kinnitab usaldusv\u00e4\u00e4rset \u00fchendust. Eraldi saadaoleva Master Unit 1000 (Art. nr 13333-20) v\u00f5i Masteriga Unit 2000 (Art. nr 13310-20) on Micro-Drip-System usaldusv\u00e4\u00e4rselt veekindel ja varustatud \u00fchtlase veesurvega.<br \/>\n T\u00e4nu Quick &#038; Easy \u00fchendustehnoloogiale saate vaevata \u00fchendada, paindlikult pikendada ja lihtsalt eemaldada k\u00f5ik tarvikud. MDS-tarvikute korduvkasutatavus muudab kogu s\u00fcsteemi j\u00e4tkusuutlikuks.<br \/>\n Micro-Drip-s\u00fcsteem. Iga tilk loeb. Lihtne, t\u00e4pne, vett ja aega s\u00e4\u00e4stev kastmine.\n<\/p>\n\t\t<\/div>\n\t\t\t\t\t<\/div>\n\n\t\n\n\t<div id=\"col-1907946753\" class=\"col medium-3 small-12 large-3\"  >\n\t\t\t\t<div class=\"col-inner\"  >\n\t\t\t\n\t\t\t\n\t<div id=\"gap-1624136623\" class=\"gap-element clearfix\" style=\"display:block; height:auto;\">\n\t\t\n<style>\n#gap-1624136623 {\n  padding-top: 30px;\n}\n<\/style>\n\t<\/div>\n\t\n<div class=\"is-divider divider clearfix\" ><\/div>\n<p><strong>\u00dcksikasjalikuma n\u00f5u saamiseks v\u00f5tke \u00fchendust:<br \/><\/strong>Espak AS<br \/>Viadukti 42<br \/>11313<br \/>Tallinn<br \/>+372 6 512333<\/p>\n<div class=\"is-divider divider clearfix\" ><\/div>\n\t\t<\/div>\n\t\t\t\t\t<\/div>\n\n\t\n<\/div>\n","protected":false},"excerpt":{"rendered":"","protected":false},"featured_media":152272,"comment_status":"closed","ping_status":"closed","template":"","meta":[],"product_brand":[],"product_cat":[2789,2788,3280,4749],"product_tag":[],"class_list":{"0":"post-152199","1":"product","2":"type-product","3":"status-publish","4":"has-post-thumbnail","6":"product_cat-aiatarbed","7":"product_cat-aiatarbed-ja-kodukaubad","8":"product_cat-kastmistarvikud","9":"product_cat-voolikukarud","10":"pa_kaubamark-husqvarna-eesti-ou","12":"first","13":"instock","14":"sale","15":"taxable","16":"shipping-taxable","17":"purchasable","18":"product-type-simple"},"yoast_head":"<!-- This site is optimized with the Yoast SEO plugin v26.9 - https:\/\/yoast.com\/product\/yoast-seo-wordpress\/ -->\n<title>OTSAKORK 13MM 1\/2&quot; GARDENA MICRO-DRIP 5TK - Espak E-pood<\/title>\n<meta name=\"robots\" content=\"index, follow, max-snippet:-1, max-image-preview:large, max-video-preview:-1\" \/>\n<link rel=\"canonical\" href=\"https:\/\/espak.ee\/epood\/toode\/otsakork-13mm-1-2-gardena-micro-drip-5tk\/\" \/>\n<meta property=\"og:locale\" content=\"et_EE\" \/>\n<meta property=\"og:type\" content=\"article\" \/>\n<meta property=\"og:title\" content=\"OTSAKORK 13MM 1\/2&quot; GARDENA MICRO-DRIP 5TK - Espak E-pood\" \/>\n<meta property=\"og:url\" content=\"https:\/\/espak.ee\/epood\/toode\/otsakork-13mm-1-2-gardena-micro-drip-5tk\/\" \/>\n<meta property=\"og:site_name\" content=\"Espak E-pood\" \/>\n<meta property=\"article:modified_time\" content=\"2025-06-13T06:34:56+00:00\" \/>\n<meta property=\"og:image\" content=\"https:\/\/espak.ee\/epood\/wp-content\/uploads\/2023\/03\/EQ-522478.jpg\" \/>\n\t<meta property=\"og:image:width\" content=\"800\" \/>\n\t<meta property=\"og:image:height\" content=\"800\" \/>\n\t<meta property=\"og:image:type\" content=\"image\/jpeg\" \/>\n<meta name=\"twitter:card\" content=\"summary_large_image\" \/>\n<meta name=\"twitter:label1\" content=\"Est. reading time\" \/>\n\t<meta name=\"twitter:data1\" content=\"1 minut\" \/>\n<script type=\"application\/ld+json\" class=\"yoast-schema-graph\">{\"@context\":\"https:\/\/schema.org\",\"@graph\":[{\"@type\":\"WebPage\",\"@id\":\"https:\/\/espak.ee\/epood\/toode\/otsakork-13mm-1-2-gardena-micro-drip-5tk\/\",\"url\":\"https:\/\/espak.ee\/epood\/toode\/otsakork-13mm-1-2-gardena-micro-drip-5tk\/\",\"name\":\"OTSAKORK 13MM 1\/2\\\" GARDENA MICRO-DRIP 5TK - Espak E-pood\",\"isPartOf\":{\"@id\":\"https:\/\/espak.ee\/epood\/#website\"},\"primaryImageOfPage\":{\"@id\":\"https:\/\/espak.ee\/epood\/toode\/otsakork-13mm-1-2-gardena-micro-drip-5tk\/#primaryimage\"},\"image\":{\"@id\":\"https:\/\/espak.ee\/epood\/toode\/otsakork-13mm-1-2-gardena-micro-drip-5tk\/#primaryimage\"},\"thumbnailUrl\":\"https:\/\/espak.ee\/epood\/wp-content\/uploads\/2023\/03\/EQ-522478.jpg\",\"datePublished\":\"2023-03-08T10:51:04+00:00\",\"dateModified\":\"2025-06-13T06:34:56+00:00\",\"breadcrumb\":{\"@id\":\"https:\/\/espak.ee\/epood\/toode\/otsakork-13mm-1-2-gardena-micro-drip-5tk\/#breadcrumb\"},\"inLanguage\":\"et\",\"potentialAction\":[{\"@type\":\"ReadAction\",\"target\":[\"https:\/\/espak.ee\/epood\/toode\/otsakork-13mm-1-2-gardena-micro-drip-5tk\/\"]}]},{\"@type\":\"ImageObject\",\"inLanguage\":\"et\",\"@id\":\"https:\/\/espak.ee\/epood\/toode\/otsakork-13mm-1-2-gardena-micro-drip-5tk\/#primaryimage\",\"url\":\"https:\/\/espak.ee\/epood\/wp-content\/uploads\/2023\/03\/EQ-522478.jpg\",\"contentUrl\":\"https:\/\/espak.ee\/epood\/wp-content\/uploads\/2023\/03\/EQ-522478.jpg\",\"width\":800,\"height\":800},{\"@type\":\"BreadcrumbList\",\"@id\":\"https:\/\/espak.ee\/epood\/toode\/otsakork-13mm-1-2-gardena-micro-drip-5tk\/#breadcrumb\",\"itemListElement\":[{\"@type\":\"ListItem\",\"position\":1,\"name\":\"Home\",\"item\":\"https:\/\/espak.ee\/epood\/\"},{\"@type\":\"ListItem\",\"position\":2,\"name\":\"Tootevalik\",\"item\":\"https:\/\/espak.ee\/epood\/tootevalik\/\"},{\"@type\":\"ListItem\",\"position\":3,\"name\":\"OTSAKORK 13MM 1\/2&#8243; GARDENA MICRO-DRIP 5TK\"}]},{\"@type\":\"WebSite\",\"@id\":\"https:\/\/espak.ee\/epood\/#website\",\"url\":\"https:\/\/espak.ee\/epood\/\",\"name\":\"Espak E-pood\",\"description\":\"\",\"potentialAction\":[{\"@type\":\"SearchAction\",\"target\":{\"@type\":\"EntryPoint\",\"urlTemplate\":\"https:\/\/espak.ee\/epood\/?s={search_term_string}\"},\"query-input\":{\"@type\":\"PropertyValueSpecification\",\"valueRequired\":true,\"valueName\":\"search_term_string\"}}],\"inLanguage\":\"et\"}]}<\/script>\n<!-- \/ Yoast SEO plugin. -->","yoast_head_json":{"title":"OTSAKORK 13MM 1\/2\" GARDENA MICRO-DRIP 5TK - Espak E-pood","robots":{"index":"index","follow":"follow","max-snippet":"max-snippet:-1","max-image-preview":"max-image-preview:large","max-video-preview":"max-video-preview:-1"},"canonical":"https:\/\/espak.ee\/epood\/toode\/otsakork-13mm-1-2-gardena-micro-drip-5tk\/","og_locale":"et_EE","og_type":"article","og_title":"OTSAKORK 13MM 1\/2\" GARDENA MICRO-DRIP 5TK - Espak E-pood","og_url":"https:\/\/espak.ee\/epood\/toode\/otsakork-13mm-1-2-gardena-micro-drip-5tk\/","og_site_name":"Espak E-pood","article_modified_time":"2025-06-13T06:34:56+00:00","og_image":[{"width":800,"height":800,"url":"https:\/\/espak.ee\/epood\/wp-content\/uploads\/2023\/03\/EQ-522478.jpg","type":"image\/jpeg"}],"twitter_card":"summary_large_image","twitter_misc":{"Est. reading time":"1 minut"},"schema":{"@context":"https:\/\/schema.org","@graph":[{"@type":"WebPage","@id":"https:\/\/espak.ee\/epood\/toode\/otsakork-13mm-1-2-gardena-micro-drip-5tk\/","url":"https:\/\/espak.ee\/epood\/toode\/otsakork-13mm-1-2-gardena-micro-drip-5tk\/","name":"OTSAKORK 13MM 1\/2\" GARDENA MICRO-DRIP 5TK - Espak E-pood","isPartOf":{"@id":"https:\/\/espak.ee\/epood\/#website"},"primaryImageOfPage":{"@id":"https:\/\/espak.ee\/epood\/toode\/otsakork-13mm-1-2-gardena-micro-drip-5tk\/#primaryimage"},"image":{"@id":"https:\/\/espak.ee\/epood\/toode\/otsakork-13mm-1-2-gardena-micro-drip-5tk\/#primaryimage"},"thumbnailUrl":"https:\/\/espak.ee\/epood\/wp-content\/uploads\/2023\/03\/EQ-522478.jpg","datePublished":"2023-03-08T10:51:04+00:00","dateModified":"2025-06-13T06:34:56+00:00","breadcrumb":{"@id":"https:\/\/espak.ee\/epood\/toode\/otsakork-13mm-1-2-gardena-micro-drip-5tk\/#breadcrumb"},"inLanguage":"et","potentialAction":[{"@type":"ReadAction","target":["https:\/\/espak.ee\/epood\/toode\/otsakork-13mm-1-2-gardena-micro-drip-5tk\/"]}]},{"@type":"ImageObject","inLanguage":"et","@id":"https:\/\/espak.ee\/epood\/toode\/otsakork-13mm-1-2-gardena-micro-drip-5tk\/#primaryimage","url":"https:\/\/espak.ee\/epood\/wp-content\/uploads\/2023\/03\/EQ-522478.jpg","contentUrl":"https:\/\/espak.ee\/epood\/wp-content\/uploads\/2023\/03\/EQ-522478.jpg","width":800,"height":800},{"@type":"BreadcrumbList","@id":"https:\/\/espak.ee\/epood\/toode\/otsakork-13mm-1-2-gardena-micro-drip-5tk\/#breadcrumb","itemListElement":[{"@type":"ListItem","position":1,"name":"Home","item":"https:\/\/espak.ee\/epood\/"},{"@type":"ListItem","position":2,"name":"Tootevalik","item":"https:\/\/espak.ee\/epood\/tootevalik\/"},{"@type":"ListItem","position":3,"name":"OTSAKORK 13MM 1\/2&#8243; GARDENA MICRO-DRIP 5TK"}]},{"@type":"WebSite","@id":"https:\/\/espak.ee\/epood\/#website","url":"https:\/\/espak.ee\/epood\/","name":"Espak E-pood","description":"","potentialAction":[{"@type":"SearchAction","target":{"@type":"EntryPoint","urlTemplate":"https:\/\/espak.ee\/epood\/?s={search_term_string}"},"query-input":{"@type":"PropertyValueSpecification","valueRequired":true,"valueName":"search_term_string"}}],"inLanguage":"et"}]}},"_links":{"self":[{"href":"https:\/\/espak.ee\/epood\/wp-json\/wp\/v2\/product\/152199","targetHints":{"allow":["GET"]}}],"collection":[{"href":"https:\/\/espak.ee\/epood\/wp-json\/wp\/v2\/product"}],"about":[{"href":"https:\/\/espak.ee\/epood\/wp-json\/wp\/v2\/types\/product"}],"replies":[{"embeddable":true,"href":"https:\/\/espak.ee\/epood\/wp-json\/wp\/v2\/comments?post=152199"}],"wp:featuredmedia":[{"embeddable":true,"href":"https:\/\/espak.ee\/epood\/wp-json\/wp\/v2\/media\/152272"}],"wp:attachment":[{"href":"https:\/\/espak.ee\/epood\/wp-json\/wp\/v2\/media?parent=152199"}],"wp:term":[{"taxonomy":"product_brand","embeddable":true,"href":"https:\/\/espak.ee\/epood\/wp-json\/wp\/v2\/product_brand?post=152199"},{"taxonomy":"product_cat","embeddable":true,"href":"https:\/\/espak.ee\/epood\/wp-json\/wp\/v2\/product_cat?post=152199"},{"taxonomy":"product_tag","embeddable":true,"href":"https:\/\/espak.ee\/epood\/wp-json\/wp\/v2\/product_tag?post=152199"}],"curies":[{"name":"wp","href":"https:\/\/api.w.org\/{rel}","templated":true}]}}