{"id":152114,"date":"2023-03-07T09:01:40","date_gmt":"2023-03-07T07:01:40","guid":{"rendered":"https:\/\/espak.ee\/epood\/?post_type=product&#038;p=152114"},"modified":"2024-03-23T01:56:10","modified_gmt":"2024-03-22T23:56:10","slug":"juhtplaat-12-3-8-11-oregon","status":"publish","type":"product","link":"https:\/\/espak.ee\/epood\/toode\/juhtplaat-12-3-8-11-oregon\/","title":{"rendered":"JUHTPLAAT 12&#8243; .3\/8&#8243; 1,1  OREGON"},"content":{"rendered":"<div class=\"row\"  id=\"row-1941484271\">\n\n\t<div id=\"col-1215966459\" class=\"col medium-9 small-12 large-9\"  >\n\t\t\t\t<div class=\"col-inner\"  >\n\t\t\t\n\t\t\t\n<h3>Juhtplaat 12&#8243; .3\/8&#8243; 1,1 Oregon<\/h3>\n<p>Single Rivet (SD,DG,MLE) juhtplaat on kasutamiseks elektrisaagidel ja v\u00e4ikese v\u00f5imsusega mootorsaagidel 90-seeria Micro-Lite\u2122 (3\/8\u2033 1,1mm), 91 Low Profile\u2122 (3\/8\u2033 1,3mm) ketiga v\u00f5i 1\/4\u201d- 25A(P) ketiga.<\/p>\n<p>Kerge kaaluga ja \u00f5hukese s\u00fcmmeetrilise kontuuriga plaat on lihtsalt man\u00f6\u00f6verdatav, pika elueaga \u00fcmberp\u00f6\u00f6ratav.<br \/>\nV\u00e4ikese raadiusega ots aitab v\u00e4hendada tagasil\u00f6\u00f6ki.<br \/>\nM\u00f5ned mudelid on saadaval lati enda sisse ehitatud Intenz\u00ae-i ketipingutusmehhanismiga.<br \/>\nM\u00f5ned mudelid on saadaval auguga PowerSharp\u00ae teritaja paigaldamiseks.\n<\/p>\n\t\t<\/div>\n\t\t\t\t\t<\/div>\n\n\t\n\n\t<div id=\"col-36512074\" class=\"col medium-3 small-12 large-3\"  >\n\t\t\t\t<div class=\"col-inner\"  >\n\t\t\t\n\t\t\t\n<div class=\"is-divider divider clearfix\" ><\/div>\n<p><strong>\u00dcksikasjalikuma n\u00f5u saamiseks v\u00f5tke \u00fchendust:<br \/><\/strong>Hortulus O\u00dc<br \/>P\u00e4rnu mnt. 368<br \/>Tallinn<br \/>+372 672 6820<\/p>\n\t\t<\/div>\n\t\t\t\t\t<\/div>\n\n\t\n<\/div>\n","protected":false},"excerpt":{"rendered":"","protected":false},"featured_media":153388,"comment_status":"closed","ping_status":"closed","template":"","meta":[],"product_brand":[],"product_cat":[2789,2788,4385,3126],"product_tag":[],"class_list":{"0":"post-152114","1":"product","2":"type-product","3":"status-publish","4":"has-post-thumbnail","6":"product_cat-aiatarbed","7":"product_cat-aiatarbed-ja-kodukaubad","8":"product_cat-kettsaagide-tarvikud","9":"product_cat-kettsaed","10":"pa_kaubamark-hortulus-ou","12":"first","13":"outofstock","14":"sale","15":"taxable","16":"shipping-taxable","17":"purchasable","18":"product-type-simple"},"yoast_head":"<!-- This site is optimized with the Yoast SEO plugin v26.9 - https:\/\/yoast.com\/product\/yoast-seo-wordpress\/ -->\n<title>JUHTPLAAT 12&quot; .3\/8&quot; 1,1 OREGON - Espak E-pood<\/title>\n<meta name=\"robots\" content=\"index, follow, max-snippet:-1, max-image-preview:large, max-video-preview:-1\" \/>\n<link rel=\"canonical\" href=\"https:\/\/espak.ee\/epood\/toode\/juhtplaat-12-3-8-11-oregon\/\" \/>\n<meta property=\"og:locale\" content=\"et_EE\" \/>\n<meta property=\"og:type\" content=\"article\" \/>\n<meta property=\"og:title\" content=\"JUHTPLAAT 12&quot; .3\/8&quot; 1,1 OREGON - Espak E-pood\" \/>\n<meta property=\"og:url\" content=\"https:\/\/espak.ee\/epood\/toode\/juhtplaat-12-3-8-11-oregon\/\" \/>\n<meta property=\"og:site_name\" content=\"Espak E-pood\" \/>\n<meta property=\"article:modified_time\" content=\"2024-03-22T23:56:10+00:00\" \/>\n<meta property=\"og:image\" content=\"https:\/\/espak.ee\/epood\/wp-content\/uploads\/2023\/03\/Single-Rivet.jpg\" \/>\n\t<meta property=\"og:image:width\" content=\"2042\" \/>\n\t<meta property=\"og:image:height\" content=\"2042\" \/>\n\t<meta property=\"og:image:type\" content=\"image\/jpeg\" \/>\n<meta name=\"twitter:card\" content=\"summary_large_image\" \/>\n<meta name=\"twitter:label1\" content=\"Est. reading time\" \/>\n\t<meta name=\"twitter:data1\" content=\"1 minut\" \/>\n<script type=\"application\/ld+json\" class=\"yoast-schema-graph\">{\"@context\":\"https:\/\/schema.org\",\"@graph\":[{\"@type\":\"WebPage\",\"@id\":\"https:\/\/espak.ee\/epood\/toode\/juhtplaat-12-3-8-11-oregon\/\",\"url\":\"https:\/\/espak.ee\/epood\/toode\/juhtplaat-12-3-8-11-oregon\/\",\"name\":\"JUHTPLAAT 12\\\" .3\/8\\\" 1,1 OREGON - Espak E-pood\",\"isPartOf\":{\"@id\":\"https:\/\/espak.ee\/epood\/#website\"},\"primaryImageOfPage\":{\"@id\":\"https:\/\/espak.ee\/epood\/toode\/juhtplaat-12-3-8-11-oregon\/#primaryimage\"},\"image\":{\"@id\":\"https:\/\/espak.ee\/epood\/toode\/juhtplaat-12-3-8-11-oregon\/#primaryimage\"},\"thumbnailUrl\":\"https:\/\/espak.ee\/epood\/wp-content\/uploads\/2023\/03\/Single-Rivet.jpg\",\"datePublished\":\"2023-03-07T07:01:40+00:00\",\"dateModified\":\"2024-03-22T23:56:10+00:00\",\"breadcrumb\":{\"@id\":\"https:\/\/espak.ee\/epood\/toode\/juhtplaat-12-3-8-11-oregon\/#breadcrumb\"},\"inLanguage\":\"et\",\"potentialAction\":[{\"@type\":\"ReadAction\",\"target\":[\"https:\/\/espak.ee\/epood\/toode\/juhtplaat-12-3-8-11-oregon\/\"]}]},{\"@type\":\"ImageObject\",\"inLanguage\":\"et\",\"@id\":\"https:\/\/espak.ee\/epood\/toode\/juhtplaat-12-3-8-11-oregon\/#primaryimage\",\"url\":\"https:\/\/espak.ee\/epood\/wp-content\/uploads\/2023\/03\/Single-Rivet.jpg\",\"contentUrl\":\"https:\/\/espak.ee\/epood\/wp-content\/uploads\/2023\/03\/Single-Rivet.jpg\",\"width\":2042,\"height\":2042,\"caption\":\"120SDAA041,080SDAA108,080SDAA218,509801,080SDAA318,084MLEA041,100SDAA041,100SDAA108,100SDAA318,104MLEA218,104MLEA318,124MLEA041,124MLEA218,144MLEA041,144MLEA074,164MLEA041,100SDEA041,100SDEA108,100SDEA218,120SDEA041,120SDEA074,120SDEA095,120SDEA218,120SDEA318,140DGEA061,140SDEA041,140SDEA074,140SDEA095,140SDEA218,140SDEA318,140SDET041,160SDEA041,160SDEA074,160SDEA095,160SDEA129,160SDEA318,160SDET041,180SDEA041,180SDEA095,180SDEA318\"},{\"@type\":\"BreadcrumbList\",\"@id\":\"https:\/\/espak.ee\/epood\/toode\/juhtplaat-12-3-8-11-oregon\/#breadcrumb\",\"itemListElement\":[{\"@type\":\"ListItem\",\"position\":1,\"name\":\"Home\",\"item\":\"https:\/\/espak.ee\/epood\/\"},{\"@type\":\"ListItem\",\"position\":2,\"name\":\"Tootevalik\",\"item\":\"https:\/\/espak.ee\/epood\/tootevalik\/\"},{\"@type\":\"ListItem\",\"position\":3,\"name\":\"JUHTPLAAT 12&#8243; .3\/8&#8243; 1,1 OREGON\"}]},{\"@type\":\"WebSite\",\"@id\":\"https:\/\/espak.ee\/epood\/#website\",\"url\":\"https:\/\/espak.ee\/epood\/\",\"name\":\"Espak E-pood\",\"description\":\"\",\"potentialAction\":[{\"@type\":\"SearchAction\",\"target\":{\"@type\":\"EntryPoint\",\"urlTemplate\":\"https:\/\/espak.ee\/epood\/?s={search_term_string}\"},\"query-input\":{\"@type\":\"PropertyValueSpecification\",\"valueRequired\":true,\"valueName\":\"search_term_string\"}}],\"inLanguage\":\"et\"}]}<\/script>\n<!-- \/ Yoast SEO plugin. -->","yoast_head_json":{"title":"JUHTPLAAT 12\" .3\/8\" 1,1 OREGON - Espak E-pood","robots":{"index":"index","follow":"follow","max-snippet":"max-snippet:-1","max-image-preview":"max-image-preview:large","max-video-preview":"max-video-preview:-1"},"canonical":"https:\/\/espak.ee\/epood\/toode\/juhtplaat-12-3-8-11-oregon\/","og_locale":"et_EE","og_type":"article","og_title":"JUHTPLAAT 12\" .3\/8\" 1,1 OREGON - Espak E-pood","og_url":"https:\/\/espak.ee\/epood\/toode\/juhtplaat-12-3-8-11-oregon\/","og_site_name":"Espak E-pood","article_modified_time":"2024-03-22T23:56:10+00:00","og_image":[{"width":2042,"height":2042,"url":"https:\/\/espak.ee\/epood\/wp-content\/uploads\/2023\/03\/Single-Rivet.jpg","type":"image\/jpeg"}],"twitter_card":"summary_large_image","twitter_misc":{"Est. reading time":"1 minut"},"schema":{"@context":"https:\/\/schema.org","@graph":[{"@type":"WebPage","@id":"https:\/\/espak.ee\/epood\/toode\/juhtplaat-12-3-8-11-oregon\/","url":"https:\/\/espak.ee\/epood\/toode\/juhtplaat-12-3-8-11-oregon\/","name":"JUHTPLAAT 12\" .3\/8\" 1,1 OREGON - Espak E-pood","isPartOf":{"@id":"https:\/\/espak.ee\/epood\/#website"},"primaryImageOfPage":{"@id":"https:\/\/espak.ee\/epood\/toode\/juhtplaat-12-3-8-11-oregon\/#primaryimage"},"image":{"@id":"https:\/\/espak.ee\/epood\/toode\/juhtplaat-12-3-8-11-oregon\/#primaryimage"},"thumbnailUrl":"https:\/\/espak.ee\/epood\/wp-content\/uploads\/2023\/03\/Single-Rivet.jpg","datePublished":"2023-03-07T07:01:40+00:00","dateModified":"2024-03-22T23:56:10+00:00","breadcrumb":{"@id":"https:\/\/espak.ee\/epood\/toode\/juhtplaat-12-3-8-11-oregon\/#breadcrumb"},"inLanguage":"et","potentialAction":[{"@type":"ReadAction","target":["https:\/\/espak.ee\/epood\/toode\/juhtplaat-12-3-8-11-oregon\/"]}]},{"@type":"ImageObject","inLanguage":"et","@id":"https:\/\/espak.ee\/epood\/toode\/juhtplaat-12-3-8-11-oregon\/#primaryimage","url":"https:\/\/espak.ee\/epood\/wp-content\/uploads\/2023\/03\/Single-Rivet.jpg","contentUrl":"https:\/\/espak.ee\/epood\/wp-content\/uploads\/2023\/03\/Single-Rivet.jpg","width":2042,"height":2042,"caption":"120SDAA041,080SDAA108,080SDAA218,509801,080SDAA318,084MLEA041,100SDAA041,100SDAA108,100SDAA318,104MLEA218,104MLEA318,124MLEA041,124MLEA218,144MLEA041,144MLEA074,164MLEA041,100SDEA041,100SDEA108,100SDEA218,120SDEA041,120SDEA074,120SDEA095,120SDEA218,120SDEA318,140DGEA061,140SDEA041,140SDEA074,140SDEA095,140SDEA218,140SDEA318,140SDET041,160SDEA041,160SDEA074,160SDEA095,160SDEA129,160SDEA318,160SDET041,180SDEA041,180SDEA095,180SDEA318"},{"@type":"BreadcrumbList","@id":"https:\/\/espak.ee\/epood\/toode\/juhtplaat-12-3-8-11-oregon\/#breadcrumb","itemListElement":[{"@type":"ListItem","position":1,"name":"Home","item":"https:\/\/espak.ee\/epood\/"},{"@type":"ListItem","position":2,"name":"Tootevalik","item":"https:\/\/espak.ee\/epood\/tootevalik\/"},{"@type":"ListItem","position":3,"name":"JUHTPLAAT 12&#8243; .3\/8&#8243; 1,1 OREGON"}]},{"@type":"WebSite","@id":"https:\/\/espak.ee\/epood\/#website","url":"https:\/\/espak.ee\/epood\/","name":"Espak E-pood","description":"","potentialAction":[{"@type":"SearchAction","target":{"@type":"EntryPoint","urlTemplate":"https:\/\/espak.ee\/epood\/?s={search_term_string}"},"query-input":{"@type":"PropertyValueSpecification","valueRequired":true,"valueName":"search_term_string"}}],"inLanguage":"et"}]}},"_links":{"self":[{"href":"https:\/\/espak.ee\/epood\/wp-json\/wp\/v2\/product\/152114","targetHints":{"allow":["GET"]}}],"collection":[{"href":"https:\/\/espak.ee\/epood\/wp-json\/wp\/v2\/product"}],"about":[{"href":"https:\/\/espak.ee\/epood\/wp-json\/wp\/v2\/types\/product"}],"replies":[{"embeddable":true,"href":"https:\/\/espak.ee\/epood\/wp-json\/wp\/v2\/comments?post=152114"}],"wp:featuredmedia":[{"embeddable":true,"href":"https:\/\/espak.ee\/epood\/wp-json\/wp\/v2\/media\/153388"}],"wp:attachment":[{"href":"https:\/\/espak.ee\/epood\/wp-json\/wp\/v2\/media?parent=152114"}],"wp:term":[{"taxonomy":"product_brand","embeddable":true,"href":"https:\/\/espak.ee\/epood\/wp-json\/wp\/v2\/product_brand?post=152114"},{"taxonomy":"product_cat","embeddable":true,"href":"https:\/\/espak.ee\/epood\/wp-json\/wp\/v2\/product_cat?post=152114"},{"taxonomy":"product_tag","embeddable":true,"href":"https:\/\/espak.ee\/epood\/wp-json\/wp\/v2\/product_tag?post=152114"}],"curies":[{"name":"wp","href":"https:\/\/api.w.org\/{rel}","templated":true}]}}