{"id":150610,"date":"2023-02-22T01:54:02","date_gmt":"2023-02-21T23:54:02","guid":{"rendered":"https:\/\/espak.ee\/epood\/?post_type=product&#038;p=150610"},"modified":"2024-03-23T01:58:27","modified_gmt":"2024-03-22T23:58:27","slug":"liimipulgad-12mm-125g-rapid","status":"publish","type":"product","link":"https:\/\/espak.ee\/epood\/toode\/liimipulgad-12mm-125g-rapid\/","title":{"rendered":"LIIMIPULGAD 12MM\/125G RAPID"},"content":{"rendered":"<div class=\"row\"  id=\"row-477224052\">\n\n\t<div id=\"col-1248476341\" class=\"col medium-9 small-12 large-9\"  >\n\t\t\t\t<div class=\"col-inner\"  >\n\t\t\t\n\t\t\t\n<h3>Liimipulgad 12mm 14tk Rapid  <\/h3>\n<p>K\u00f5rge vaigusisaldusega liimipulgad tagavad kvaliteetse liimimise.<br \/>\nSobivad liimip\u00fcstolile: EG111, EG212, BGX300, G1000, Hobby Glue Gun.<\/p>\n\t\t<\/div>\n\t\t\t\t\t<\/div>\n\n\t\n\n\t<div id=\"col-1974085416\" class=\"col medium-3 small-12 large-3\"  >\n\t\t\t\t<div class=\"col-inner\"  >\n\t\t\t\n\t\t\t\n\t<div id=\"gap-665934908\" class=\"gap-element clearfix\" style=\"display:block; height:auto;\">\n\t\t\n<style>\n#gap-665934908 {\n  padding-top: 30px;\n}\n<\/style>\n\t<\/div>\n\t\n<img decoding=\"async\" src=\"https:\/\/espak.ee\/epood\/wp-content\/uploads\/2023\/02\/ra_Rapid_logo-300x165.png\" alt=\"\" width=\"300\" height=\"165\" class=\"alignnone size-medium wp-image-151850\" srcset=\"https:\/\/espak.ee\/epood\/wp-content\/uploads\/2023\/02\/ra_Rapid_logo-300x165.png 300w, https:\/\/espak.ee\/epood\/wp-content\/uploads\/2023\/02\/ra_Rapid_logo-500x275.png 500w, https:\/\/espak.ee\/epood\/wp-content\/uploads\/2023\/02\/ra_Rapid_logo-769x423.png 769w, https:\/\/espak.ee\/epood\/wp-content\/uploads\/2023\/02\/ra_Rapid_logo-1024x564.png 1024w, https:\/\/espak.ee\/epood\/wp-content\/uploads\/2023\/02\/ra_Rapid_logo-150x83.png 150w, https:\/\/espak.ee\/epood\/wp-content\/uploads\/2023\/02\/ra_Rapid_logo-768x423.png 768w, https:\/\/espak.ee\/epood\/wp-content\/uploads\/2023\/02\/ra_Rapid_logo.png 1379w\" sizes=\"(max-width: 300px) 100vw, 300px\" \/><\/p>\n<div class=\"is-divider divider clearfix\" ><\/div>\n<p><strong>\u00dcksikasjalikuma n\u00f5u saamiseks v\u00f5tke \u00fchendust:<br \/><\/strong>Espak AS<br \/>Viadukti 42<br \/>11313<br \/>Tallinn<br \/> T\u00f6\u00f6riista osakond +372 6512 335<br \/><a href=\"mailto:tooriist@espak.ee\">tooriist@espak.ee<\/a><\/p>\n\t\t<\/div>\n\t\t\t\t\t<\/div>\n\n\t\n<\/div>\n","protected":false},"excerpt":{"rendered":"","protected":false},"featured_media":151898,"comment_status":"closed","ping_status":"closed","template":"","meta":[],"product_brand":[],"product_cat":[2771,2954,3130,2679],"product_tag":[],"class_list":{"0":"post-150610","1":"product","2":"type-product","3":"status-publish","4":"has-post-thumbnail","6":"product_cat-kasitooriistad","7":"product_cat-kasitooriistad-kasitooriistad","8":"product_cat-liimipustolid-ja-liimid","9":"product_cat-tooriistad","10":"pa_kaubamark-rapid","12":"first","13":"instock","14":"sale","15":"taxable","16":"shipping-taxable","17":"purchasable","18":"product-type-simple"},"yoast_head":"<!-- This site is optimized with the Yoast SEO plugin v26.9 - https:\/\/yoast.com\/product\/yoast-seo-wordpress\/ -->\n<title>LIIMIPULGAD 12MM\/125G RAPID - Espak E-pood<\/title>\n<meta name=\"robots\" content=\"index, follow, max-snippet:-1, max-image-preview:large, max-video-preview:-1\" \/>\n<link rel=\"canonical\" href=\"https:\/\/espak.ee\/epood\/toode\/liimipulgad-12mm-125g-rapid\/\" \/>\n<meta property=\"og:locale\" content=\"et_EE\" \/>\n<meta property=\"og:type\" content=\"article\" \/>\n<meta property=\"og:title\" content=\"LIIMIPULGAD 12MM\/125G RAPID - Espak E-pood\" \/>\n<meta property=\"og:url\" content=\"https:\/\/espak.ee\/epood\/toode\/liimipulgad-12mm-125g-rapid\/\" \/>\n<meta property=\"og:site_name\" content=\"Espak E-pood\" \/>\n<meta property=\"article:modified_time\" content=\"2024-03-22T23:58:27+00:00\" \/>\n<meta property=\"og:image\" content=\"https:\/\/espak.ee\/epood\/wp-content\/uploads\/2023\/02\/3221631073561_03.png\" \/>\n\t<meta property=\"og:image:width\" content=\"600\" \/>\n\t<meta property=\"og:image:height\" content=\"600\" \/>\n\t<meta property=\"og:image:type\" content=\"image\/png\" \/>\n<meta name=\"twitter:card\" content=\"summary_large_image\" \/>\n<script type=\"application\/ld+json\" class=\"yoast-schema-graph\">{\"@context\":\"https:\/\/schema.org\",\"@graph\":[{\"@type\":\"WebPage\",\"@id\":\"https:\/\/espak.ee\/epood\/toode\/liimipulgad-12mm-125g-rapid\/\",\"url\":\"https:\/\/espak.ee\/epood\/toode\/liimipulgad-12mm-125g-rapid\/\",\"name\":\"LIIMIPULGAD 12MM\/125G RAPID - Espak E-pood\",\"isPartOf\":{\"@id\":\"https:\/\/espak.ee\/epood\/#website\"},\"primaryImageOfPage\":{\"@id\":\"https:\/\/espak.ee\/epood\/toode\/liimipulgad-12mm-125g-rapid\/#primaryimage\"},\"image\":{\"@id\":\"https:\/\/espak.ee\/epood\/toode\/liimipulgad-12mm-125g-rapid\/#primaryimage\"},\"thumbnailUrl\":\"https:\/\/espak.ee\/epood\/wp-content\/uploads\/2023\/02\/3221631073561_03.png\",\"datePublished\":\"2023-02-21T23:54:02+00:00\",\"dateModified\":\"2024-03-22T23:58:27+00:00\",\"breadcrumb\":{\"@id\":\"https:\/\/espak.ee\/epood\/toode\/liimipulgad-12mm-125g-rapid\/#breadcrumb\"},\"inLanguage\":\"et\",\"potentialAction\":[{\"@type\":\"ReadAction\",\"target\":[\"https:\/\/espak.ee\/epood\/toode\/liimipulgad-12mm-125g-rapid\/\"]}]},{\"@type\":\"ImageObject\",\"inLanguage\":\"et\",\"@id\":\"https:\/\/espak.ee\/epood\/toode\/liimipulgad-12mm-125g-rapid\/#primaryimage\",\"url\":\"https:\/\/espak.ee\/epood\/wp-content\/uploads\/2023\/02\/3221631073561_03.png\",\"contentUrl\":\"https:\/\/espak.ee\/epood\/wp-content\/uploads\/2023\/02\/3221631073561_03.png\",\"width\":600,\"height\":600},{\"@type\":\"BreadcrumbList\",\"@id\":\"https:\/\/espak.ee\/epood\/toode\/liimipulgad-12mm-125g-rapid\/#breadcrumb\",\"itemListElement\":[{\"@type\":\"ListItem\",\"position\":1,\"name\":\"Home\",\"item\":\"https:\/\/espak.ee\/epood\/\"},{\"@type\":\"ListItem\",\"position\":2,\"name\":\"Tootevalik\",\"item\":\"https:\/\/espak.ee\/epood\/tootevalik\/\"},{\"@type\":\"ListItem\",\"position\":3,\"name\":\"LIIMIPULGAD 12MM\/125G RAPID\"}]},{\"@type\":\"WebSite\",\"@id\":\"https:\/\/espak.ee\/epood\/#website\",\"url\":\"https:\/\/espak.ee\/epood\/\",\"name\":\"Espak E-pood\",\"description\":\"\",\"potentialAction\":[{\"@type\":\"SearchAction\",\"target\":{\"@type\":\"EntryPoint\",\"urlTemplate\":\"https:\/\/espak.ee\/epood\/?s={search_term_string}\"},\"query-input\":{\"@type\":\"PropertyValueSpecification\",\"valueRequired\":true,\"valueName\":\"search_term_string\"}}],\"inLanguage\":\"et\"}]}<\/script>\n<!-- \/ Yoast SEO plugin. -->","yoast_head_json":{"title":"LIIMIPULGAD 12MM\/125G RAPID - Espak E-pood","robots":{"index":"index","follow":"follow","max-snippet":"max-snippet:-1","max-image-preview":"max-image-preview:large","max-video-preview":"max-video-preview:-1"},"canonical":"https:\/\/espak.ee\/epood\/toode\/liimipulgad-12mm-125g-rapid\/","og_locale":"et_EE","og_type":"article","og_title":"LIIMIPULGAD 12MM\/125G RAPID - Espak E-pood","og_url":"https:\/\/espak.ee\/epood\/toode\/liimipulgad-12mm-125g-rapid\/","og_site_name":"Espak E-pood","article_modified_time":"2024-03-22T23:58:27+00:00","og_image":[{"width":600,"height":600,"url":"https:\/\/espak.ee\/epood\/wp-content\/uploads\/2023\/02\/3221631073561_03.png","type":"image\/png"}],"twitter_card":"summary_large_image","schema":{"@context":"https:\/\/schema.org","@graph":[{"@type":"WebPage","@id":"https:\/\/espak.ee\/epood\/toode\/liimipulgad-12mm-125g-rapid\/","url":"https:\/\/espak.ee\/epood\/toode\/liimipulgad-12mm-125g-rapid\/","name":"LIIMIPULGAD 12MM\/125G RAPID - Espak E-pood","isPartOf":{"@id":"https:\/\/espak.ee\/epood\/#website"},"primaryImageOfPage":{"@id":"https:\/\/espak.ee\/epood\/toode\/liimipulgad-12mm-125g-rapid\/#primaryimage"},"image":{"@id":"https:\/\/espak.ee\/epood\/toode\/liimipulgad-12mm-125g-rapid\/#primaryimage"},"thumbnailUrl":"https:\/\/espak.ee\/epood\/wp-content\/uploads\/2023\/02\/3221631073561_03.png","datePublished":"2023-02-21T23:54:02+00:00","dateModified":"2024-03-22T23:58:27+00:00","breadcrumb":{"@id":"https:\/\/espak.ee\/epood\/toode\/liimipulgad-12mm-125g-rapid\/#breadcrumb"},"inLanguage":"et","potentialAction":[{"@type":"ReadAction","target":["https:\/\/espak.ee\/epood\/toode\/liimipulgad-12mm-125g-rapid\/"]}]},{"@type":"ImageObject","inLanguage":"et","@id":"https:\/\/espak.ee\/epood\/toode\/liimipulgad-12mm-125g-rapid\/#primaryimage","url":"https:\/\/espak.ee\/epood\/wp-content\/uploads\/2023\/02\/3221631073561_03.png","contentUrl":"https:\/\/espak.ee\/epood\/wp-content\/uploads\/2023\/02\/3221631073561_03.png","width":600,"height":600},{"@type":"BreadcrumbList","@id":"https:\/\/espak.ee\/epood\/toode\/liimipulgad-12mm-125g-rapid\/#breadcrumb","itemListElement":[{"@type":"ListItem","position":1,"name":"Home","item":"https:\/\/espak.ee\/epood\/"},{"@type":"ListItem","position":2,"name":"Tootevalik","item":"https:\/\/espak.ee\/epood\/tootevalik\/"},{"@type":"ListItem","position":3,"name":"LIIMIPULGAD 12MM\/125G RAPID"}]},{"@type":"WebSite","@id":"https:\/\/espak.ee\/epood\/#website","url":"https:\/\/espak.ee\/epood\/","name":"Espak E-pood","description":"","potentialAction":[{"@type":"SearchAction","target":{"@type":"EntryPoint","urlTemplate":"https:\/\/espak.ee\/epood\/?s={search_term_string}"},"query-input":{"@type":"PropertyValueSpecification","valueRequired":true,"valueName":"search_term_string"}}],"inLanguage":"et"}]}},"_links":{"self":[{"href":"https:\/\/espak.ee\/epood\/wp-json\/wp\/v2\/product\/150610","targetHints":{"allow":["GET"]}}],"collection":[{"href":"https:\/\/espak.ee\/epood\/wp-json\/wp\/v2\/product"}],"about":[{"href":"https:\/\/espak.ee\/epood\/wp-json\/wp\/v2\/types\/product"}],"replies":[{"embeddable":true,"href":"https:\/\/espak.ee\/epood\/wp-json\/wp\/v2\/comments?post=150610"}],"wp:featuredmedia":[{"embeddable":true,"href":"https:\/\/espak.ee\/epood\/wp-json\/wp\/v2\/media\/151898"}],"wp:attachment":[{"href":"https:\/\/espak.ee\/epood\/wp-json\/wp\/v2\/media?parent=150610"}],"wp:term":[{"taxonomy":"product_brand","embeddable":true,"href":"https:\/\/espak.ee\/epood\/wp-json\/wp\/v2\/product_brand?post=150610"},{"taxonomy":"product_cat","embeddable":true,"href":"https:\/\/espak.ee\/epood\/wp-json\/wp\/v2\/product_cat?post=150610"},{"taxonomy":"product_tag","embeddable":true,"href":"https:\/\/espak.ee\/epood\/wp-json\/wp\/v2\/product_tag?post=150610"}],"curies":[{"name":"wp","href":"https:\/\/api.w.org\/{rel}","templated":true}]}}