{"id":150545,"date":"2023-02-21T12:36:25","date_gmt":"2023-02-21T10:36:25","guid":{"rendered":"https:\/\/espak.ee\/epood\/?post_type=product&#038;p=150545"},"modified":"2024-03-23T01:58:27","modified_gmt":"2024-03-22T23:58:27","slug":"riputuskonks-seinale-j-keskmine-kenovo","status":"publish","type":"product","link":"https:\/\/espak.ee\/epood\/toode\/riputuskonks-seinale-j-keskmine-kenovo\/","title":{"rendered":"RIPUTUSKONKS SEINALE &#8220;J&#8221; KESKMINE KENOVO"},"content":{"rendered":"<div class=\"row\"  id=\"row-1180345730\">\n\n\t<div id=\"col-1040912141\" class=\"col medium-9 small-12 large-9\"  >\n\t\t\t\t<div class=\"col-inner\"  >\n\t\t\t\n\t\t\t\n<h3>Riputuskonks &#8220;J&#8221; keskmine suurus Kenovo<\/h3>\n\t\t<\/div>\n\t\t\t\t\t<\/div>\n\n\t\n\n\t<div id=\"col-998307002\" class=\"col medium-3 small-12 large-3\"  >\n\t\t\t\t<div class=\"col-inner\"  >\n\t\t\t\n\t\t\t\n<div class=\"is-divider divider clearfix\" ><\/div>\n<p><strong>\u00dcksikasjalikuma n\u00f5u saamiseks v\u00f5tke \u00fchendust:<br \/><\/strong>Espak AS<br \/>Viadukti 42<br \/>11313<br \/>Tallinn<br \/>+372 6 512333<\/p>\n\t\t<\/div>\n\t\t\t\t\t<\/div>\n\n\t\n<\/div>\n","protected":false},"excerpt":{"rendered":"","protected":false},"featured_media":188786,"comment_status":"closed","ping_status":"closed","template":"","meta":[],"product_brand":[],"product_cat":[3157,2893,2894,2895],"product_tag":[],"class_list":{"0":"post-150545","1":"product","2":"type-product","3":"status-publish","4":"has-post-thumbnail","6":"product_cat-konksud","7":"product_cat-rauakaubad","8":"product_cat-rauakaubad-rauakaubad","9":"product_cat-rauakaubad-rauakaubad-rauakaubad","10":"pa_kaubamark-kenovo","12":"first","13":"instock","14":"sale","15":"taxable","16":"shipping-taxable","17":"purchasable","18":"product-type-simple"},"yoast_head":"<!-- This site is optimized with the Yoast SEO plugin v26.9 - https:\/\/yoast.com\/product\/yoast-seo-wordpress\/ -->\n<title>RIPUTUSKONKS SEINALE &quot;J&quot; KESKMINE KENOVO - Espak E-pood<\/title>\n<meta name=\"robots\" content=\"index, follow, max-snippet:-1, max-image-preview:large, max-video-preview:-1\" \/>\n<link rel=\"canonical\" href=\"https:\/\/espak.ee\/epood\/toode\/riputuskonks-seinale-j-keskmine-kenovo\/\" \/>\n<meta property=\"og:locale\" content=\"et_EE\" \/>\n<meta property=\"og:type\" content=\"article\" \/>\n<meta property=\"og:title\" content=\"RIPUTUSKONKS SEINALE &quot;J&quot; KESKMINE KENOVO - Espak E-pood\" \/>\n<meta property=\"og:url\" content=\"https:\/\/espak.ee\/epood\/toode\/riputuskonks-seinale-j-keskmine-kenovo\/\" \/>\n<meta property=\"og:site_name\" content=\"Espak E-pood\" \/>\n<meta property=\"article:modified_time\" content=\"2024-03-22T23:58:27+00:00\" \/>\n<meta property=\"og:image\" content=\"https:\/\/espak.ee\/epood\/wp-content\/uploads\/2023\/02\/H0d17e7f50ad24ea9bd12eb6c23a6d499s.jpg-scaled-e1707980530610.webp\" \/>\n\t<meta property=\"og:image:width\" content=\"1365\" \/>\n\t<meta property=\"og:image:height\" content=\"1365\" \/>\n\t<meta property=\"og:image:type\" content=\"image\/webp\" \/>\n<meta name=\"twitter:card\" content=\"summary_large_image\" \/>\n<script type=\"application\/ld+json\" class=\"yoast-schema-graph\">{\"@context\":\"https:\/\/schema.org\",\"@graph\":[{\"@type\":\"WebPage\",\"@id\":\"https:\/\/espak.ee\/epood\/toode\/riputuskonks-seinale-j-keskmine-kenovo\/\",\"url\":\"https:\/\/espak.ee\/epood\/toode\/riputuskonks-seinale-j-keskmine-kenovo\/\",\"name\":\"RIPUTUSKONKS SEINALE \\\"J\\\" KESKMINE KENOVO - Espak E-pood\",\"isPartOf\":{\"@id\":\"https:\/\/espak.ee\/epood\/#website\"},\"primaryImageOfPage\":{\"@id\":\"https:\/\/espak.ee\/epood\/toode\/riputuskonks-seinale-j-keskmine-kenovo\/#primaryimage\"},\"image\":{\"@id\":\"https:\/\/espak.ee\/epood\/toode\/riputuskonks-seinale-j-keskmine-kenovo\/#primaryimage\"},\"thumbnailUrl\":\"https:\/\/espak.ee\/epood\/wp-content\/uploads\/2023\/02\/H0d17e7f50ad24ea9bd12eb6c23a6d499s.jpg-scaled-e1707980530610.webp\",\"datePublished\":\"2023-02-21T10:36:25+00:00\",\"dateModified\":\"2024-03-22T23:58:27+00:00\",\"breadcrumb\":{\"@id\":\"https:\/\/espak.ee\/epood\/toode\/riputuskonks-seinale-j-keskmine-kenovo\/#breadcrumb\"},\"inLanguage\":\"et\",\"potentialAction\":[{\"@type\":\"ReadAction\",\"target\":[\"https:\/\/espak.ee\/epood\/toode\/riputuskonks-seinale-j-keskmine-kenovo\/\"]}]},{\"@type\":\"ImageObject\",\"inLanguage\":\"et\",\"@id\":\"https:\/\/espak.ee\/epood\/toode\/riputuskonks-seinale-j-keskmine-kenovo\/#primaryimage\",\"url\":\"https:\/\/espak.ee\/epood\/wp-content\/uploads\/2023\/02\/H0d17e7f50ad24ea9bd12eb6c23a6d499s.jpg-scaled-e1707980530610.webp\",\"contentUrl\":\"https:\/\/espak.ee\/epood\/wp-content\/uploads\/2023\/02\/H0d17e7f50ad24ea9bd12eb6c23a6d499s.jpg-scaled-e1707980530610.webp\",\"width\":1365,\"height\":1365},{\"@type\":\"BreadcrumbList\",\"@id\":\"https:\/\/espak.ee\/epood\/toode\/riputuskonks-seinale-j-keskmine-kenovo\/#breadcrumb\",\"itemListElement\":[{\"@type\":\"ListItem\",\"position\":1,\"name\":\"Home\",\"item\":\"https:\/\/espak.ee\/epood\/\"},{\"@type\":\"ListItem\",\"position\":2,\"name\":\"Tootevalik\",\"item\":\"https:\/\/espak.ee\/epood\/tootevalik\/\"},{\"@type\":\"ListItem\",\"position\":3,\"name\":\"RIPUTUSKONKS SEINALE &#8220;J&#8221; KESKMINE KENOVO\"}]},{\"@type\":\"WebSite\",\"@id\":\"https:\/\/espak.ee\/epood\/#website\",\"url\":\"https:\/\/espak.ee\/epood\/\",\"name\":\"Espak E-pood\",\"description\":\"\",\"potentialAction\":[{\"@type\":\"SearchAction\",\"target\":{\"@type\":\"EntryPoint\",\"urlTemplate\":\"https:\/\/espak.ee\/epood\/?s={search_term_string}\"},\"query-input\":{\"@type\":\"PropertyValueSpecification\",\"valueRequired\":true,\"valueName\":\"search_term_string\"}}],\"inLanguage\":\"et\"}]}<\/script>\n<!-- \/ Yoast SEO plugin. -->","yoast_head_json":{"title":"RIPUTUSKONKS SEINALE \"J\" KESKMINE KENOVO - Espak E-pood","robots":{"index":"index","follow":"follow","max-snippet":"max-snippet:-1","max-image-preview":"max-image-preview:large","max-video-preview":"max-video-preview:-1"},"canonical":"https:\/\/espak.ee\/epood\/toode\/riputuskonks-seinale-j-keskmine-kenovo\/","og_locale":"et_EE","og_type":"article","og_title":"RIPUTUSKONKS SEINALE \"J\" KESKMINE KENOVO - Espak E-pood","og_url":"https:\/\/espak.ee\/epood\/toode\/riputuskonks-seinale-j-keskmine-kenovo\/","og_site_name":"Espak E-pood","article_modified_time":"2024-03-22T23:58:27+00:00","og_image":[{"width":1365,"height":1365,"url":"https:\/\/espak.ee\/epood\/wp-content\/uploads\/2023\/02\/H0d17e7f50ad24ea9bd12eb6c23a6d499s.jpg-scaled-e1707980530610.webp","type":"image\/webp"}],"twitter_card":"summary_large_image","schema":{"@context":"https:\/\/schema.org","@graph":[{"@type":"WebPage","@id":"https:\/\/espak.ee\/epood\/toode\/riputuskonks-seinale-j-keskmine-kenovo\/","url":"https:\/\/espak.ee\/epood\/toode\/riputuskonks-seinale-j-keskmine-kenovo\/","name":"RIPUTUSKONKS SEINALE \"J\" KESKMINE KENOVO - Espak E-pood","isPartOf":{"@id":"https:\/\/espak.ee\/epood\/#website"},"primaryImageOfPage":{"@id":"https:\/\/espak.ee\/epood\/toode\/riputuskonks-seinale-j-keskmine-kenovo\/#primaryimage"},"image":{"@id":"https:\/\/espak.ee\/epood\/toode\/riputuskonks-seinale-j-keskmine-kenovo\/#primaryimage"},"thumbnailUrl":"https:\/\/espak.ee\/epood\/wp-content\/uploads\/2023\/02\/H0d17e7f50ad24ea9bd12eb6c23a6d499s.jpg-scaled-e1707980530610.webp","datePublished":"2023-02-21T10:36:25+00:00","dateModified":"2024-03-22T23:58:27+00:00","breadcrumb":{"@id":"https:\/\/espak.ee\/epood\/toode\/riputuskonks-seinale-j-keskmine-kenovo\/#breadcrumb"},"inLanguage":"et","potentialAction":[{"@type":"ReadAction","target":["https:\/\/espak.ee\/epood\/toode\/riputuskonks-seinale-j-keskmine-kenovo\/"]}]},{"@type":"ImageObject","inLanguage":"et","@id":"https:\/\/espak.ee\/epood\/toode\/riputuskonks-seinale-j-keskmine-kenovo\/#primaryimage","url":"https:\/\/espak.ee\/epood\/wp-content\/uploads\/2023\/02\/H0d17e7f50ad24ea9bd12eb6c23a6d499s.jpg-scaled-e1707980530610.webp","contentUrl":"https:\/\/espak.ee\/epood\/wp-content\/uploads\/2023\/02\/H0d17e7f50ad24ea9bd12eb6c23a6d499s.jpg-scaled-e1707980530610.webp","width":1365,"height":1365},{"@type":"BreadcrumbList","@id":"https:\/\/espak.ee\/epood\/toode\/riputuskonks-seinale-j-keskmine-kenovo\/#breadcrumb","itemListElement":[{"@type":"ListItem","position":1,"name":"Home","item":"https:\/\/espak.ee\/epood\/"},{"@type":"ListItem","position":2,"name":"Tootevalik","item":"https:\/\/espak.ee\/epood\/tootevalik\/"},{"@type":"ListItem","position":3,"name":"RIPUTUSKONKS SEINALE &#8220;J&#8221; KESKMINE KENOVO"}]},{"@type":"WebSite","@id":"https:\/\/espak.ee\/epood\/#website","url":"https:\/\/espak.ee\/epood\/","name":"Espak E-pood","description":"","potentialAction":[{"@type":"SearchAction","target":{"@type":"EntryPoint","urlTemplate":"https:\/\/espak.ee\/epood\/?s={search_term_string}"},"query-input":{"@type":"PropertyValueSpecification","valueRequired":true,"valueName":"search_term_string"}}],"inLanguage":"et"}]}},"_links":{"self":[{"href":"https:\/\/espak.ee\/epood\/wp-json\/wp\/v2\/product\/150545","targetHints":{"allow":["GET"]}}],"collection":[{"href":"https:\/\/espak.ee\/epood\/wp-json\/wp\/v2\/product"}],"about":[{"href":"https:\/\/espak.ee\/epood\/wp-json\/wp\/v2\/types\/product"}],"replies":[{"embeddable":true,"href":"https:\/\/espak.ee\/epood\/wp-json\/wp\/v2\/comments?post=150545"}],"wp:featuredmedia":[{"embeddable":true,"href":"https:\/\/espak.ee\/epood\/wp-json\/wp\/v2\/media\/188786"}],"wp:attachment":[{"href":"https:\/\/espak.ee\/epood\/wp-json\/wp\/v2\/media?parent=150545"}],"wp:term":[{"taxonomy":"product_brand","embeddable":true,"href":"https:\/\/espak.ee\/epood\/wp-json\/wp\/v2\/product_brand?post=150545"},{"taxonomy":"product_cat","embeddable":true,"href":"https:\/\/espak.ee\/epood\/wp-json\/wp\/v2\/product_cat?post=150545"},{"taxonomy":"product_tag","embeddable":true,"href":"https:\/\/espak.ee\/epood\/wp-json\/wp\/v2\/product_tag?post=150545"}],"curies":[{"name":"wp","href":"https:\/\/api.w.org\/{rel}","templated":true}]}}