{"id":144637,"date":"2023-01-04T01:40:55","date_gmt":"2023-01-03T23:40:55","guid":{"rendered":"https:\/\/espak.ee\/epood\/?post_type=product&#038;p=144637"},"modified":"2025-01-04T23:34:55","modified_gmt":"2025-01-04T21:34:55","slug":"wc-sulgur-01k-messing-harjatud-messing-sc","status":"publish","type":"product","link":"https:\/\/espak.ee\/epood\/toode\/wc-sulgur-01k-messing-harjatud-messing-sc\/","title":{"rendered":"WC SULGUR  01K MESSING\/HARJATUD MESSING (SC)"},"content":{"rendered":"<div class=\"row\"  id=\"row-1198886723\">\n\n\t<div id=\"col-1183705876\" class=\"col medium-9 small-12 large-9\"  >\n\t\t\t\t<div class=\"col-inner\"  >\n\t\t\t\n\t\t\t\n<h3>WC sulgur 01K harjatud messing (SC)<\/h3>\n<p>Sobib kasutamiseks Skandinaavia standardi (SC) lukukorpustel (Abloy 2014 ja selle analooglukkudel).<br \/>\nWC-sulguri kara: 5 mm.<br \/>\nV\u00e4ljaspool v\u00e4rviline indikaator, seespool v\u00e4\u00e4ndenupp.<br \/>\nWC-sulguri paigaldus nii l\u00e4bivate poltidega kui ka puidukruvidega.<br \/>\nToormaterjal: Messing.<br \/>\nPinnakate: Harjatud messing.   <\/p>\n\t\t<\/div>\n\t\t\t\t\t<\/div>\n\n\t\n\n\t<div id=\"col-1457973076\" class=\"col medium-3 small-12 large-3\"  >\n\t\t\t\t<div class=\"col-inner\"  >\n\t\t\t\n\t\t\t\n<div class=\"is-divider divider clearfix\" ><\/div>\n<p><strong>\u00dcksikasjalikuma n\u00f5u saamiseks v\u00f5tke \u00fchendust:<br \/><\/strong>Fiskostar O\u00dc<br \/>Suur-Paala 4<br \/>13619<br \/>Tallinn<br \/>+372 602 4004<\/p>\n\t\t<\/div>\n\t\t\t\t\t<\/div>\n\n\t\n<\/div>\n","protected":false},"excerpt":{"rendered":"","protected":false},"featured_media":146574,"comment_status":"closed","ping_status":"closed","template":"","meta":[],"product_brand":[],"product_cat":[3665,3296,2893,2894],"product_tag":[],"class_list":{"0":"post-144637","1":"product","2":"type-product","3":"status-publish","4":"has-post-thumbnail","6":"product_cat-lukkude-lisatarvikud","7":"product_cat-lukud-ja-uksesulgurid","8":"product_cat-rauakaubad","9":"product_cat-rauakaubad-rauakaubad","10":"pa_kaubamark-fiskostar-ou","12":"first","13":"outofstock","14":"sale","15":"taxable","16":"shipping-taxable","17":"purchasable","18":"product-type-simple"},"yoast_head":"<!-- This site is optimized with the Yoast SEO plugin v26.9 - https:\/\/yoast.com\/product\/yoast-seo-wordpress\/ -->\n<title>WC SULGUR 01K MESSING\/HARJATUD MESSING (SC) - Espak E-pood<\/title>\n<meta name=\"robots\" content=\"index, follow, max-snippet:-1, max-image-preview:large, max-video-preview:-1\" \/>\n<link rel=\"canonical\" href=\"https:\/\/espak.ee\/epood\/toode\/wc-sulgur-01k-messing-harjatud-messing-sc\/\" \/>\n<meta property=\"og:locale\" content=\"et_EE\" \/>\n<meta property=\"og:type\" content=\"article\" \/>\n<meta property=\"og:title\" content=\"WC SULGUR 01K MESSING\/HARJATUD MESSING (SC) - Espak E-pood\" \/>\n<meta property=\"og:url\" content=\"https:\/\/espak.ee\/epood\/toode\/wc-sulgur-01k-messing-harjatud-messing-sc\/\" \/>\n<meta property=\"og:site_name\" content=\"Espak E-pood\" \/>\n<meta property=\"article:modified_time\" content=\"2025-01-04T21:34:55+00:00\" \/>\n<meta property=\"og:image\" content=\"https:\/\/espak.ee\/epood\/wp-content\/uploads\/2023\/01\/WC01K_MsHME.jpg\" \/>\n\t<meta property=\"og:image:width\" content=\"800\" \/>\n\t<meta property=\"og:image:height\" content=\"800\" \/>\n\t<meta property=\"og:image:type\" content=\"image\/jpeg\" \/>\n<meta name=\"twitter:card\" content=\"summary_large_image\" \/>\n<script type=\"application\/ld+json\" class=\"yoast-schema-graph\">{\"@context\":\"https:\/\/schema.org\",\"@graph\":[{\"@type\":\"WebPage\",\"@id\":\"https:\/\/espak.ee\/epood\/toode\/wc-sulgur-01k-messing-harjatud-messing-sc\/\",\"url\":\"https:\/\/espak.ee\/epood\/toode\/wc-sulgur-01k-messing-harjatud-messing-sc\/\",\"name\":\"WC SULGUR 01K MESSING\/HARJATUD MESSING (SC) - Espak E-pood\",\"isPartOf\":{\"@id\":\"https:\/\/espak.ee\/epood\/#website\"},\"primaryImageOfPage\":{\"@id\":\"https:\/\/espak.ee\/epood\/toode\/wc-sulgur-01k-messing-harjatud-messing-sc\/#primaryimage\"},\"image\":{\"@id\":\"https:\/\/espak.ee\/epood\/toode\/wc-sulgur-01k-messing-harjatud-messing-sc\/#primaryimage\"},\"thumbnailUrl\":\"https:\/\/espak.ee\/epood\/wp-content\/uploads\/2023\/01\/WC01K_MsHME.jpg\",\"datePublished\":\"2023-01-03T23:40:55+00:00\",\"dateModified\":\"2025-01-04T21:34:55+00:00\",\"breadcrumb\":{\"@id\":\"https:\/\/espak.ee\/epood\/toode\/wc-sulgur-01k-messing-harjatud-messing-sc\/#breadcrumb\"},\"inLanguage\":\"et\",\"potentialAction\":[{\"@type\":\"ReadAction\",\"target\":[\"https:\/\/espak.ee\/epood\/toode\/wc-sulgur-01k-messing-harjatud-messing-sc\/\"]}]},{\"@type\":\"ImageObject\",\"inLanguage\":\"et\",\"@id\":\"https:\/\/espak.ee\/epood\/toode\/wc-sulgur-01k-messing-harjatud-messing-sc\/#primaryimage\",\"url\":\"https:\/\/espak.ee\/epood\/wp-content\/uploads\/2023\/01\/WC01K_MsHME.jpg\",\"contentUrl\":\"https:\/\/espak.ee\/epood\/wp-content\/uploads\/2023\/01\/WC01K_MsHME.jpg\",\"width\":800,\"height\":800},{\"@type\":\"BreadcrumbList\",\"@id\":\"https:\/\/espak.ee\/epood\/toode\/wc-sulgur-01k-messing-harjatud-messing-sc\/#breadcrumb\",\"itemListElement\":[{\"@type\":\"ListItem\",\"position\":1,\"name\":\"Home\",\"item\":\"https:\/\/espak.ee\/epood\/\"},{\"@type\":\"ListItem\",\"position\":2,\"name\":\"Tootevalik\",\"item\":\"https:\/\/espak.ee\/epood\/tootevalik\/\"},{\"@type\":\"ListItem\",\"position\":3,\"name\":\"WC SULGUR 01K MESSING\/HARJATUD MESSING (SC)\"}]},{\"@type\":\"WebSite\",\"@id\":\"https:\/\/espak.ee\/epood\/#website\",\"url\":\"https:\/\/espak.ee\/epood\/\",\"name\":\"Espak E-pood\",\"description\":\"\",\"potentialAction\":[{\"@type\":\"SearchAction\",\"target\":{\"@type\":\"EntryPoint\",\"urlTemplate\":\"https:\/\/espak.ee\/epood\/?s={search_term_string}\"},\"query-input\":{\"@type\":\"PropertyValueSpecification\",\"valueRequired\":true,\"valueName\":\"search_term_string\"}}],\"inLanguage\":\"et\"}]}<\/script>\n<!-- \/ Yoast SEO plugin. -->","yoast_head_json":{"title":"WC SULGUR 01K MESSING\/HARJATUD MESSING (SC) - Espak E-pood","robots":{"index":"index","follow":"follow","max-snippet":"max-snippet:-1","max-image-preview":"max-image-preview:large","max-video-preview":"max-video-preview:-1"},"canonical":"https:\/\/espak.ee\/epood\/toode\/wc-sulgur-01k-messing-harjatud-messing-sc\/","og_locale":"et_EE","og_type":"article","og_title":"WC SULGUR 01K MESSING\/HARJATUD MESSING (SC) - Espak E-pood","og_url":"https:\/\/espak.ee\/epood\/toode\/wc-sulgur-01k-messing-harjatud-messing-sc\/","og_site_name":"Espak E-pood","article_modified_time":"2025-01-04T21:34:55+00:00","og_image":[{"width":800,"height":800,"url":"https:\/\/espak.ee\/epood\/wp-content\/uploads\/2023\/01\/WC01K_MsHME.jpg","type":"image\/jpeg"}],"twitter_card":"summary_large_image","schema":{"@context":"https:\/\/schema.org","@graph":[{"@type":"WebPage","@id":"https:\/\/espak.ee\/epood\/toode\/wc-sulgur-01k-messing-harjatud-messing-sc\/","url":"https:\/\/espak.ee\/epood\/toode\/wc-sulgur-01k-messing-harjatud-messing-sc\/","name":"WC SULGUR 01K MESSING\/HARJATUD MESSING (SC) - Espak E-pood","isPartOf":{"@id":"https:\/\/espak.ee\/epood\/#website"},"primaryImageOfPage":{"@id":"https:\/\/espak.ee\/epood\/toode\/wc-sulgur-01k-messing-harjatud-messing-sc\/#primaryimage"},"image":{"@id":"https:\/\/espak.ee\/epood\/toode\/wc-sulgur-01k-messing-harjatud-messing-sc\/#primaryimage"},"thumbnailUrl":"https:\/\/espak.ee\/epood\/wp-content\/uploads\/2023\/01\/WC01K_MsHME.jpg","datePublished":"2023-01-03T23:40:55+00:00","dateModified":"2025-01-04T21:34:55+00:00","breadcrumb":{"@id":"https:\/\/espak.ee\/epood\/toode\/wc-sulgur-01k-messing-harjatud-messing-sc\/#breadcrumb"},"inLanguage":"et","potentialAction":[{"@type":"ReadAction","target":["https:\/\/espak.ee\/epood\/toode\/wc-sulgur-01k-messing-harjatud-messing-sc\/"]}]},{"@type":"ImageObject","inLanguage":"et","@id":"https:\/\/espak.ee\/epood\/toode\/wc-sulgur-01k-messing-harjatud-messing-sc\/#primaryimage","url":"https:\/\/espak.ee\/epood\/wp-content\/uploads\/2023\/01\/WC01K_MsHME.jpg","contentUrl":"https:\/\/espak.ee\/epood\/wp-content\/uploads\/2023\/01\/WC01K_MsHME.jpg","width":800,"height":800},{"@type":"BreadcrumbList","@id":"https:\/\/espak.ee\/epood\/toode\/wc-sulgur-01k-messing-harjatud-messing-sc\/#breadcrumb","itemListElement":[{"@type":"ListItem","position":1,"name":"Home","item":"https:\/\/espak.ee\/epood\/"},{"@type":"ListItem","position":2,"name":"Tootevalik","item":"https:\/\/espak.ee\/epood\/tootevalik\/"},{"@type":"ListItem","position":3,"name":"WC SULGUR 01K MESSING\/HARJATUD MESSING (SC)"}]},{"@type":"WebSite","@id":"https:\/\/espak.ee\/epood\/#website","url":"https:\/\/espak.ee\/epood\/","name":"Espak E-pood","description":"","potentialAction":[{"@type":"SearchAction","target":{"@type":"EntryPoint","urlTemplate":"https:\/\/espak.ee\/epood\/?s={search_term_string}"},"query-input":{"@type":"PropertyValueSpecification","valueRequired":true,"valueName":"search_term_string"}}],"inLanguage":"et"}]}},"_links":{"self":[{"href":"https:\/\/espak.ee\/epood\/wp-json\/wp\/v2\/product\/144637","targetHints":{"allow":["GET"]}}],"collection":[{"href":"https:\/\/espak.ee\/epood\/wp-json\/wp\/v2\/product"}],"about":[{"href":"https:\/\/espak.ee\/epood\/wp-json\/wp\/v2\/types\/product"}],"replies":[{"embeddable":true,"href":"https:\/\/espak.ee\/epood\/wp-json\/wp\/v2\/comments?post=144637"}],"wp:featuredmedia":[{"embeddable":true,"href":"https:\/\/espak.ee\/epood\/wp-json\/wp\/v2\/media\/146574"}],"wp:attachment":[{"href":"https:\/\/espak.ee\/epood\/wp-json\/wp\/v2\/media?parent=144637"}],"wp:term":[{"taxonomy":"product_brand","embeddable":true,"href":"https:\/\/espak.ee\/epood\/wp-json\/wp\/v2\/product_brand?post=144637"},{"taxonomy":"product_cat","embeddable":true,"href":"https:\/\/espak.ee\/epood\/wp-json\/wp\/v2\/product_cat?post=144637"},{"taxonomy":"product_tag","embeddable":true,"href":"https:\/\/espak.ee\/epood\/wp-json\/wp\/v2\/product_tag?post=144637"}],"curies":[{"name":"wp","href":"https:\/\/api.w.org\/{rel}","templated":true}]}}