{"id":142575,"date":"2022-12-07T08:07:04","date_gmt":"2022-12-07T08:07:04","guid":{"rendered":"https:\/\/espak.ee\/epood\/?post_type=product&#038;p=142575"},"modified":"2026-01-15T19:29:22","modified_gmt":"2026-01-15T17:29:22","slug":"roolikelk-stiga-snowpower-must-roheline","status":"publish","type":"product","link":"https:\/\/espak.ee\/epood\/toode\/roolikelk-stiga-snowpower-must-roheline\/","title":{"rendered":"ROOLIKELK STIGA SNOWPOWER MUST\/ROHELINE"},"content":{"rendered":"<div class=\"row\"  id=\"row-862044551\">\n\n\t<div id=\"col-279604956\" class=\"col medium-9 small-12 large-9\"  >\n\t\t\t\t<div class=\"col-inner\"  >\n\t\t\t\n\t\t\t\n<h2>Roolikelk Stiga Snowpower roheline\/must <\/h2>\n<p>&#8211; Kerge ja vastupidavast plastikust roolikelk<br \/>\n&#8211; Lihtne man\u00f6\u00f6verdada t\u00e4nu roolile, mis juhib kahte kelgu all olevat suuska<br \/>\n&#8211; Kelgul on pidur ja vedamisn\u00f6\u00f6r<br \/>\n&#8211; Kelgu esi- ja tagaosas on helkur<br \/>\n&#8211; Sobilik vanusele 5+<\/p>\n<p>Laste parim s\u00f5ber STIGA roolikelk Snowpower on uue p\u00f5lvkonna roolikelk, mis on valmistatud vastupidavast plastikust. Lihtne man\u00f6\u00f6verdada t\u00e4nu roolile, mis reguleerib kahte kelgu all olevat suuska.  Varustatud piduri ja helkuriga turvaliseks s\u00f5iduks. Sobilik vanusele 5+.<\/p>\n\t\t<\/div>\n\t\t\t\t\t<\/div>\n\n\t\n\n\t<div id=\"col-1964867301\" class=\"col medium-3 small-12 large-3\"  >\n\t\t\t\t<div class=\"col-inner\"  >\n\t\t\t\n\t\t\t\n\t<div id=\"gap-1951891920\" class=\"gap-element clearfix\" style=\"display:block; height:auto;\">\n\t\t\n<style>\n#gap-1951891920 {\n  padding-top: 30px;\n}\n<\/style>\n\t<\/div>\n\t\n<div class=\"is-divider divider clearfix\" ><\/div>\n<p><strong>\u00dcksikasjalikuma n\u00f5u saamiseks v\u00f5tke \u00fchendust:<br \/><\/strong>LOODUS INVEST AS<br \/>Viljandi mnt. 18a<br \/>11216<br \/>Tallinn<br \/>+372 6722144<\/p>\n<div class=\"is-divider divider clearfix\" ><\/div>\n\t\t<\/div>\n\t\t\t\t\t<\/div>\n\n\t\n<\/div>\n","protected":false},"excerpt":{"rendered":"","protected":false},"featured_media":142584,"comment_status":"closed","ping_status":"closed","template":"","meta":[],"product_brand":[],"product_cat":[2789,2788,3341,3342],"product_tag":[],"class_list":{"0":"post-142575","1":"product","2":"type-product","3":"status-publish","4":"has-post-thumbnail","6":"product_cat-aiatarbed","7":"product_cat-aiatarbed-ja-kodukaubad","8":"product_cat-aiatooriistad","9":"product_cat-lumelabidad","10":"pa_kaubamark-loodus-invest-as","12":"first","13":"outofstock","14":"sale","15":"taxable","16":"shipping-taxable","17":"purchasable","18":"product-type-simple"},"yoast_head":"<!-- This site is optimized with the Yoast SEO plugin v26.9 - https:\/\/yoast.com\/product\/yoast-seo-wordpress\/ -->\n<title>ROOLIKELK STIGA SNOWPOWER MUST\/ROHELINE - Espak E-pood<\/title>\n<meta name=\"robots\" content=\"index, follow, max-snippet:-1, max-image-preview:large, max-video-preview:-1\" \/>\n<link rel=\"canonical\" href=\"https:\/\/espak.ee\/epood\/toode\/roolikelk-stiga-snowpower-must-roheline\/\" \/>\n<meta property=\"og:locale\" content=\"et_EE\" \/>\n<meta property=\"og:type\" content=\"article\" \/>\n<meta property=\"og:title\" content=\"ROOLIKELK STIGA SNOWPOWER MUST\/ROHELINE - Espak E-pood\" \/>\n<meta property=\"og:url\" content=\"https:\/\/espak.ee\/epood\/toode\/roolikelk-stiga-snowpower-must-roheline\/\" \/>\n<meta property=\"og:site_name\" content=\"Espak E-pood\" \/>\n<meta property=\"article:modified_time\" content=\"2026-01-15T17:29:22+00:00\" \/>\n<meta property=\"og:image\" content=\"https:\/\/espak.ee\/epood\/wp-content\/uploads\/2022\/12\/74-7122-19-roolikelk-snowpower-must_1.jpg\" \/>\n\t<meta property=\"og:image:width\" content=\"1920\" \/>\n\t<meta property=\"og:image:height\" content=\"1920\" \/>\n\t<meta property=\"og:image:type\" content=\"image\/jpeg\" \/>\n<meta name=\"twitter:card\" content=\"summary_large_image\" \/>\n<meta name=\"twitter:label1\" content=\"Est. reading time\" \/>\n\t<meta name=\"twitter:data1\" content=\"1 minut\" \/>\n<script type=\"application\/ld+json\" class=\"yoast-schema-graph\">{\"@context\":\"https:\/\/schema.org\",\"@graph\":[{\"@type\":\"WebPage\",\"@id\":\"https:\/\/espak.ee\/epood\/toode\/roolikelk-stiga-snowpower-must-roheline\/\",\"url\":\"https:\/\/espak.ee\/epood\/toode\/roolikelk-stiga-snowpower-must-roheline\/\",\"name\":\"ROOLIKELK STIGA SNOWPOWER MUST\/ROHELINE - Espak E-pood\",\"isPartOf\":{\"@id\":\"https:\/\/espak.ee\/epood\/#website\"},\"primaryImageOfPage\":{\"@id\":\"https:\/\/espak.ee\/epood\/toode\/roolikelk-stiga-snowpower-must-roheline\/#primaryimage\"},\"image\":{\"@id\":\"https:\/\/espak.ee\/epood\/toode\/roolikelk-stiga-snowpower-must-roheline\/#primaryimage\"},\"thumbnailUrl\":\"https:\/\/espak.ee\/epood\/wp-content\/uploads\/2022\/12\/74-7122-19-roolikelk-snowpower-must_1.jpg\",\"datePublished\":\"2022-12-07T08:07:04+00:00\",\"dateModified\":\"2026-01-15T17:29:22+00:00\",\"breadcrumb\":{\"@id\":\"https:\/\/espak.ee\/epood\/toode\/roolikelk-stiga-snowpower-must-roheline\/#breadcrumb\"},\"inLanguage\":\"et\",\"potentialAction\":[{\"@type\":\"ReadAction\",\"target\":[\"https:\/\/espak.ee\/epood\/toode\/roolikelk-stiga-snowpower-must-roheline\/\"]}]},{\"@type\":\"ImageObject\",\"inLanguage\":\"et\",\"@id\":\"https:\/\/espak.ee\/epood\/toode\/roolikelk-stiga-snowpower-must-roheline\/#primaryimage\",\"url\":\"https:\/\/espak.ee\/epood\/wp-content\/uploads\/2022\/12\/74-7122-19-roolikelk-snowpower-must_1.jpg\",\"contentUrl\":\"https:\/\/espak.ee\/epood\/wp-content\/uploads\/2022\/12\/74-7122-19-roolikelk-snowpower-must_1.jpg\",\"width\":1920,\"height\":1920},{\"@type\":\"BreadcrumbList\",\"@id\":\"https:\/\/espak.ee\/epood\/toode\/roolikelk-stiga-snowpower-must-roheline\/#breadcrumb\",\"itemListElement\":[{\"@type\":\"ListItem\",\"position\":1,\"name\":\"Home\",\"item\":\"https:\/\/espak.ee\/epood\/\"},{\"@type\":\"ListItem\",\"position\":2,\"name\":\"Tootevalik\",\"item\":\"https:\/\/espak.ee\/epood\/tootevalik\/\"},{\"@type\":\"ListItem\",\"position\":3,\"name\":\"ROOLIKELK STIGA SNOWPOWER MUST\/ROHELINE\"}]},{\"@type\":\"WebSite\",\"@id\":\"https:\/\/espak.ee\/epood\/#website\",\"url\":\"https:\/\/espak.ee\/epood\/\",\"name\":\"Espak E-pood\",\"description\":\"\",\"potentialAction\":[{\"@type\":\"SearchAction\",\"target\":{\"@type\":\"EntryPoint\",\"urlTemplate\":\"https:\/\/espak.ee\/epood\/?s={search_term_string}\"},\"query-input\":{\"@type\":\"PropertyValueSpecification\",\"valueRequired\":true,\"valueName\":\"search_term_string\"}}],\"inLanguage\":\"et\"}]}<\/script>\n<!-- \/ Yoast SEO plugin. -->","yoast_head_json":{"title":"ROOLIKELK STIGA SNOWPOWER MUST\/ROHELINE - Espak E-pood","robots":{"index":"index","follow":"follow","max-snippet":"max-snippet:-1","max-image-preview":"max-image-preview:large","max-video-preview":"max-video-preview:-1"},"canonical":"https:\/\/espak.ee\/epood\/toode\/roolikelk-stiga-snowpower-must-roheline\/","og_locale":"et_EE","og_type":"article","og_title":"ROOLIKELK STIGA SNOWPOWER MUST\/ROHELINE - Espak E-pood","og_url":"https:\/\/espak.ee\/epood\/toode\/roolikelk-stiga-snowpower-must-roheline\/","og_site_name":"Espak E-pood","article_modified_time":"2026-01-15T17:29:22+00:00","og_image":[{"width":1920,"height":1920,"url":"https:\/\/espak.ee\/epood\/wp-content\/uploads\/2022\/12\/74-7122-19-roolikelk-snowpower-must_1.jpg","type":"image\/jpeg"}],"twitter_card":"summary_large_image","twitter_misc":{"Est. reading time":"1 minut"},"schema":{"@context":"https:\/\/schema.org","@graph":[{"@type":"WebPage","@id":"https:\/\/espak.ee\/epood\/toode\/roolikelk-stiga-snowpower-must-roheline\/","url":"https:\/\/espak.ee\/epood\/toode\/roolikelk-stiga-snowpower-must-roheline\/","name":"ROOLIKELK STIGA SNOWPOWER MUST\/ROHELINE - Espak E-pood","isPartOf":{"@id":"https:\/\/espak.ee\/epood\/#website"},"primaryImageOfPage":{"@id":"https:\/\/espak.ee\/epood\/toode\/roolikelk-stiga-snowpower-must-roheline\/#primaryimage"},"image":{"@id":"https:\/\/espak.ee\/epood\/toode\/roolikelk-stiga-snowpower-must-roheline\/#primaryimage"},"thumbnailUrl":"https:\/\/espak.ee\/epood\/wp-content\/uploads\/2022\/12\/74-7122-19-roolikelk-snowpower-must_1.jpg","datePublished":"2022-12-07T08:07:04+00:00","dateModified":"2026-01-15T17:29:22+00:00","breadcrumb":{"@id":"https:\/\/espak.ee\/epood\/toode\/roolikelk-stiga-snowpower-must-roheline\/#breadcrumb"},"inLanguage":"et","potentialAction":[{"@type":"ReadAction","target":["https:\/\/espak.ee\/epood\/toode\/roolikelk-stiga-snowpower-must-roheline\/"]}]},{"@type":"ImageObject","inLanguage":"et","@id":"https:\/\/espak.ee\/epood\/toode\/roolikelk-stiga-snowpower-must-roheline\/#primaryimage","url":"https:\/\/espak.ee\/epood\/wp-content\/uploads\/2022\/12\/74-7122-19-roolikelk-snowpower-must_1.jpg","contentUrl":"https:\/\/espak.ee\/epood\/wp-content\/uploads\/2022\/12\/74-7122-19-roolikelk-snowpower-must_1.jpg","width":1920,"height":1920},{"@type":"BreadcrumbList","@id":"https:\/\/espak.ee\/epood\/toode\/roolikelk-stiga-snowpower-must-roheline\/#breadcrumb","itemListElement":[{"@type":"ListItem","position":1,"name":"Home","item":"https:\/\/espak.ee\/epood\/"},{"@type":"ListItem","position":2,"name":"Tootevalik","item":"https:\/\/espak.ee\/epood\/tootevalik\/"},{"@type":"ListItem","position":3,"name":"ROOLIKELK STIGA SNOWPOWER MUST\/ROHELINE"}]},{"@type":"WebSite","@id":"https:\/\/espak.ee\/epood\/#website","url":"https:\/\/espak.ee\/epood\/","name":"Espak E-pood","description":"","potentialAction":[{"@type":"SearchAction","target":{"@type":"EntryPoint","urlTemplate":"https:\/\/espak.ee\/epood\/?s={search_term_string}"},"query-input":{"@type":"PropertyValueSpecification","valueRequired":true,"valueName":"search_term_string"}}],"inLanguage":"et"}]}},"_links":{"self":[{"href":"https:\/\/espak.ee\/epood\/wp-json\/wp\/v2\/product\/142575","targetHints":{"allow":["GET"]}}],"collection":[{"href":"https:\/\/espak.ee\/epood\/wp-json\/wp\/v2\/product"}],"about":[{"href":"https:\/\/espak.ee\/epood\/wp-json\/wp\/v2\/types\/product"}],"replies":[{"embeddable":true,"href":"https:\/\/espak.ee\/epood\/wp-json\/wp\/v2\/comments?post=142575"}],"wp:featuredmedia":[{"embeddable":true,"href":"https:\/\/espak.ee\/epood\/wp-json\/wp\/v2\/media\/142584"}],"wp:attachment":[{"href":"https:\/\/espak.ee\/epood\/wp-json\/wp\/v2\/media?parent=142575"}],"wp:term":[{"taxonomy":"product_brand","embeddable":true,"href":"https:\/\/espak.ee\/epood\/wp-json\/wp\/v2\/product_brand?post=142575"},{"taxonomy":"product_cat","embeddable":true,"href":"https:\/\/espak.ee\/epood\/wp-json\/wp\/v2\/product_cat?post=142575"},{"taxonomy":"product_tag","embeddable":true,"href":"https:\/\/espak.ee\/epood\/wp-json\/wp\/v2\/product_tag?post=142575"}],"curies":[{"name":"wp","href":"https:\/\/api.w.org\/{rel}","templated":true}]}}