{"id":141144,"date":"2022-11-22T08:34:25","date_gmt":"2022-11-22T08:34:25","guid":{"rendered":"https:\/\/espak.ee\/epood\/?post_type=product&#038;p=141144"},"modified":"2024-03-23T02:16:15","modified_gmt":"2024-03-23T00:16:15","slug":"volditav-dusisein-9001950mm-must-profiil-kirgas-klaas","status":"publish","type":"product","link":"https:\/\/espak.ee\/epood\/toode\/volditav-dusisein-9001950mm-must-profiil-kirgas-klaas\/","title":{"rendered":"VOLDITAV DU\u0160ISEIN 900*1950MM MUST PROFIIL, KIRGAS KLAAS"},"content":{"rendered":"<div class=\"row\"  id=\"row-2136253753\">\n\n\t<div id=\"col-278914633\" class=\"col medium-9 small-12 large-9\"  >\n\t\t\t\t<div class=\"col-inner\"  >\n\t\t\t\n\t\t\t\n<h3>Volditav du\u0161isein 900x1950mm must profiil kirgas klaas<\/h3>\n<p>K\u00e4elisus reguleeritav, seina saab voltida nii paremale kui vasakule poole.<br \/>\nLaiused 80 cm ja 90 cm, kirgas ja suitsuhall klaas, mustal profiilil ainult kirgas klaas.<br \/>\nKlaasi k\u00f5rgus 195 cm, 6 mm turvaklaas.<br \/>\nL\u00e4ikiv alumiiniumkarkass v\u00f5i must matt.<br \/>\nAlus- ja vahetihend ning r\u00f5ngask\u00e4epide sisalduvad komplektis.<br \/>\nSeinaprofiilist on v\u00f5imalik l\u00e4bi viia seinapealset torustikku (max 30 mm).<br \/>\nSaadaval k\u00f5ik varuosad.<\/p>\n\t\t<\/div>\n\t\t\t\t\t<\/div>\n\n\t\n\n\t<div id=\"col-357731171\" class=\"col medium-3 small-12 large-3\"  >\n\t\t\t\t<div class=\"col-inner\"  >\n\t\t\t\n\t\t\t\n<h3>Paigaldusjuhend<\/h3>\n<p><a href=\"https:\/\/espak.ee\/epood\/wp-content\/uploads\/2022\/11\/Paigaldusjuhend-TASS800-900_EST_A4.pdf\"target=\"_blank\" rel=\"noopener noreferrer\"><i class=\"far fa-file-pdf\"><\/i> Paigaldusjuhend (PDF)<\/a><\/p>\n<div class=\"is-divider divider clearfix\" ><\/div>\n<p><strong>\u00dcksikasjalikuma n\u00f5u saamiseks v\u00f5tke \u00fchendust:<br \/><\/strong>Nordium O\u00dc<br \/>Karja 49<br \/>80018<br \/>P\u00e4rnu<br \/>+372 5670 8600<\/p>\n\t\t<\/div>\n\t\t\t\t\t<\/div>\n\n\t\n<\/div>\n","protected":false},"excerpt":{"rendered":"","protected":false},"featured_media":141363,"comment_status":"closed","ping_status":"closed","template":"","meta":[],"product_brand":[],"product_cat":[2820,2819,3492,3491],"product_tag":[],"class_list":{"0":"post-141144","1":"product","2":"type-product","3":"status-publish","4":"has-post-thumbnail","6":"product_cat-sanitaartehnika-sanitaartehnika","7":"product_cat-sanitaartehnika","8":"product_cat-vann-dusikabiinid","9":"product_cat-vannid-ja-dusinurgad","10":"pa_kaubamark-nordium-ou","12":"first","13":"outofstock","14":"sale","15":"taxable","16":"shipping-taxable","17":"purchasable","18":"product-type-simple"},"yoast_head":"<!-- This site is optimized with the Yoast SEO plugin v26.9 - https:\/\/yoast.com\/product\/yoast-seo-wordpress\/ -->\n<title>VOLDITAV DU\u0160ISEIN 900*1950MM MUST PROFIIL, KIRGAS KLAAS - Espak E-pood<\/title>\n<meta name=\"robots\" content=\"index, follow, max-snippet:-1, max-image-preview:large, max-video-preview:-1\" \/>\n<link rel=\"canonical\" href=\"https:\/\/espak.ee\/epood\/toode\/volditav-dusisein-9001950mm-must-profiil-kirgas-klaas\/\" \/>\n<meta property=\"og:locale\" content=\"et_EE\" \/>\n<meta property=\"og:type\" content=\"article\" \/>\n<meta property=\"og:title\" content=\"VOLDITAV DU\u0160ISEIN 900*1950MM MUST PROFIIL, KIRGAS KLAAS - Espak E-pood\" \/>\n<meta property=\"og:url\" content=\"https:\/\/espak.ee\/epood\/toode\/volditav-dusisein-9001950mm-must-profiil-kirgas-klaas\/\" \/>\n<meta property=\"og:site_name\" content=\"Espak E-pood\" \/>\n<meta property=\"article:modified_time\" content=\"2024-03-23T00:16:15+00:00\" \/>\n<meta property=\"og:image\" content=\"https:\/\/espak.ee\/epood\/wp-content\/uploads\/2022\/11\/TASS800K-M-01.jpg\" \/>\n\t<meta property=\"og:image:width\" content=\"800\" \/>\n\t<meta property=\"og:image:height\" content=\"800\" \/>\n\t<meta property=\"og:image:type\" content=\"image\/jpeg\" \/>\n<meta name=\"twitter:card\" content=\"summary_large_image\" \/>\n<script type=\"application\/ld+json\" class=\"yoast-schema-graph\">{\"@context\":\"https:\/\/schema.org\",\"@graph\":[{\"@type\":\"WebPage\",\"@id\":\"https:\/\/espak.ee\/epood\/toode\/volditav-dusisein-9001950mm-must-profiil-kirgas-klaas\/\",\"url\":\"https:\/\/espak.ee\/epood\/toode\/volditav-dusisein-9001950mm-must-profiil-kirgas-klaas\/\",\"name\":\"VOLDITAV DU\u0160ISEIN 900*1950MM MUST PROFIIL, KIRGAS KLAAS - Espak E-pood\",\"isPartOf\":{\"@id\":\"https:\/\/espak.ee\/epood\/#website\"},\"primaryImageOfPage\":{\"@id\":\"https:\/\/espak.ee\/epood\/toode\/volditav-dusisein-9001950mm-must-profiil-kirgas-klaas\/#primaryimage\"},\"image\":{\"@id\":\"https:\/\/espak.ee\/epood\/toode\/volditav-dusisein-9001950mm-must-profiil-kirgas-klaas\/#primaryimage\"},\"thumbnailUrl\":\"https:\/\/espak.ee\/epood\/wp-content\/uploads\/2022\/11\/TASS800K-M-01.jpg\",\"datePublished\":\"2022-11-22T08:34:25+00:00\",\"dateModified\":\"2024-03-23T00:16:15+00:00\",\"breadcrumb\":{\"@id\":\"https:\/\/espak.ee\/epood\/toode\/volditav-dusisein-9001950mm-must-profiil-kirgas-klaas\/#breadcrumb\"},\"inLanguage\":\"et\",\"potentialAction\":[{\"@type\":\"ReadAction\",\"target\":[\"https:\/\/espak.ee\/epood\/toode\/volditav-dusisein-9001950mm-must-profiil-kirgas-klaas\/\"]}]},{\"@type\":\"ImageObject\",\"inLanguage\":\"et\",\"@id\":\"https:\/\/espak.ee\/epood\/toode\/volditav-dusisein-9001950mm-must-profiil-kirgas-klaas\/#primaryimage\",\"url\":\"https:\/\/espak.ee\/epood\/wp-content\/uploads\/2022\/11\/TASS800K-M-01.jpg\",\"contentUrl\":\"https:\/\/espak.ee\/epood\/wp-content\/uploads\/2022\/11\/TASS800K-M-01.jpg\",\"width\":800,\"height\":800},{\"@type\":\"BreadcrumbList\",\"@id\":\"https:\/\/espak.ee\/epood\/toode\/volditav-dusisein-9001950mm-must-profiil-kirgas-klaas\/#breadcrumb\",\"itemListElement\":[{\"@type\":\"ListItem\",\"position\":1,\"name\":\"Home\",\"item\":\"https:\/\/espak.ee\/epood\/\"},{\"@type\":\"ListItem\",\"position\":2,\"name\":\"Tootevalik\",\"item\":\"https:\/\/espak.ee\/epood\/tootevalik\/\"},{\"@type\":\"ListItem\",\"position\":3,\"name\":\"VOLDITAV DU\u0160ISEIN 900*1950MM MUST PROFIIL, KIRGAS KLAAS\"}]},{\"@type\":\"WebSite\",\"@id\":\"https:\/\/espak.ee\/epood\/#website\",\"url\":\"https:\/\/espak.ee\/epood\/\",\"name\":\"Espak E-pood\",\"description\":\"\",\"potentialAction\":[{\"@type\":\"SearchAction\",\"target\":{\"@type\":\"EntryPoint\",\"urlTemplate\":\"https:\/\/espak.ee\/epood\/?s={search_term_string}\"},\"query-input\":{\"@type\":\"PropertyValueSpecification\",\"valueRequired\":true,\"valueName\":\"search_term_string\"}}],\"inLanguage\":\"et\"}]}<\/script>\n<!-- \/ Yoast SEO plugin. -->","yoast_head_json":{"title":"VOLDITAV DU\u0160ISEIN 900*1950MM MUST PROFIIL, KIRGAS KLAAS - Espak E-pood","robots":{"index":"index","follow":"follow","max-snippet":"max-snippet:-1","max-image-preview":"max-image-preview:large","max-video-preview":"max-video-preview:-1"},"canonical":"https:\/\/espak.ee\/epood\/toode\/volditav-dusisein-9001950mm-must-profiil-kirgas-klaas\/","og_locale":"et_EE","og_type":"article","og_title":"VOLDITAV DU\u0160ISEIN 900*1950MM MUST PROFIIL, KIRGAS KLAAS - Espak E-pood","og_url":"https:\/\/espak.ee\/epood\/toode\/volditav-dusisein-9001950mm-must-profiil-kirgas-klaas\/","og_site_name":"Espak E-pood","article_modified_time":"2024-03-23T00:16:15+00:00","og_image":[{"width":800,"height":800,"url":"https:\/\/espak.ee\/epood\/wp-content\/uploads\/2022\/11\/TASS800K-M-01.jpg","type":"image\/jpeg"}],"twitter_card":"summary_large_image","schema":{"@context":"https:\/\/schema.org","@graph":[{"@type":"WebPage","@id":"https:\/\/espak.ee\/epood\/toode\/volditav-dusisein-9001950mm-must-profiil-kirgas-klaas\/","url":"https:\/\/espak.ee\/epood\/toode\/volditav-dusisein-9001950mm-must-profiil-kirgas-klaas\/","name":"VOLDITAV DU\u0160ISEIN 900*1950MM MUST PROFIIL, KIRGAS KLAAS - Espak E-pood","isPartOf":{"@id":"https:\/\/espak.ee\/epood\/#website"},"primaryImageOfPage":{"@id":"https:\/\/espak.ee\/epood\/toode\/volditav-dusisein-9001950mm-must-profiil-kirgas-klaas\/#primaryimage"},"image":{"@id":"https:\/\/espak.ee\/epood\/toode\/volditav-dusisein-9001950mm-must-profiil-kirgas-klaas\/#primaryimage"},"thumbnailUrl":"https:\/\/espak.ee\/epood\/wp-content\/uploads\/2022\/11\/TASS800K-M-01.jpg","datePublished":"2022-11-22T08:34:25+00:00","dateModified":"2024-03-23T00:16:15+00:00","breadcrumb":{"@id":"https:\/\/espak.ee\/epood\/toode\/volditav-dusisein-9001950mm-must-profiil-kirgas-klaas\/#breadcrumb"},"inLanguage":"et","potentialAction":[{"@type":"ReadAction","target":["https:\/\/espak.ee\/epood\/toode\/volditav-dusisein-9001950mm-must-profiil-kirgas-klaas\/"]}]},{"@type":"ImageObject","inLanguage":"et","@id":"https:\/\/espak.ee\/epood\/toode\/volditav-dusisein-9001950mm-must-profiil-kirgas-klaas\/#primaryimage","url":"https:\/\/espak.ee\/epood\/wp-content\/uploads\/2022\/11\/TASS800K-M-01.jpg","contentUrl":"https:\/\/espak.ee\/epood\/wp-content\/uploads\/2022\/11\/TASS800K-M-01.jpg","width":800,"height":800},{"@type":"BreadcrumbList","@id":"https:\/\/espak.ee\/epood\/toode\/volditav-dusisein-9001950mm-must-profiil-kirgas-klaas\/#breadcrumb","itemListElement":[{"@type":"ListItem","position":1,"name":"Home","item":"https:\/\/espak.ee\/epood\/"},{"@type":"ListItem","position":2,"name":"Tootevalik","item":"https:\/\/espak.ee\/epood\/tootevalik\/"},{"@type":"ListItem","position":3,"name":"VOLDITAV DU\u0160ISEIN 900*1950MM MUST PROFIIL, KIRGAS KLAAS"}]},{"@type":"WebSite","@id":"https:\/\/espak.ee\/epood\/#website","url":"https:\/\/espak.ee\/epood\/","name":"Espak E-pood","description":"","potentialAction":[{"@type":"SearchAction","target":{"@type":"EntryPoint","urlTemplate":"https:\/\/espak.ee\/epood\/?s={search_term_string}"},"query-input":{"@type":"PropertyValueSpecification","valueRequired":true,"valueName":"search_term_string"}}],"inLanguage":"et"}]}},"_links":{"self":[{"href":"https:\/\/espak.ee\/epood\/wp-json\/wp\/v2\/product\/141144","targetHints":{"allow":["GET"]}}],"collection":[{"href":"https:\/\/espak.ee\/epood\/wp-json\/wp\/v2\/product"}],"about":[{"href":"https:\/\/espak.ee\/epood\/wp-json\/wp\/v2\/types\/product"}],"replies":[{"embeddable":true,"href":"https:\/\/espak.ee\/epood\/wp-json\/wp\/v2\/comments?post=141144"}],"wp:featuredmedia":[{"embeddable":true,"href":"https:\/\/espak.ee\/epood\/wp-json\/wp\/v2\/media\/141363"}],"wp:attachment":[{"href":"https:\/\/espak.ee\/epood\/wp-json\/wp\/v2\/media?parent=141144"}],"wp:term":[{"taxonomy":"product_brand","embeddable":true,"href":"https:\/\/espak.ee\/epood\/wp-json\/wp\/v2\/product_brand?post=141144"},{"taxonomy":"product_cat","embeddable":true,"href":"https:\/\/espak.ee\/epood\/wp-json\/wp\/v2\/product_cat?post=141144"},{"taxonomy":"product_tag","embeddable":true,"href":"https:\/\/espak.ee\/epood\/wp-json\/wp\/v2\/product_tag?post=141144"}],"curies":[{"name":"wp","href":"https:\/\/api.w.org\/{rel}","templated":true}]}}