{"id":13953,"date":"2020-01-08T03:01:04","date_gmt":"2020-01-08T01:01:04","guid":{"rendered":"https:\/\/espak.ee\/hinnakiri\/?post_type=product&#038;p=13953"},"modified":"2024-03-23T00:02:34","modified_gmt":"2024-03-22T22:02:34","slug":"prill-laud-biolan-huussikka","status":"publish","type":"product","link":"https:\/\/espak.ee\/epood\/toode\/prill-laud-biolan-huussikka\/","title":{"rendered":"PRILL-LAUD BIOLAN HUUSSIKKA"},"content":{"rendered":"<div class=\"row\"  id=\"row-326421599\">\n\n\t<div id=\"col-1229921545\" class=\"col medium-9 small-12 large-9\"  >\n\t\t\t\t<div class=\"col-inner\"  >\n\t\t\t\n\t\t\t\n<h2>Biolan Huussikka<\/h2>\n<p>Biolani Huussikka on Soomes valmistatud soe k\u00e4imla prill-laud. See on konstrueeritud spetsiaalselt Biolani Kompostk\u00e4imla tarbeks, kuid selle pakutavat mugavust v\u00f5ib nautida ka teistes k\u00e4imlates. Biolani Huussikka on valmistatud h\u00fcgieenilisest, vastupidavast pol\u00fcprop\u00fcleenist. Elastne vahtmaterjal ei purune kasutamisel ega ima endasse niiskust. Prill-laud on istumisel v\u00e4ga mugav ja soe ning seda on v\u00f5imalik hooldada enamiku tavaliste koduste puhastusvahendite abil.<\/p>\n\t<div id=\"gap-1586934009\" class=\"gap-element clearfix\" style=\"display:block; height:auto;\">\n\t\t\n<style>\n#gap-1586934009 {\n  padding-top: 30px;\n}\n<\/style>\n\t<\/div>\n\t\n<h3>Kasutamise \u00fcksikasjad<\/h3>\n<p><strong>Kasutusjuhend:<\/strong> Prill-laud kinnitatakse Biolani Kompostk\u00e4imla k\u00fclge prill-lauas olevate kinnitustappide ja pakendis leiduvate kleepribade v\u00f5i kahepoolse teibi abil. Prill-laua kaanes on v\u00e4ike auk kinnitusn\u00f6\u00f6ri jaoks.<br \/>\nTraditsioonilise puidust istumisaluse sisse Biolani Huussikka sobiva augu tegemisel saab \u0161abloonina kasutada pakendi tagaosa. Prill-laud kinnitatakse selles olevate kinnitustappide ja pakendis leiduvate kleepribade v\u00f5i kahepoolse teibi abil k\u00e4imla istmekaane k\u00fclge. Juhul kui Biolani Huussikka paigaldatakse puidust istumisalusel juba olemasolevasse auku, v\u00f5ib prill-laua alumisel k\u00fcljel oleva kinnitus\u00e4\u00e4rise vajaduse korral \u00e4ra l\u00f5igata.<\/p>\n\t\t<\/div>\n\t\t\t\t\t<\/div>\n\n\t\n\n\t<div id=\"col-424109055\" class=\"col medium-3 small-12 large-3\"  >\n\t\t\t\t<div class=\"col-inner\"  >\n\t\t\t\n\t\t\t\n\t<div id=\"gap-2067797107\" class=\"gap-element clearfix\" style=\"display:block; height:auto;\">\n\t\t\n<style>\n#gap-2067797107 {\n  padding-top: 30px;\n}\n<\/style>\n\t<\/div>\n\t\n<div class=\"is-divider divider clearfix\" ><\/div>\n<p><strong>\u00dcksikasjalikuma n\u00f5u saamiseks v\u00f5tke \u00fchendust:<br \/><\/strong>Biolan Baltic O\u00dc<br \/>M\u00e4e 17<br \/>87001<br \/>Lavassaare, P\u00e4rnumaa<br \/>+372 446 3381<\/p>\n<div class=\"is-divider divider clearfix\" ><\/div>\n\t\t<\/div>\n\t\t\t\t\t<\/div>\n\n\t\n<\/div>\n","protected":false},"excerpt":{"rendered":"","protected":false},"featured_media":15313,"comment_status":"closed","ping_status":"open","template":"","meta":[],"product_brand":[],"product_cat":[2789,2788,2897,2899],"product_tag":[],"class_list":{"0":"post-13953","1":"product","2":"type-product","3":"status-publish","4":"has-post-thumbnail","6":"product_cat-aiatarbed","7":"product_cat-aiatarbed-ja-kodukaubad","8":"product_cat-kompost","9":"product_cat-kuivkaimlad","10":"pa_kaubamark-biolan-baltic-ou","12":"first","13":"instock","14":"sale","15":"taxable","16":"shipping-taxable","17":"purchasable","18":"product-type-simple"},"yoast_head":"<!-- This site is optimized with the Yoast SEO plugin v26.9 - https:\/\/yoast.com\/product\/yoast-seo-wordpress\/ -->\n<title>PRILL-LAUD BIOLAN HUUSSIKKA - Espak E-pood<\/title>\n<meta name=\"robots\" content=\"index, follow, max-snippet:-1, max-image-preview:large, max-video-preview:-1\" \/>\n<link rel=\"canonical\" href=\"https:\/\/espak.ee\/epood\/toode\/prill-laud-biolan-huussikka\/\" \/>\n<meta property=\"og:locale\" content=\"et_EE\" \/>\n<meta property=\"og:type\" content=\"article\" \/>\n<meta property=\"og:title\" content=\"PRILL-LAUD BIOLAN HUUSSIKKA - Espak E-pood\" \/>\n<meta property=\"og:url\" content=\"https:\/\/espak.ee\/epood\/toode\/prill-laud-biolan-huussikka\/\" \/>\n<meta property=\"og:site_name\" content=\"Espak E-pood\" \/>\n<meta property=\"article:modified_time\" content=\"2024-03-22T22:02:34+00:00\" \/>\n<meta property=\"og:image\" content=\"https:\/\/espak.ee\/epood\/wp-content\/uploads\/HUUSSIKKA_-kaan_korval.jpg\" \/>\n\t<meta property=\"og:image:width\" content=\"2048\" \/>\n\t<meta property=\"og:image:height\" content=\"2048\" \/>\n\t<meta property=\"og:image:type\" content=\"image\/jpeg\" \/>\n<meta name=\"twitter:card\" content=\"summary_large_image\" \/>\n<meta name=\"twitter:label1\" content=\"Est. reading time\" \/>\n\t<meta name=\"twitter:data1\" content=\"1 minut\" \/>\n<script type=\"application\/ld+json\" class=\"yoast-schema-graph\">{\"@context\":\"https:\/\/schema.org\",\"@graph\":[{\"@type\":\"WebPage\",\"@id\":\"https:\/\/espak.ee\/epood\/toode\/prill-laud-biolan-huussikka\/\",\"url\":\"https:\/\/espak.ee\/epood\/toode\/prill-laud-biolan-huussikka\/\",\"name\":\"PRILL-LAUD BIOLAN HUUSSIKKA - Espak E-pood\",\"isPartOf\":{\"@id\":\"https:\/\/espak.ee\/epood\/#website\"},\"primaryImageOfPage\":{\"@id\":\"https:\/\/espak.ee\/epood\/toode\/prill-laud-biolan-huussikka\/#primaryimage\"},\"image\":{\"@id\":\"https:\/\/espak.ee\/epood\/toode\/prill-laud-biolan-huussikka\/#primaryimage\"},\"thumbnailUrl\":\"https:\/\/espak.ee\/epood\/wp-content\/uploads\/HUUSSIKKA_-kaan_korval.jpg\",\"datePublished\":\"2020-01-08T01:01:04+00:00\",\"dateModified\":\"2024-03-22T22:02:34+00:00\",\"breadcrumb\":{\"@id\":\"https:\/\/espak.ee\/epood\/toode\/prill-laud-biolan-huussikka\/#breadcrumb\"},\"inLanguage\":\"et\",\"potentialAction\":[{\"@type\":\"ReadAction\",\"target\":[\"https:\/\/espak.ee\/epood\/toode\/prill-laud-biolan-huussikka\/\"]}]},{\"@type\":\"ImageObject\",\"inLanguage\":\"et\",\"@id\":\"https:\/\/espak.ee\/epood\/toode\/prill-laud-biolan-huussikka\/#primaryimage\",\"url\":\"https:\/\/espak.ee\/epood\/wp-content\/uploads\/HUUSSIKKA_-kaan_korval.jpg\",\"contentUrl\":\"https:\/\/espak.ee\/epood\/wp-content\/uploads\/HUUSSIKKA_-kaan_korval.jpg\",\"width\":2048,\"height\":2048},{\"@type\":\"BreadcrumbList\",\"@id\":\"https:\/\/espak.ee\/epood\/toode\/prill-laud-biolan-huussikka\/#breadcrumb\",\"itemListElement\":[{\"@type\":\"ListItem\",\"position\":1,\"name\":\"Home\",\"item\":\"https:\/\/espak.ee\/epood\/\"},{\"@type\":\"ListItem\",\"position\":2,\"name\":\"Tootevalik\",\"item\":\"https:\/\/espak.ee\/epood\/tootevalik\/\"},{\"@type\":\"ListItem\",\"position\":3,\"name\":\"PRILL-LAUD BIOLAN HUUSSIKKA\"}]},{\"@type\":\"WebSite\",\"@id\":\"https:\/\/espak.ee\/epood\/#website\",\"url\":\"https:\/\/espak.ee\/epood\/\",\"name\":\"Espak E-pood\",\"description\":\"\",\"potentialAction\":[{\"@type\":\"SearchAction\",\"target\":{\"@type\":\"EntryPoint\",\"urlTemplate\":\"https:\/\/espak.ee\/epood\/?s={search_term_string}\"},\"query-input\":{\"@type\":\"PropertyValueSpecification\",\"valueRequired\":true,\"valueName\":\"search_term_string\"}}],\"inLanguage\":\"et\"}]}<\/script>\n<!-- \/ Yoast SEO plugin. -->","yoast_head_json":{"title":"PRILL-LAUD BIOLAN HUUSSIKKA - Espak E-pood","robots":{"index":"index","follow":"follow","max-snippet":"max-snippet:-1","max-image-preview":"max-image-preview:large","max-video-preview":"max-video-preview:-1"},"canonical":"https:\/\/espak.ee\/epood\/toode\/prill-laud-biolan-huussikka\/","og_locale":"et_EE","og_type":"article","og_title":"PRILL-LAUD BIOLAN HUUSSIKKA - Espak E-pood","og_url":"https:\/\/espak.ee\/epood\/toode\/prill-laud-biolan-huussikka\/","og_site_name":"Espak E-pood","article_modified_time":"2024-03-22T22:02:34+00:00","og_image":[{"width":2048,"height":2048,"url":"https:\/\/espak.ee\/epood\/wp-content\/uploads\/HUUSSIKKA_-kaan_korval.jpg","type":"image\/jpeg"}],"twitter_card":"summary_large_image","twitter_misc":{"Est. reading time":"1 minut"},"schema":{"@context":"https:\/\/schema.org","@graph":[{"@type":"WebPage","@id":"https:\/\/espak.ee\/epood\/toode\/prill-laud-biolan-huussikka\/","url":"https:\/\/espak.ee\/epood\/toode\/prill-laud-biolan-huussikka\/","name":"PRILL-LAUD BIOLAN HUUSSIKKA - Espak E-pood","isPartOf":{"@id":"https:\/\/espak.ee\/epood\/#website"},"primaryImageOfPage":{"@id":"https:\/\/espak.ee\/epood\/toode\/prill-laud-biolan-huussikka\/#primaryimage"},"image":{"@id":"https:\/\/espak.ee\/epood\/toode\/prill-laud-biolan-huussikka\/#primaryimage"},"thumbnailUrl":"https:\/\/espak.ee\/epood\/wp-content\/uploads\/HUUSSIKKA_-kaan_korval.jpg","datePublished":"2020-01-08T01:01:04+00:00","dateModified":"2024-03-22T22:02:34+00:00","breadcrumb":{"@id":"https:\/\/espak.ee\/epood\/toode\/prill-laud-biolan-huussikka\/#breadcrumb"},"inLanguage":"et","potentialAction":[{"@type":"ReadAction","target":["https:\/\/espak.ee\/epood\/toode\/prill-laud-biolan-huussikka\/"]}]},{"@type":"ImageObject","inLanguage":"et","@id":"https:\/\/espak.ee\/epood\/toode\/prill-laud-biolan-huussikka\/#primaryimage","url":"https:\/\/espak.ee\/epood\/wp-content\/uploads\/HUUSSIKKA_-kaan_korval.jpg","contentUrl":"https:\/\/espak.ee\/epood\/wp-content\/uploads\/HUUSSIKKA_-kaan_korval.jpg","width":2048,"height":2048},{"@type":"BreadcrumbList","@id":"https:\/\/espak.ee\/epood\/toode\/prill-laud-biolan-huussikka\/#breadcrumb","itemListElement":[{"@type":"ListItem","position":1,"name":"Home","item":"https:\/\/espak.ee\/epood\/"},{"@type":"ListItem","position":2,"name":"Tootevalik","item":"https:\/\/espak.ee\/epood\/tootevalik\/"},{"@type":"ListItem","position":3,"name":"PRILL-LAUD BIOLAN HUUSSIKKA"}]},{"@type":"WebSite","@id":"https:\/\/espak.ee\/epood\/#website","url":"https:\/\/espak.ee\/epood\/","name":"Espak E-pood","description":"","potentialAction":[{"@type":"SearchAction","target":{"@type":"EntryPoint","urlTemplate":"https:\/\/espak.ee\/epood\/?s={search_term_string}"},"query-input":{"@type":"PropertyValueSpecification","valueRequired":true,"valueName":"search_term_string"}}],"inLanguage":"et"}]}},"_links":{"self":[{"href":"https:\/\/espak.ee\/epood\/wp-json\/wp\/v2\/product\/13953","targetHints":{"allow":["GET"]}}],"collection":[{"href":"https:\/\/espak.ee\/epood\/wp-json\/wp\/v2\/product"}],"about":[{"href":"https:\/\/espak.ee\/epood\/wp-json\/wp\/v2\/types\/product"}],"replies":[{"embeddable":true,"href":"https:\/\/espak.ee\/epood\/wp-json\/wp\/v2\/comments?post=13953"}],"wp:featuredmedia":[{"embeddable":true,"href":"https:\/\/espak.ee\/epood\/wp-json\/wp\/v2\/media\/15313"}],"wp:attachment":[{"href":"https:\/\/espak.ee\/epood\/wp-json\/wp\/v2\/media?parent=13953"}],"wp:term":[{"taxonomy":"product_brand","embeddable":true,"href":"https:\/\/espak.ee\/epood\/wp-json\/wp\/v2\/product_brand?post=13953"},{"taxonomy":"product_cat","embeddable":true,"href":"https:\/\/espak.ee\/epood\/wp-json\/wp\/v2\/product_cat?post=13953"},{"taxonomy":"product_tag","embeddable":true,"href":"https:\/\/espak.ee\/epood\/wp-json\/wp\/v2\/product_tag?post=13953"}],"curies":[{"name":"wp","href":"https:\/\/api.w.org\/{rel}","templated":true}]}}