{"id":13921,"date":"2020-01-08T03:00:46","date_gmt":"2020-01-08T01:00:46","guid":{"rendered":"https:\/\/espak.ee\/hinnakiri\/?post_type=product&#038;p=13921"},"modified":"2025-06-18T16:45:41","modified_gmt":"2025-06-18T13:45:41","slug":"universaalne-pu-liim-ceresit-cx-10-850ml","status":"publish","type":"product","link":"https:\/\/espak.ee\/epood\/toode\/universaalne-pu-liim-ceresit-cx-10-850ml\/","title":{"rendered":"UNIVERSAALNE PU-LIIM CERESIT CX-10 850ML"},"content":{"rendered":"<div class=\"row\"  id=\"row-812814584\">\n\n\t<div id=\"col-1358295649\" class=\"col medium-9 small-12 large-9\"  >\n\t\t\t\t<div class=\"col-inner\"  >\n\t\t\t\n\t\t\t\n<h2>CX 10 Universaalne PU-liim<\/h2>\n<p>1-k paisuv aerosoolp\u00fcstoliliim.<\/p>\n<div class=\"message-box relative\" style=\"padding-top:15px;padding-bottom:15px;\"><div class=\"message-box-bg-image bg-fill fill\" ><\/div><div class=\"message-box-bg-overlay bg-fill fill\" ><\/div><div class=\"container relative\"><div class=\"inner last-reset\">\n<div class=\"row align-middle align-center\"  id=\"row-208427250\">\n\n\t<div id=\"col-671080159\" class=\"col small-12 large-12\"  >\n\t\t\t\t<div class=\"col-inner text-left\"  >\n\t\t\t\n\t\t\t\n<h4>Omadused<\/h4>\n<div class=\"row\"  id=\"row-2094344310\">\n\n\t<div id=\"col-907309287\" class=\"col medium-6 small-12 large-6\"  >\n\t\t\t\t<div class=\"col-inner\"  >\n\t\t\t\n\t\t\t\n<p><i class=\"fa fa-check fa-2x\"><\/i> <strong>Ehitusplokkide liimimiseks<\/strong><\/p>\n<p><i class=\"fa fa-check fa-2x\"><\/i> <strong>Kips- ja OSB-plaatide seinale liimimiseks<\/strong><\/p>\n\t\t<\/div>\n\t\t\t\t\n<style>\n#col-907309287 > .col-inner {\n  margin: 0px 0px 15px 0px;\n}\n<\/style>\n\t<\/div>\n\n\t\n\n\t<div id=\"col-2038321038\" class=\"col medium-6 small-12 large-6\"  >\n\t\t\t\t<div class=\"col-inner\"  >\n\t\t\t\n\t\t\t\n<p><i class=\"fa fa-check fa-2x\"><\/i> <strong>V\u00e4ikeste aukude t\u00e4itmiseks<\/strong><\/p>\n<p><i class=\"fa fa-check fa-2x\"><\/i> <strong>Pealekantav madalama temperatuuri ja k\u00f5rgema \u00f5huniiskuse puhul<\/strong><\/p>\n\t\t<\/div>\n\t\t\t\t\n<style>\n#col-2038321038 > .col-inner {\n  margin: 0px 0px 15px 0px;\n}\n<\/style>\n\t<\/div>\n\n\t\n<\/div>\n\t\t<\/div>\n\t\t\t\t\t<\/div>\n\n\t\n<\/div>\n<\/div><\/div><\/div>\n\t<div id=\"gap-1263917459\" class=\"gap-element clearfix\" style=\"display:block; height:auto;\">\n\t\t\n<style>\n#gap-1263917459 {\n  padding-top: 30px;\n}\n<\/style>\n\t<\/div>\n\t\n<h3>Kasutamise \u00fcksikasjad<\/h3>\n<p><strong>Kasutusala:<\/strong> \u00dchekomponentne, niiskuse toimel tahkuv, kasutusvalmis, \u00fclit\u00f5hus paisuv universaalliim. Toode v\u00f5imaldab l\u00f5petada t\u00f6\u00f6 m\u00e4rksa v\u00e4iksemate pingutustega, hoides kokku kuni 50% t\u00f6\u00f6aega. V\u00e4listab k\u00fclmasillad ja pakub tugevamat naket, vastates m\u00fc\u00fcrisegudele esitatavatele n\u00f5uetele (EN 998-2). Liim nakkub v\u00e4ga h\u00e4sti enamiku ehitusmaterjalidega nagu puit, betoon, kivi, metall jne. Toode ei sisalda CFC-kandegaase.<\/p>\n<p><strong>Aluspinna ettevalmistus:<\/strong> Ceresit CX 10 nakkub v\u00e4ga h\u00e4sti tugevate ja koormusttaluvate aluspindadega, mis on puhastatud rasvast, tolmust ning muudest nakkumist takistavatest ainetest. K\u00e4rgbetoon peab olema kuiv. Muud aluspinnad v\u00f5ivad olla niisked, kuid kui liimi kasutatakse madalal temperatuuril, ei tohi need olla kaetud h\u00e4rmatise, j\u00e4\u00e4 ega lumega. M\u00e4\u00e4rdunud kohad, materjali nakkumist takistavate ainete j\u00e4\u00e4gid ja muud n\u00f5rgalt aluspinnaga nakkunud kihid tuleb nt survepesuri abil t\u00e4ielikult eemaldada.<\/p>\n<p><strong>T\u00f6\u00f6de k\u00e4ik:<\/strong> Ballooni temperatuur peab olema vahemikus 5\u221230 \u00b0C. Enne kasutamist hoida vahuballooni 12 tundi toatemperatuuril. Enne kasutamist loksutada mahutit tugevasti umbes 20 korda, eemaldada selle ventiilikaitse ja kruvida mahuti p\u00fcstoli k\u00fclge. T\u00e4helepanu! P\u00fcstoli ventiil peab olema kinni keeratud. P\u00e4rast vahuballooni k\u00fclgekeeramist v\u00f5ib p\u00fcstoli ventiili avada ja lasta vaht p\u00e4\u00e4stikule vajutades v\u00e4lja. Liimi pealekandmiseks keerata balloon tagurpidi. Pealekandmise kiirust reguleeritakse p\u00fcstoli p\u00e4\u00e4stiku abil. Pealekandmise ajal tuleb ballooni korrap\u00e4raselt loksutada, et selle sisu seguneks. Ballooni ei ole soovitatav p\u00fcstoli k\u00fcljest eemaldada enne, kui see on t\u00e4iesti t\u00fchi. Kui liimi pealekandmises tekib pause, tuleb balloon j\u00e4tta p\u00fcstoli k\u00fclge, vastasel korral puhastada p\u00fcstol puhastusvahendiga Ceresit TS 100 Premium Cleaner.<br \/>\nK\u00c4RGBETOONPLOKKIDE \u00dcHENDAMINE (vastavad ETA-13\/0639 n\u00f5uetele)<br \/>\n1. Kui aluspind on esimese kihi all ebatasane, tuleb see m\u00f6rdi abil tasandada.<br \/>\n2. N\u00f5uetekohaselt ettevalmistatud aluspinnale kanda piki ploki serva, 3\u20135 cm kaugusele servast 1\u20132 paralleelset 2\u20133 cm l\u00e4bim\u00f5\u00f5duga liimiriba. Kui ploki paksus on alla 11,5 cm, kanda peale \u00fcks riba.<br \/>\n3. Plokid seada paika hiljemalt kolme minuti jooksul p\u00e4rast CX 10 pealekandmist, stabiliseerides ja korrigeerides nende asendit kummihaamri abil.<br \/>\n4. Ploki asendit saab korrigeerida \u00fche minuti jooksul. Kui juba kinnitatud plokki liigutatakse, tuleb peale kanda uus liimikiht.<br \/>\n5. P\u00e4rast iga kihi ladumist tuleb kontrollida selle tasasust.<br \/>\n6. J\u00e4rgmisi t\u00f6id, nt krohvimist, v\u00f5ib alustada kahe tunni p\u00e4rast.<br \/>\nT\u00c4HELEPANU! Mitte \u00fchendada omavahel eba\u00fchtlase kujuga plokke, mille m\u00f5\u00f5tmete tolerants on > 1 mm. Mitte kasutada materjali kandvate seinte, vaid \u00fcksnes vaheseinte p\u00fcstitamiseks.<br \/>\nPLAATIDE, NT KIPS- JA OSB-PLAATIDE LIIMIMINE<br \/>\n1. Kanda liim paralleelsete 2\u20133 cm l\u00e4bim\u00f5\u00f5duga ribadena (j\u00e4ttes ribade vahele 15 cm vahe) piki plaadi vertikaalservi (5 cm kaugusele servast).<br \/>\n2. P\u00e4rast plaadi t\u00e4pset paikaseadmist suruda seda viie minuti jooksul vastu pinda ja lasta materjalil kaks tundi t\u00e4ielikult nakkuda.<br \/>\nAKNALAUDADE PAIGALDAMINE<br \/>\n1. P\u00e4rast aknalaua t\u00e4pset paikaseadmist stabiliseerida seda 45\u221260 minutit. TREPI PAIGALDAMINE<br \/>\n2. Kanda liim peale paralleelsete 2\u20133 cm l\u00e4bim\u00f5\u00f5duga ribadena, j\u00e4ttes ribade vahele 10\u221215 cm vahe. 2. P\u00e4rast trepiastmete \u00f5ige asendi paikaseadmist stabiliseerida neid 45\u221260 minutit.<\/p>\n<p><strong>T\u00e4helepanu:<\/strong> T\u00f6id tuleb teha, kui \u00f5hu ja t\u00f6\u00f6deldava pinna temperatuur on vahemikus 5\u221225 \u00b0C. Kivistunud vahtu hoida UV-kiirguse eest, kattes selle krohvi, v\u00e4rvi jms. Autovedu: keerata mahuti riide sisse ja kinnitada tugevalt pagasiruumis, mitte kabiinis ega salongis. V\u00e4rsked vahuga m\u00e4\u00e4rdunud kohad pesta puhtaks Ceresit TS 100 Premium Cleaneri v\u00f5i atsetooni abil, kivistunud vahtu saab eemaldada \u00fcksnes mehaaniliselt. Ceresit CX 10 sisaldab tervisele kahjulikke aineid. Seet\u00f5ttu tuleb t\u00f6\u00f6tades kasutada kaitseprille ja -kindaid. T\u00f6\u00f6 ajal ei tohi suitsetada ega s\u00fc\u00fca, pakendis sisalduva p\u00f5levgaasi t\u00f5ttu mitte t\u00f6\u00f6tada lahtise tule ega kuumuse l\u00e4hedal. Halva enesetunde korral p\u00f6\u00f6rduda viivitamata arsti poole. Mahuti sisaldab s\u00fcttivat surugaasi, seet\u00f5ttu tuleb v\u00e4ltida selle kuumenemist \u00fcle 50 \u00b0C. Mahutit ei tohi augustada ega tulle visata. Hoida lastele k\u00e4ttesaamatus kohas.<\/p>\n\t\t<\/div>\n\t\t\t\t\t<\/div>\n\n\t\n\n\t<div id=\"col-1782788662\" class=\"col medium-3 small-12 large-3\"  >\n\t\t\t\t<div class=\"col-inner\"  >\n\t\t\t\n\t\t\t\n\t<div id=\"gap-1431506827\" class=\"gap-element clearfix\" style=\"display:block; height:auto;\">\n\t\t\n<style>\n#gap-1431506827 {\n  padding-top: 30px;\n}\n<\/style>\n\t<\/div>\n\t\n<h3>Tehniline informatsioon<\/h3>\n<p><a href=\"https:\/\/espak.ee\/epood\/wp-content\/uploads\/CX10-tooteleht.pdf\" target=\"_blank\" rel=\"noopener noreferrer\"><i class=\"far fa-file-pdf\"><\/i> Tehniline info (PDF)<\/a><\/p>\n<h3>Ohutusalane teave<\/h3>\n<p><a href=\"https:\/\/espak.ee\/epood\/wp-content\/uploads\/CX10-ohutuskaart.pdf\" target=\"_blank\" rel=\"noopener noreferrer\"><i class=\"far fa-file-pdf\"><\/i> Ohutusalane teave (PDF)<\/a><\/p>\n<div class=\"is-divider divider clearfix\" ><\/div>\n<p><strong>\u00dcksikasjalikuma n\u00f5u saamiseks v\u00f5tke \u00fchendust:<br \/><\/strong>Henkel Balti<br \/>S\u00f5bra 56 B<br \/>51013<br \/>Tartu<br \/>+ 372 7305800<\/p>\n<div class=\"is-divider divider clearfix\" ><\/div>\n\t\t<\/div>\n\t\t\t\t\t<\/div>\n\n\t\n<\/div>\n","protected":false},"excerpt":{"rendered":"","protected":false},"featured_media":14629,"comment_status":"closed","ping_status":"open","template":"","meta":[],"product_brand":[],"product_cat":[2703,2708,2710,2683],"product_tag":[],"class_list":{"0":"post-13921","1":"product","2":"type-product","3":"status-publish","4":"has-post-thumbnail","6":"product_cat-ehituskeemia","7":"product_cat-hermeetikud","8":"product_cat-montaazivahud","9":"product_cat-viimistluskaubad","10":"pa_kaubamark-henkel-balti-ou","12":"first","13":"instock","14":"sale","15":"taxable","16":"shipping-taxable","17":"purchasable","18":"product-type-simple"},"yoast_head":"<!-- This site is optimized with the Yoast SEO plugin v26.9 - https:\/\/yoast.com\/product\/yoast-seo-wordpress\/ -->\n<title>UNIVERSAALNE PU-LIIM CERESIT CX-10 850ML - Espak E-pood<\/title>\n<meta name=\"robots\" content=\"index, follow, max-snippet:-1, max-image-preview:large, max-video-preview:-1\" \/>\n<link rel=\"canonical\" href=\"https:\/\/espak.ee\/epood\/toode\/universaalne-pu-liim-ceresit-cx-10-850ml\/\" \/>\n<meta property=\"og:locale\" content=\"et_EE\" \/>\n<meta property=\"og:type\" content=\"article\" \/>\n<meta property=\"og:title\" content=\"UNIVERSAALNE PU-LIIM CERESIT CX-10 850ML - Espak E-pood\" \/>\n<meta property=\"og:url\" content=\"https:\/\/espak.ee\/epood\/toode\/universaalne-pu-liim-ceresit-cx-10-850ml\/\" \/>\n<meta property=\"og:site_name\" content=\"Espak E-pood\" \/>\n<meta property=\"article:modified_time\" content=\"2025-06-18T13:45:41+00:00\" \/>\n<meta property=\"og:image\" content=\"https:\/\/espak.ee\/epood\/wp-content\/uploads\/Ceresit-CX10.jpg\" \/>\n\t<meta property=\"og:image:width\" content=\"2048\" \/>\n\t<meta property=\"og:image:height\" content=\"2048\" \/>\n\t<meta property=\"og:image:type\" content=\"image\/jpeg\" \/>\n<meta name=\"twitter:card\" content=\"summary_large_image\" \/>\n<meta name=\"twitter:label1\" content=\"Est. reading time\" \/>\n\t<meta name=\"twitter:data1\" content=\"4 minutit\" \/>\n<script type=\"application\/ld+json\" class=\"yoast-schema-graph\">{\"@context\":\"https:\/\/schema.org\",\"@graph\":[{\"@type\":\"WebPage\",\"@id\":\"https:\/\/espak.ee\/epood\/toode\/universaalne-pu-liim-ceresit-cx-10-850ml\/\",\"url\":\"https:\/\/espak.ee\/epood\/toode\/universaalne-pu-liim-ceresit-cx-10-850ml\/\",\"name\":\"UNIVERSAALNE PU-LIIM CERESIT CX-10 850ML - Espak E-pood\",\"isPartOf\":{\"@id\":\"https:\/\/espak.ee\/epood\/#website\"},\"primaryImageOfPage\":{\"@id\":\"https:\/\/espak.ee\/epood\/toode\/universaalne-pu-liim-ceresit-cx-10-850ml\/#primaryimage\"},\"image\":{\"@id\":\"https:\/\/espak.ee\/epood\/toode\/universaalne-pu-liim-ceresit-cx-10-850ml\/#primaryimage\"},\"thumbnailUrl\":\"https:\/\/espak.ee\/epood\/wp-content\/uploads\/Ceresit-CX10.jpg\",\"datePublished\":\"2020-01-08T01:00:46+00:00\",\"dateModified\":\"2025-06-18T13:45:41+00:00\",\"breadcrumb\":{\"@id\":\"https:\/\/espak.ee\/epood\/toode\/universaalne-pu-liim-ceresit-cx-10-850ml\/#breadcrumb\"},\"inLanguage\":\"et\",\"potentialAction\":[{\"@type\":\"ReadAction\",\"target\":[\"https:\/\/espak.ee\/epood\/toode\/universaalne-pu-liim-ceresit-cx-10-850ml\/\"]}]},{\"@type\":\"ImageObject\",\"inLanguage\":\"et\",\"@id\":\"https:\/\/espak.ee\/epood\/toode\/universaalne-pu-liim-ceresit-cx-10-850ml\/#primaryimage\",\"url\":\"https:\/\/espak.ee\/epood\/wp-content\/uploads\/Ceresit-CX10.jpg\",\"contentUrl\":\"https:\/\/espak.ee\/epood\/wp-content\/uploads\/Ceresit-CX10.jpg\",\"width\":2048,\"height\":2048},{\"@type\":\"BreadcrumbList\",\"@id\":\"https:\/\/espak.ee\/epood\/toode\/universaalne-pu-liim-ceresit-cx-10-850ml\/#breadcrumb\",\"itemListElement\":[{\"@type\":\"ListItem\",\"position\":1,\"name\":\"Home\",\"item\":\"https:\/\/espak.ee\/epood\/\"},{\"@type\":\"ListItem\",\"position\":2,\"name\":\"Tootevalik\",\"item\":\"https:\/\/espak.ee\/epood\/tootevalik\/\"},{\"@type\":\"ListItem\",\"position\":3,\"name\":\"UNIVERSAALNE PU-LIIM CERESIT CX-10 850ML\"}]},{\"@type\":\"WebSite\",\"@id\":\"https:\/\/espak.ee\/epood\/#website\",\"url\":\"https:\/\/espak.ee\/epood\/\",\"name\":\"Espak E-pood\",\"description\":\"\",\"potentialAction\":[{\"@type\":\"SearchAction\",\"target\":{\"@type\":\"EntryPoint\",\"urlTemplate\":\"https:\/\/espak.ee\/epood\/?s={search_term_string}\"},\"query-input\":{\"@type\":\"PropertyValueSpecification\",\"valueRequired\":true,\"valueName\":\"search_term_string\"}}],\"inLanguage\":\"et\"}]}<\/script>\n<!-- \/ Yoast SEO plugin. -->","yoast_head_json":{"title":"UNIVERSAALNE PU-LIIM CERESIT CX-10 850ML - Espak E-pood","robots":{"index":"index","follow":"follow","max-snippet":"max-snippet:-1","max-image-preview":"max-image-preview:large","max-video-preview":"max-video-preview:-1"},"canonical":"https:\/\/espak.ee\/epood\/toode\/universaalne-pu-liim-ceresit-cx-10-850ml\/","og_locale":"et_EE","og_type":"article","og_title":"UNIVERSAALNE PU-LIIM CERESIT CX-10 850ML - Espak E-pood","og_url":"https:\/\/espak.ee\/epood\/toode\/universaalne-pu-liim-ceresit-cx-10-850ml\/","og_site_name":"Espak E-pood","article_modified_time":"2025-06-18T13:45:41+00:00","og_image":[{"width":2048,"height":2048,"url":"https:\/\/espak.ee\/epood\/wp-content\/uploads\/Ceresit-CX10.jpg","type":"image\/jpeg"}],"twitter_card":"summary_large_image","twitter_misc":{"Est. reading time":"4 minutit"},"schema":{"@context":"https:\/\/schema.org","@graph":[{"@type":"WebPage","@id":"https:\/\/espak.ee\/epood\/toode\/universaalne-pu-liim-ceresit-cx-10-850ml\/","url":"https:\/\/espak.ee\/epood\/toode\/universaalne-pu-liim-ceresit-cx-10-850ml\/","name":"UNIVERSAALNE PU-LIIM CERESIT CX-10 850ML - Espak E-pood","isPartOf":{"@id":"https:\/\/espak.ee\/epood\/#website"},"primaryImageOfPage":{"@id":"https:\/\/espak.ee\/epood\/toode\/universaalne-pu-liim-ceresit-cx-10-850ml\/#primaryimage"},"image":{"@id":"https:\/\/espak.ee\/epood\/toode\/universaalne-pu-liim-ceresit-cx-10-850ml\/#primaryimage"},"thumbnailUrl":"https:\/\/espak.ee\/epood\/wp-content\/uploads\/Ceresit-CX10.jpg","datePublished":"2020-01-08T01:00:46+00:00","dateModified":"2025-06-18T13:45:41+00:00","breadcrumb":{"@id":"https:\/\/espak.ee\/epood\/toode\/universaalne-pu-liim-ceresit-cx-10-850ml\/#breadcrumb"},"inLanguage":"et","potentialAction":[{"@type":"ReadAction","target":["https:\/\/espak.ee\/epood\/toode\/universaalne-pu-liim-ceresit-cx-10-850ml\/"]}]},{"@type":"ImageObject","inLanguage":"et","@id":"https:\/\/espak.ee\/epood\/toode\/universaalne-pu-liim-ceresit-cx-10-850ml\/#primaryimage","url":"https:\/\/espak.ee\/epood\/wp-content\/uploads\/Ceresit-CX10.jpg","contentUrl":"https:\/\/espak.ee\/epood\/wp-content\/uploads\/Ceresit-CX10.jpg","width":2048,"height":2048},{"@type":"BreadcrumbList","@id":"https:\/\/espak.ee\/epood\/toode\/universaalne-pu-liim-ceresit-cx-10-850ml\/#breadcrumb","itemListElement":[{"@type":"ListItem","position":1,"name":"Home","item":"https:\/\/espak.ee\/epood\/"},{"@type":"ListItem","position":2,"name":"Tootevalik","item":"https:\/\/espak.ee\/epood\/tootevalik\/"},{"@type":"ListItem","position":3,"name":"UNIVERSAALNE PU-LIIM CERESIT CX-10 850ML"}]},{"@type":"WebSite","@id":"https:\/\/espak.ee\/epood\/#website","url":"https:\/\/espak.ee\/epood\/","name":"Espak E-pood","description":"","potentialAction":[{"@type":"SearchAction","target":{"@type":"EntryPoint","urlTemplate":"https:\/\/espak.ee\/epood\/?s={search_term_string}"},"query-input":{"@type":"PropertyValueSpecification","valueRequired":true,"valueName":"search_term_string"}}],"inLanguage":"et"}]}},"_links":{"self":[{"href":"https:\/\/espak.ee\/epood\/wp-json\/wp\/v2\/product\/13921","targetHints":{"allow":["GET"]}}],"collection":[{"href":"https:\/\/espak.ee\/epood\/wp-json\/wp\/v2\/product"}],"about":[{"href":"https:\/\/espak.ee\/epood\/wp-json\/wp\/v2\/types\/product"}],"replies":[{"embeddable":true,"href":"https:\/\/espak.ee\/epood\/wp-json\/wp\/v2\/comments?post=13921"}],"wp:featuredmedia":[{"embeddable":true,"href":"https:\/\/espak.ee\/epood\/wp-json\/wp\/v2\/media\/14629"}],"wp:attachment":[{"href":"https:\/\/espak.ee\/epood\/wp-json\/wp\/v2\/media?parent=13921"}],"wp:term":[{"taxonomy":"product_brand","embeddable":true,"href":"https:\/\/espak.ee\/epood\/wp-json\/wp\/v2\/product_brand?post=13921"},{"taxonomy":"product_cat","embeddable":true,"href":"https:\/\/espak.ee\/epood\/wp-json\/wp\/v2\/product_cat?post=13921"},{"taxonomy":"product_tag","embeddable":true,"href":"https:\/\/espak.ee\/epood\/wp-json\/wp\/v2\/product_tag?post=13921"}],"curies":[{"name":"wp","href":"https:\/\/api.w.org\/{rel}","templated":true}]}}