{"id":13834,"date":"2020-01-07T03:01:13","date_gmt":"2020-01-07T01:01:13","guid":{"rendered":"https:\/\/espak.ee\/hinnakiri\/?post_type=product&#038;p=13834"},"modified":"2024-03-23T00:03:25","modified_gmt":"2024-03-22T22:03:25","slug":"spetsiaalne-krunt-ceresit-cn-94-5l","status":"publish","type":"product","link":"https:\/\/espak.ee\/epood\/toode\/spetsiaalne-krunt-ceresit-cn-94-5l\/","title":{"rendered":"SPETSIAALNE KRUNT CERESIT CN-94 5L"},"content":{"rendered":"<div class=\"row\"  id=\"row-1898154361\">\n\n\t<div id=\"col-1910250100\" class=\"col medium-9 small-12 large-9\"  >\n\t\t\t\t<div class=\"col-inner\"  >\n\t\t\t\n\t\t\t\n<h2>CN 94 Spetsiaalne krunt<\/h2>\n<p>Tugev nakkekrunt p\u00f5randatasandussegude, keraamiliste ja looduskiviplaatide kindlaks sidestamiseks kriitilistele pindadele.<\/p>\n<div class=\"message-box relative\" style=\"padding-top:15px;padding-bottom:15px;\"><div class=\"message-box-bg-image bg-fill fill\" ><\/div><div class=\"message-box-bg-overlay bg-fill fill\" ><\/div><div class=\"container relative\"><div class=\"inner last-reset\">\n<div class=\"row align-middle align-center\"  id=\"row-1552240440\">\n\n\t<div id=\"col-19701452\" class=\"col small-12 large-12\"  >\n\t\t\t\t<div class=\"col-inner text-left\"  >\n\t\t\t\n\t\t\t\n<h4>Omadused<\/h4>\n<div class=\"row\"  id=\"row-469649339\">\n\n\t<div id=\"col-318155962\" class=\"col medium-6 small-12 large-6\"  >\n\t\t\t\t<div class=\"col-inner\"  >\n\t\t\t\n\t\t\t\n<p><i class=\"fa fa-check fa-2x\"><\/i> <strong>Kriitilistele pindadele<\/strong><\/p>\n<p><i class=\"fa fa-check fa-2x\"><\/i> <strong>Imavatele ja mitteimavatele pindadele<\/strong><\/p>\n\t\t<\/div>\n\t\t\t\t\n<style>\n#col-318155962 > .col-inner {\n  margin: 0px 0px 15px 0px;\n}\n<\/style>\n\t<\/div>\n\n\t\n\n\t<div id=\"col-1905628358\" class=\"col medium-6 small-12 large-6\"  >\n\t\t\t\t<div class=\"col-inner\"  >\n\t\t\t\n\t\t\t\n<p><i class=\"fa fa-check fa-2x\"><\/i> <strong>Tugev nake<\/strong><\/p>\n<p><i class=\"fa fa-check fa-2x\"><\/i> <strong>Pinda tugevdav toime<\/strong><\/p>\n\t\t<\/div>\n\t\t\t\t\n<style>\n#col-1905628358 > .col-inner {\n  margin: 0px 0px 15px 0px;\n}\n<\/style>\n\t<\/div>\n\n\t\n<\/div>\n\t\t<\/div>\n\t\t\t\t\t<\/div>\n\n\t\n<\/div>\n<\/div><\/div><\/div>\n\t<div id=\"gap-1771561901\" class=\"gap-element clearfix\" style=\"display:block; height:auto;\">\n\t\t\n<style>\n#gap-1771561901 {\n  padding-top: 30px;\n}\n<\/style>\n\t<\/div>\n\t\n<h3>Kasutamise \u00fcksikasjad<\/h3>\n<p><strong>Kasutusala:<\/strong> Spetsiaalne krunt p\u00f5randatasandussegu\/p\u00f5randa ja keraamiliste v\u00f5i looduskiviplaatide vahelise nakke tugevdamiseks rasketel pindadel (n\u00e4it. puit, keraamilised plaadid, dispersioonid, j\u00e4igad epoks\u00fckatted). Kasutatav ka kindlalt nakkuvate liimij\u00e4\u00e4kide v\u00f5i v\u00e4rvkattega vanadel alusp\u00f5randatel.<\/p>\n<p><strong>Aluspinna ettevalmistus:<\/strong> CN 94-ga krunditud pinnad peavad olema kuivad, koormusttaluvad ning vabad naket halvendavatest ainetest nagu rasv, bituumen, tolm jne. Plekid ja n\u00f5rgad kihid tuleb eemaldada. See kehtib ka olemasoleva liimv\u00e4rvi kohta, mis tuleb maha kraapida ja veega \u00e4ra pesta. Kips- ja anh\u00fcdriitpinnad, OSB-plaadid ja tugevad v\u00e4rvikihid lihvitakse j\u00e4meda liivapaberiga \u00fcle, puhastatakse hoolikalt ja k\u00e4iakse tolmuimejaga \u00fcle. K\u00f5ik siledad ja mitteimavad pinnad tuleb k\u00f5igepealt lihvida ja karestada. Soovitusi erinevate pinnat\u00fc\u00fcpide kohta leiate tabelist.<\/p>\n<p><strong>T\u00f6\u00f6de k\u00e4ik:<\/strong> Loksutage pakendi sisu mitu korda. Kontsentraat lahjendatakse veega vahekorras 1 osa CN 94 3 osa vee kohta. Mitteimavate, puidusisaldusega ja asfaltmastikspindade puhul vahendit ei lahjendata. Kandke pinnale \u00f5huke kiht ja ajage pintsliga loike j\u00e4tmata laiali. Kuivamisaeg on s\u00f5ltuvalt aluspinna t\u00fc\u00fcbist 2 kuni 4 tundi. T\u00e4ielikult kuivanud pind peab olema kriimustuskindel. Vastasel korral tuleb kruntimist 24 tunni jooksul korrata. T\u00f6\u00f6riistad ja v\u00e4rsked plekid saab \u00e4ra veega, kuivanud plekid lahustiga.<\/p>\n<p><strong>T\u00e4helepanu:<\/strong> T\u00f6\u00f6tada tuleb kuivades tingimustes, kui \u00f5hu ja aluspinna temperatuur on + 5\u00b0 kuni +25\u00b0C. V\u00e4ltige t\u00f5mbetuult. Vahendit ei tohi valada kanalisatsiooni ega segada teiste lisanditega.<\/p>\n\t\t<\/div>\n\t\t\t\t\t<\/div>\n\n\t\n\n\t<div id=\"col-1942130836\" class=\"col medium-3 small-12 large-3\"  >\n\t\t\t\t<div class=\"col-inner\"  >\n\t\t\t\n\t\t\t\n\t<div id=\"gap-1651683482\" class=\"gap-element clearfix\" style=\"display:block; height:auto;\">\n\t\t\n<style>\n#gap-1651683482 {\n  padding-top: 30px;\n}\n<\/style>\n\t<\/div>\n\t\n<h3>Tehniline informatsioon<\/h3>\n<p><a href=\"https:\/\/espak.ee\/epood\/wp-content\/uploads\/CN94-tooteleht.pdf\" target=\"_blank\" rel=\"noopener noreferrer\"><i class=\"far fa-file-pdf\"><\/i> Tehniline info (PDF)<\/a><\/p>\n<h3>Ohutusalane teave<\/h3>\n<p><a href=\"https:\/\/espak.ee\/epood\/wp-content\/uploads\/CN94-tooteleht.pdf\" target=\"_blank\" rel=\"noopener noreferrer\"><i class=\"far fa-file-pdf\"><\/i> Ohutusalane teave (PDF)<\/a><\/p>\n<div class=\"is-divider divider clearfix\" ><\/div>\n<p><strong>\u00dcksikasjalikuma n\u00f5u saamiseks v\u00f5tke \u00fchendust:<br \/><\/strong>Henkel Balti<br \/>S\u00f5bra 56 B<br \/>51013<br \/>Tartu<br \/>+ 372 7305800<\/p>\n<div class=\"is-divider divider clearfix\" ><\/div>\n\t\t<\/div>\n\t\t\t\t\t<\/div>\n\n\t\n<\/div>\n","protected":false},"excerpt":{"rendered":"","protected":false},"featured_media":14517,"comment_status":"closed","ping_status":"open","template":"","meta":[],"product_brand":[],"product_cat":[2703,2705,2704,2683],"product_tag":[],"class_list":{"0":"post-13834","1":"product","2":"type-product","3":"status-publish","4":"has-post-thumbnail","6":"product_cat-ehituskeemia","7":"product_cat-immutuskrundid","8":"product_cat-krundid-ja-lisandid","9":"product_cat-viimistluskaubad","10":"pa_kaubamark-henkel-balti-ou","12":"first","13":"instock","14":"sale","15":"taxable","16":"shipping-taxable","17":"purchasable","18":"product-type-simple"},"yoast_head":"<!-- This site is optimized with the Yoast SEO plugin v26.9 - https:\/\/yoast.com\/product\/yoast-seo-wordpress\/ -->\n<title>SPETSIAALNE KRUNT CERESIT CN-94 5L - Espak E-pood<\/title>\n<meta name=\"robots\" content=\"index, follow, max-snippet:-1, max-image-preview:large, max-video-preview:-1\" \/>\n<link rel=\"canonical\" href=\"https:\/\/espak.ee\/epood\/toode\/spetsiaalne-krunt-ceresit-cn-94-5l\/\" \/>\n<meta property=\"og:locale\" content=\"et_EE\" \/>\n<meta property=\"og:type\" content=\"article\" \/>\n<meta property=\"og:title\" content=\"SPETSIAALNE KRUNT CERESIT CN-94 5L - Espak E-pood\" \/>\n<meta property=\"og:url\" content=\"https:\/\/espak.ee\/epood\/toode\/spetsiaalne-krunt-ceresit-cn-94-5l\/\" \/>\n<meta property=\"og:site_name\" content=\"Espak E-pood\" \/>\n<meta property=\"article:modified_time\" content=\"2024-03-22T22:03:25+00:00\" \/>\n<meta property=\"og:image\" content=\"https:\/\/espak.ee\/epood\/wp-content\/uploads\/Ceresit-CN94-5L.jpg\" \/>\n\t<meta property=\"og:image:width\" content=\"2048\" \/>\n\t<meta property=\"og:image:height\" content=\"2048\" \/>\n\t<meta property=\"og:image:type\" content=\"image\/jpeg\" \/>\n<meta name=\"twitter:card\" content=\"summary_large_image\" \/>\n<meta name=\"twitter:label1\" content=\"Est. reading time\" \/>\n\t<meta name=\"twitter:data1\" content=\"2 minutit\" \/>\n<script type=\"application\/ld+json\" class=\"yoast-schema-graph\">{\"@context\":\"https:\/\/schema.org\",\"@graph\":[{\"@type\":\"WebPage\",\"@id\":\"https:\/\/espak.ee\/epood\/toode\/spetsiaalne-krunt-ceresit-cn-94-5l\/\",\"url\":\"https:\/\/espak.ee\/epood\/toode\/spetsiaalne-krunt-ceresit-cn-94-5l\/\",\"name\":\"SPETSIAALNE KRUNT CERESIT CN-94 5L - Espak E-pood\",\"isPartOf\":{\"@id\":\"https:\/\/espak.ee\/epood\/#website\"},\"primaryImageOfPage\":{\"@id\":\"https:\/\/espak.ee\/epood\/toode\/spetsiaalne-krunt-ceresit-cn-94-5l\/#primaryimage\"},\"image\":{\"@id\":\"https:\/\/espak.ee\/epood\/toode\/spetsiaalne-krunt-ceresit-cn-94-5l\/#primaryimage\"},\"thumbnailUrl\":\"https:\/\/espak.ee\/epood\/wp-content\/uploads\/Ceresit-CN94-5L.jpg\",\"datePublished\":\"2020-01-07T01:01:13+00:00\",\"dateModified\":\"2024-03-22T22:03:25+00:00\",\"breadcrumb\":{\"@id\":\"https:\/\/espak.ee\/epood\/toode\/spetsiaalne-krunt-ceresit-cn-94-5l\/#breadcrumb\"},\"inLanguage\":\"et\",\"potentialAction\":[{\"@type\":\"ReadAction\",\"target\":[\"https:\/\/espak.ee\/epood\/toode\/spetsiaalne-krunt-ceresit-cn-94-5l\/\"]}]},{\"@type\":\"ImageObject\",\"inLanguage\":\"et\",\"@id\":\"https:\/\/espak.ee\/epood\/toode\/spetsiaalne-krunt-ceresit-cn-94-5l\/#primaryimage\",\"url\":\"https:\/\/espak.ee\/epood\/wp-content\/uploads\/Ceresit-CN94-5L.jpg\",\"contentUrl\":\"https:\/\/espak.ee\/epood\/wp-content\/uploads\/Ceresit-CN94-5L.jpg\",\"width\":2048,\"height\":2048},{\"@type\":\"BreadcrumbList\",\"@id\":\"https:\/\/espak.ee\/epood\/toode\/spetsiaalne-krunt-ceresit-cn-94-5l\/#breadcrumb\",\"itemListElement\":[{\"@type\":\"ListItem\",\"position\":1,\"name\":\"Home\",\"item\":\"https:\/\/espak.ee\/epood\/\"},{\"@type\":\"ListItem\",\"position\":2,\"name\":\"Tootevalik\",\"item\":\"https:\/\/espak.ee\/epood\/tootevalik\/\"},{\"@type\":\"ListItem\",\"position\":3,\"name\":\"SPETSIAALNE KRUNT CERESIT CN-94 5L\"}]},{\"@type\":\"WebSite\",\"@id\":\"https:\/\/espak.ee\/epood\/#website\",\"url\":\"https:\/\/espak.ee\/epood\/\",\"name\":\"Espak E-pood\",\"description\":\"\",\"potentialAction\":[{\"@type\":\"SearchAction\",\"target\":{\"@type\":\"EntryPoint\",\"urlTemplate\":\"https:\/\/espak.ee\/epood\/?s={search_term_string}\"},\"query-input\":{\"@type\":\"PropertyValueSpecification\",\"valueRequired\":true,\"valueName\":\"search_term_string\"}}],\"inLanguage\":\"et\"}]}<\/script>\n<!-- \/ Yoast SEO plugin. -->","yoast_head_json":{"title":"SPETSIAALNE KRUNT CERESIT CN-94 5L - Espak E-pood","robots":{"index":"index","follow":"follow","max-snippet":"max-snippet:-1","max-image-preview":"max-image-preview:large","max-video-preview":"max-video-preview:-1"},"canonical":"https:\/\/espak.ee\/epood\/toode\/spetsiaalne-krunt-ceresit-cn-94-5l\/","og_locale":"et_EE","og_type":"article","og_title":"SPETSIAALNE KRUNT CERESIT CN-94 5L - Espak E-pood","og_url":"https:\/\/espak.ee\/epood\/toode\/spetsiaalne-krunt-ceresit-cn-94-5l\/","og_site_name":"Espak E-pood","article_modified_time":"2024-03-22T22:03:25+00:00","og_image":[{"width":2048,"height":2048,"url":"https:\/\/espak.ee\/epood\/wp-content\/uploads\/Ceresit-CN94-5L.jpg","type":"image\/jpeg"}],"twitter_card":"summary_large_image","twitter_misc":{"Est. reading time":"2 minutit"},"schema":{"@context":"https:\/\/schema.org","@graph":[{"@type":"WebPage","@id":"https:\/\/espak.ee\/epood\/toode\/spetsiaalne-krunt-ceresit-cn-94-5l\/","url":"https:\/\/espak.ee\/epood\/toode\/spetsiaalne-krunt-ceresit-cn-94-5l\/","name":"SPETSIAALNE KRUNT CERESIT CN-94 5L - Espak E-pood","isPartOf":{"@id":"https:\/\/espak.ee\/epood\/#website"},"primaryImageOfPage":{"@id":"https:\/\/espak.ee\/epood\/toode\/spetsiaalne-krunt-ceresit-cn-94-5l\/#primaryimage"},"image":{"@id":"https:\/\/espak.ee\/epood\/toode\/spetsiaalne-krunt-ceresit-cn-94-5l\/#primaryimage"},"thumbnailUrl":"https:\/\/espak.ee\/epood\/wp-content\/uploads\/Ceresit-CN94-5L.jpg","datePublished":"2020-01-07T01:01:13+00:00","dateModified":"2024-03-22T22:03:25+00:00","breadcrumb":{"@id":"https:\/\/espak.ee\/epood\/toode\/spetsiaalne-krunt-ceresit-cn-94-5l\/#breadcrumb"},"inLanguage":"et","potentialAction":[{"@type":"ReadAction","target":["https:\/\/espak.ee\/epood\/toode\/spetsiaalne-krunt-ceresit-cn-94-5l\/"]}]},{"@type":"ImageObject","inLanguage":"et","@id":"https:\/\/espak.ee\/epood\/toode\/spetsiaalne-krunt-ceresit-cn-94-5l\/#primaryimage","url":"https:\/\/espak.ee\/epood\/wp-content\/uploads\/Ceresit-CN94-5L.jpg","contentUrl":"https:\/\/espak.ee\/epood\/wp-content\/uploads\/Ceresit-CN94-5L.jpg","width":2048,"height":2048},{"@type":"BreadcrumbList","@id":"https:\/\/espak.ee\/epood\/toode\/spetsiaalne-krunt-ceresit-cn-94-5l\/#breadcrumb","itemListElement":[{"@type":"ListItem","position":1,"name":"Home","item":"https:\/\/espak.ee\/epood\/"},{"@type":"ListItem","position":2,"name":"Tootevalik","item":"https:\/\/espak.ee\/epood\/tootevalik\/"},{"@type":"ListItem","position":3,"name":"SPETSIAALNE KRUNT CERESIT CN-94 5L"}]},{"@type":"WebSite","@id":"https:\/\/espak.ee\/epood\/#website","url":"https:\/\/espak.ee\/epood\/","name":"Espak E-pood","description":"","potentialAction":[{"@type":"SearchAction","target":{"@type":"EntryPoint","urlTemplate":"https:\/\/espak.ee\/epood\/?s={search_term_string}"},"query-input":{"@type":"PropertyValueSpecification","valueRequired":true,"valueName":"search_term_string"}}],"inLanguage":"et"}]}},"_links":{"self":[{"href":"https:\/\/espak.ee\/epood\/wp-json\/wp\/v2\/product\/13834","targetHints":{"allow":["GET"]}}],"collection":[{"href":"https:\/\/espak.ee\/epood\/wp-json\/wp\/v2\/product"}],"about":[{"href":"https:\/\/espak.ee\/epood\/wp-json\/wp\/v2\/types\/product"}],"replies":[{"embeddable":true,"href":"https:\/\/espak.ee\/epood\/wp-json\/wp\/v2\/comments?post=13834"}],"wp:featuredmedia":[{"embeddable":true,"href":"https:\/\/espak.ee\/epood\/wp-json\/wp\/v2\/media\/14517"}],"wp:attachment":[{"href":"https:\/\/espak.ee\/epood\/wp-json\/wp\/v2\/media?parent=13834"}],"wp:term":[{"taxonomy":"product_brand","embeddable":true,"href":"https:\/\/espak.ee\/epood\/wp-json\/wp\/v2\/product_brand?post=13834"},{"taxonomy":"product_cat","embeddable":true,"href":"https:\/\/espak.ee\/epood\/wp-json\/wp\/v2\/product_cat?post=13834"},{"taxonomy":"product_tag","embeddable":true,"href":"https:\/\/espak.ee\/epood\/wp-json\/wp\/v2\/product_tag?post=13834"}],"curies":[{"name":"wp","href":"https:\/\/api.w.org\/{rel}","templated":true}]}}