{"id":137510,"date":"2022-10-27T03:33:39","date_gmt":"2022-10-27T03:33:39","guid":{"rendered":"https:\/\/espak.ee\/epood\/?post_type=product&#038;p=137510"},"modified":"2024-03-23T02:22:34","modified_gmt":"2024-03-23T00:22:34","slug":"porandakutte-alusplaat-tycroc-uhp20-600120030mm-2","status":"publish","type":"product","link":"https:\/\/espak.ee\/epood\/toode\/porandakutte-alusplaat-tycroc-uhp20-600120030mm-2\/","title":{"rendered":"P\u00d5RANDAK\u00dcTTE ALUSPLAAT TYCROC UHP20 600*1200*30MM"},"content":{"rendered":"<div class=\"row\"  id=\"row-232880090\">\n\n\t<div id=\"col-1009499811\" class=\"col medium-9 small-12 large-9\"  >\n\t\t\t\t<div class=\"col-inner\"  >\n\t\t\t\n\t\t\t\n<h3>P\u00f5randak\u00fctte alusplaat TYCROC UHP20 1200x600x30mm<\/h3>\n<p>P\u00f5randak\u00fctte alusplaat Tycroc UHP on v\u00e4ljat\u00f6\u00f6tatud eesm\u00e4rgiga lihtsustada ning kiirendada nii vesi- kui ka elektrip\u00f5randak\u00fctte paigaldamist, v\u00f5imaldades seda teha betoonivalu vabalt.  Tycroc UHP sobib ka betoonkonstruktsioonile paigaldamiseks, kuid t\u00e4nu v\u00e4ikesele ruutmeetri kaalule lisab lahendus erilist lisav\u00e4\u00e4rtust just puitkonstruktsioonide \/ puitehitiste puhul. Ekstrudeeritud pol\u00fcst\u00fcreenvahtplaat (inglisekeelne l\u00fchend XPS foam), millesse on spetsiaalselt k\u00fcttetorude v\u00f5i -kaablite tarvis l\u00f5igatud kanalid, takistab soojusel kanduda alla poole ning plaadi peale liimitud alumiiniumfoolium on heaks soojusjaoturiks p\u00f5randakattematerjalide all.<\/p>\n<div class=\"message-box relative\" style=\"padding-top:15px;padding-bottom:15px;\"><div class=\"message-box-bg-image bg-fill fill\" ><\/div><div class=\"message-box-bg-overlay bg-fill fill\" ><\/div><div class=\"container relative\"><div class=\"inner last-reset\">\n<div class=\"row align-middle align-center\"  id=\"row-66418384\">\n\n\t<div id=\"col-2038049979\" class=\"col small-12 large-12\"  >\n\t\t\t\t<div class=\"col-inner text-left\"  >\n\t\t\t\n\t\t\t\n<div class=\"row\"  id=\"row-493770906\">\n\n\t<div id=\"col-1283383844\" class=\"col medium-6 small-12 large-6\"  >\n\t\t\t\t<div class=\"col-inner\"  >\n\t\t\t\n\t\t\t\n<p><i class=\"fa fa-check fa-2x\"><\/i> Tycroc UHP sobib paigaldamiseks k\u00f5ikidele enamlevinud kandvatele aluspindadele, j\u00e4ttes \u00e4ra kulukad ja ajamahukad valut\u00f6\u00f6d<\/p>\n<p><i class=\"fa fa-check fa-2x\"><\/i> Paigaldus on lihtne, kiire ja puhas<\/p>\n\t\t<\/div>\n\t\t\t\t\n<style>\n#col-1283383844 > .col-inner {\n  margin: 10px 0px 15px 0px;\n}\n<\/style>\n\t<\/div>\n\n\t\n\n\t<div id=\"col-444780674\" class=\"col medium-6 small-12 large-6\"  >\n\t\t\t\t<div class=\"col-inner\"  >\n\t\t\t\n\t\t\t\n<p><i class=\"fa fa-check fa-2x\"><\/i> Kiiresti reageeriv temperatuuri reguleerimisele<\/p>\n<p><i class=\"fa fa-check fa-2x\"><\/i> Tycroc UHP p\u00f5himaterjal XPS on suletud pooridega ja veekindel, seega toode sobib h\u00e4sti ka m\u00e4rgade ruumide p\u00f5randate ehitamiseks<\/p>\n\t\t<\/div>\n\t\t\t\t\n<style>\n#col-444780674 > .col-inner {\n  margin: 10px 0px 15px 0px;\n}\n<\/style>\n\t<\/div>\n\n\t\n<\/div>\n\t\t<\/div>\n\t\t\t\t\t<\/div>\n\n\t\n<\/div>\n<\/div><\/div><\/div>\n\t<div id=\"gap-1991531869\" class=\"gap-element clearfix\" style=\"display:block; height:auto;\">\n\t\t\n<style>\n#gap-1991531869 {\n  padding-top: 30px;\n}\n<\/style>\n\t<\/div>\n\t\n<p><strong>Omadused ja eelised:<\/strong> Tycroc UHP sobib paigaldamiseks k\u00f5ikidele enamlevinud kandvatele aluspindadele, j\u00e4ttes \u00e4ra kulukad ja ajamahukad valut\u00f6\u00f6d. Paigaldus on lihtne, kiire ja puhas ning ei vaja t\u00e4iendavat kuivamisaega (nagu n\u00e4iteks betoonivalu). Kiiresti reageeriv temperatuuri reguleerimisele \u2013 kuna lahendus v\u00f5imaldab p\u00f5randakattematerjali paigaldada otse Tycroc UHP plaatide peale, siis t\u00e4nu v\u00e4iksemale vahemaale k\u00fcttekeha ja p\u00f5randakattematerjali vahel ning v\u00e4iksemale soojuslikule massile, eraldub soojus kiiremini ja t\u00f5husamalt ehk lahendus pakub reaalset k\u00fcttekulude kokkuhoiu v\u00f5imalust. Betoonivalu lahenduse puhul on inerts suur (kohati 12-24 tundi), mis tegelikkuses v\u00e4listab energia kokkuhoiu siseruumi temperatuuri pideval reguleerimisel. 1\u02daC madalam toatemperatuur annab ca 5% energias\u00e4\u00e4stu. P\u00e4eval on inimesed enamasti kodust \u00e4ra ja ka valdavalt \u00f6isel ajal v\u00f5ib siseruumi temperatuur madalam olla, seega suhteliselt tihe reguleerimise p\u00f5hjus ja energias\u00e4\u00e4stu v\u00f5imalus on t\u00e4iesti olemas. Soovitatav k\u00fcttevee temperatuur torudes on 35-40 \u00b0C ja kaabli puhul tuleb p\u00f5randa temperatuur reguleerida termostaadiga max 28 \u00b0C peale (parketi tootjate n\u00f5ue). V\u00f5rreldes traditsiooniliste materjalimahukate lahendustega on meie lahendus ka m\u00e4rgatavalt kergem (plaadi kaal alates  0,89 kg\/m\u00b2) ja madalama paigaldusk\u00f5rgusega (plaadi paksus 20 mm, 25 mm v\u00f5i 30 mm). XPS-plaat on heade soojusisolatsiooni n\u00e4itajatega, andes sellega lisasoojustust p\u00f5randatele, kus soojusisolatsioon ei ole piisav v\u00f5i lausa tegemata. Tycroc UHP p\u00f5himaterjal XPS on suletud pooridega ja veekindel, seega toode sobib h\u00e4sti ka m\u00e4rgade ruumide p\u00f5randate ehitamiseks. <\/p>\n<p><strong>Kasutuskohad:<\/strong> Lahendus sobib nii renoveerimist\u00f6\u00f6del kui ka uue hoone ehitamisel. P\u00f5randak\u00fctte alusplaate v\u00f5ib paigaldada igasugusele kandvale aluspinnale, mis oleks tasane, kuiv, tugev, j\u00e4ik ja stabiilne. Hilisema ujuva pinnakatte puhul v\u00f5ib Tycroc UHP plaadid puitp\u00f5randale kinnitada ka puidukruvide ja Tycroc kinnitusseibidega, muul juhul kasutada Tycroc Fast FIX akr\u00fc\u00fclliimi v\u00f5i vastavalt aluspinnale ja plastkatte liimimiseks sobivat plaatimissegu. Liimimise teel paigaldatud Tycroc UHP tagab j\u00e4igema ja stabiilsema aluspinna p\u00f5randakattematerjali all ning aitab kaasa sammum\u00fcra isoleerimisel.<br \/>\nTycroc UHP sobib k\u00f5ikide enamlevinud p\u00f5randakatete alla, sh parkett, puit, keraamiline p\u00f5randaplaat v\u00f5i looduskivi. Vajadusel saab Tycroc UHP katta betooni- v\u00f5i kipsivaluga ning erinevate kuivp\u00f5randa valmiselementidega, sh. kipskiudplaat, tsementkiudplaat v\u00f5i kipskartongplaat. Parkett-, laminaat- ja puitp\u00f5rand paigaldatakse (koos parketi alusvaibaga) otse Tycroc UHP peale ujuvalt ning keraamiline p\u00f5randaplaat ja looduskivi liimitakse vastava plaatimisseguga.\n<\/p>\n\t\t<\/div>\n\t\t\t\t\t<\/div>\n\n\t\n\n\t<div id=\"col-1044314408\" class=\"col medium-3 small-12 large-3\"  >\n\t\t\t\t<div class=\"col-inner\"  >\n\t\t\t\n\t\t\t\n\t<div id=\"gap-290021832\" class=\"gap-element clearfix\" style=\"display:block; height:auto;\">\n\t\t\n<style>\n#gap-290021832 {\n  padding-top: 30px;\n}\n<\/style>\n\t<\/div>\n\t\n<h3>Paigaldusjuhend<\/h3>\n<p><a href=\"https:\/\/espak.ee\/epood\/wp-content\/uploads\/2022\/10\/UHP_EE_22.pdf\"target=\"_blank\" rel=\"noopener noreferrer\"><i class=\"far fa-file-pdf\"><\/i> Paigaldusjuhend (PDF)<\/a><\/p>\n<div class=\"is-divider divider clearfix\" ><\/div>\n<p><strong>\u00dcksikasjalikuma n\u00f5u saamiseks v\u00f5tke \u00fchendust:<br \/><\/strong>Espak AS<br \/>Viadukti 42<br \/>11313<br \/>Tallinn<br \/>+372 6 512333<\/p>\n\t\t<\/div>\n\t\t\t\t\t<\/div>\n\n\t\n<\/div>\n","protected":false},"excerpt":{"rendered":"","protected":false},"featured_media":137644,"comment_status":"closed","ping_status":"closed","template":"","meta":[],"product_brand":[],"product_cat":[2910,2912,2911,2697],"product_tag":[],"class_list":{"0":"post-137510","1":"product","2":"type-product","3":"status-publish","4":"has-post-thumbnail","6":"product_cat-ehitusplaadid","7":"product_cat-sisetoodeplaadid","8":"product_cat-tsementkiudplaadid","9":"product_cat-uldehitus","10":"pa_kaubamark-tycroc-ou","12":"first","13":"instock","14":"sale","15":"taxable","16":"shipping-taxable","17":"purchasable","18":"product-type-simple"},"yoast_head":"<!-- This site is optimized with the Yoast SEO plugin v26.9 - https:\/\/yoast.com\/product\/yoast-seo-wordpress\/ -->\n<title>P\u00d5RANDAK\u00dcTTE ALUSPLAAT TYCROC UHP20 600*1200*30MM - Espak E-pood<\/title>\n<meta name=\"robots\" content=\"index, follow, max-snippet:-1, max-image-preview:large, max-video-preview:-1\" \/>\n<link rel=\"canonical\" href=\"https:\/\/espak.ee\/epood\/toode\/porandakutte-alusplaat-tycroc-uhp20-600120030mm-2\/\" \/>\n<meta property=\"og:locale\" content=\"et_EE\" \/>\n<meta property=\"og:type\" content=\"article\" \/>\n<meta property=\"og:title\" content=\"P\u00d5RANDAK\u00dcTTE ALUSPLAAT TYCROC UHP20 600*1200*30MM - Espak E-pood\" \/>\n<meta property=\"og:url\" content=\"https:\/\/espak.ee\/epood\/toode\/porandakutte-alusplaat-tycroc-uhp20-600120030mm-2\/\" \/>\n<meta property=\"og:site_name\" content=\"Espak E-pood\" \/>\n<meta property=\"article:modified_time\" content=\"2024-03-23T00:22:34+00:00\" \/>\n<meta property=\"og:image\" content=\"https:\/\/espak.ee\/epood\/wp-content\/uploads\/2022\/10\/UHP16web-othid5qot62tjimsyksk5djbn26nxvrndr88l2wgoc.jpg\" \/>\n\t<meta property=\"og:image:width\" content=\"800\" \/>\n\t<meta property=\"og:image:height\" content=\"800\" \/>\n\t<meta property=\"og:image:type\" content=\"image\/jpeg\" \/>\n<meta name=\"twitter:card\" content=\"summary_large_image\" \/>\n<meta name=\"twitter:label1\" content=\"Est. reading time\" \/>\n\t<meta name=\"twitter:data1\" content=\"3 minutit\" \/>\n<script type=\"application\/ld+json\" class=\"yoast-schema-graph\">{\"@context\":\"https:\/\/schema.org\",\"@graph\":[{\"@type\":\"WebPage\",\"@id\":\"https:\/\/espak.ee\/epood\/toode\/porandakutte-alusplaat-tycroc-uhp20-600120030mm-2\/\",\"url\":\"https:\/\/espak.ee\/epood\/toode\/porandakutte-alusplaat-tycroc-uhp20-600120030mm-2\/\",\"name\":\"P\u00d5RANDAK\u00dcTTE ALUSPLAAT TYCROC UHP20 600*1200*30MM - Espak E-pood\",\"isPartOf\":{\"@id\":\"https:\/\/espak.ee\/epood\/#website\"},\"primaryImageOfPage\":{\"@id\":\"https:\/\/espak.ee\/epood\/toode\/porandakutte-alusplaat-tycroc-uhp20-600120030mm-2\/#primaryimage\"},\"image\":{\"@id\":\"https:\/\/espak.ee\/epood\/toode\/porandakutte-alusplaat-tycroc-uhp20-600120030mm-2\/#primaryimage\"},\"thumbnailUrl\":\"https:\/\/espak.ee\/epood\/wp-content\/uploads\/2022\/10\/UHP16web-othid5qot62tjimsyksk5djbn26nxvrndr88l2wgoc.jpg\",\"datePublished\":\"2022-10-27T03:33:39+00:00\",\"dateModified\":\"2024-03-23T00:22:34+00:00\",\"breadcrumb\":{\"@id\":\"https:\/\/espak.ee\/epood\/toode\/porandakutte-alusplaat-tycroc-uhp20-600120030mm-2\/#breadcrumb\"},\"inLanguage\":\"et\",\"potentialAction\":[{\"@type\":\"ReadAction\",\"target\":[\"https:\/\/espak.ee\/epood\/toode\/porandakutte-alusplaat-tycroc-uhp20-600120030mm-2\/\"]}]},{\"@type\":\"ImageObject\",\"inLanguage\":\"et\",\"@id\":\"https:\/\/espak.ee\/epood\/toode\/porandakutte-alusplaat-tycroc-uhp20-600120030mm-2\/#primaryimage\",\"url\":\"https:\/\/espak.ee\/epood\/wp-content\/uploads\/2022\/10\/UHP16web-othid5qot62tjimsyksk5djbn26nxvrndr88l2wgoc.jpg\",\"contentUrl\":\"https:\/\/espak.ee\/epood\/wp-content\/uploads\/2022\/10\/UHP16web-othid5qot62tjimsyksk5djbn26nxvrndr88l2wgoc.jpg\",\"width\":800,\"height\":800},{\"@type\":\"BreadcrumbList\",\"@id\":\"https:\/\/espak.ee\/epood\/toode\/porandakutte-alusplaat-tycroc-uhp20-600120030mm-2\/#breadcrumb\",\"itemListElement\":[{\"@type\":\"ListItem\",\"position\":1,\"name\":\"Home\",\"item\":\"https:\/\/espak.ee\/epood\/\"},{\"@type\":\"ListItem\",\"position\":2,\"name\":\"Tootevalik\",\"item\":\"https:\/\/espak.ee\/epood\/tootevalik\/\"},{\"@type\":\"ListItem\",\"position\":3,\"name\":\"P\u00d5RANDAK\u00dcTTE ALUSPLAAT TYCROC UHP20 600*1200*30MM\"}]},{\"@type\":\"WebSite\",\"@id\":\"https:\/\/espak.ee\/epood\/#website\",\"url\":\"https:\/\/espak.ee\/epood\/\",\"name\":\"Espak E-pood\",\"description\":\"\",\"potentialAction\":[{\"@type\":\"SearchAction\",\"target\":{\"@type\":\"EntryPoint\",\"urlTemplate\":\"https:\/\/espak.ee\/epood\/?s={search_term_string}\"},\"query-input\":{\"@type\":\"PropertyValueSpecification\",\"valueRequired\":true,\"valueName\":\"search_term_string\"}}],\"inLanguage\":\"et\"}]}<\/script>\n<!-- \/ Yoast SEO plugin. -->","yoast_head_json":{"title":"P\u00d5RANDAK\u00dcTTE ALUSPLAAT TYCROC UHP20 600*1200*30MM - Espak E-pood","robots":{"index":"index","follow":"follow","max-snippet":"max-snippet:-1","max-image-preview":"max-image-preview:large","max-video-preview":"max-video-preview:-1"},"canonical":"https:\/\/espak.ee\/epood\/toode\/porandakutte-alusplaat-tycroc-uhp20-600120030mm-2\/","og_locale":"et_EE","og_type":"article","og_title":"P\u00d5RANDAK\u00dcTTE ALUSPLAAT TYCROC UHP20 600*1200*30MM - Espak E-pood","og_url":"https:\/\/espak.ee\/epood\/toode\/porandakutte-alusplaat-tycroc-uhp20-600120030mm-2\/","og_site_name":"Espak E-pood","article_modified_time":"2024-03-23T00:22:34+00:00","og_image":[{"width":800,"height":800,"url":"https:\/\/espak.ee\/epood\/wp-content\/uploads\/2022\/10\/UHP16web-othid5qot62tjimsyksk5djbn26nxvrndr88l2wgoc.jpg","type":"image\/jpeg"}],"twitter_card":"summary_large_image","twitter_misc":{"Est. reading time":"3 minutit"},"schema":{"@context":"https:\/\/schema.org","@graph":[{"@type":"WebPage","@id":"https:\/\/espak.ee\/epood\/toode\/porandakutte-alusplaat-tycroc-uhp20-600120030mm-2\/","url":"https:\/\/espak.ee\/epood\/toode\/porandakutte-alusplaat-tycroc-uhp20-600120030mm-2\/","name":"P\u00d5RANDAK\u00dcTTE ALUSPLAAT TYCROC UHP20 600*1200*30MM - Espak E-pood","isPartOf":{"@id":"https:\/\/espak.ee\/epood\/#website"},"primaryImageOfPage":{"@id":"https:\/\/espak.ee\/epood\/toode\/porandakutte-alusplaat-tycroc-uhp20-600120030mm-2\/#primaryimage"},"image":{"@id":"https:\/\/espak.ee\/epood\/toode\/porandakutte-alusplaat-tycroc-uhp20-600120030mm-2\/#primaryimage"},"thumbnailUrl":"https:\/\/espak.ee\/epood\/wp-content\/uploads\/2022\/10\/UHP16web-othid5qot62tjimsyksk5djbn26nxvrndr88l2wgoc.jpg","datePublished":"2022-10-27T03:33:39+00:00","dateModified":"2024-03-23T00:22:34+00:00","breadcrumb":{"@id":"https:\/\/espak.ee\/epood\/toode\/porandakutte-alusplaat-tycroc-uhp20-600120030mm-2\/#breadcrumb"},"inLanguage":"et","potentialAction":[{"@type":"ReadAction","target":["https:\/\/espak.ee\/epood\/toode\/porandakutte-alusplaat-tycroc-uhp20-600120030mm-2\/"]}]},{"@type":"ImageObject","inLanguage":"et","@id":"https:\/\/espak.ee\/epood\/toode\/porandakutte-alusplaat-tycroc-uhp20-600120030mm-2\/#primaryimage","url":"https:\/\/espak.ee\/epood\/wp-content\/uploads\/2022\/10\/UHP16web-othid5qot62tjimsyksk5djbn26nxvrndr88l2wgoc.jpg","contentUrl":"https:\/\/espak.ee\/epood\/wp-content\/uploads\/2022\/10\/UHP16web-othid5qot62tjimsyksk5djbn26nxvrndr88l2wgoc.jpg","width":800,"height":800},{"@type":"BreadcrumbList","@id":"https:\/\/espak.ee\/epood\/toode\/porandakutte-alusplaat-tycroc-uhp20-600120030mm-2\/#breadcrumb","itemListElement":[{"@type":"ListItem","position":1,"name":"Home","item":"https:\/\/espak.ee\/epood\/"},{"@type":"ListItem","position":2,"name":"Tootevalik","item":"https:\/\/espak.ee\/epood\/tootevalik\/"},{"@type":"ListItem","position":3,"name":"P\u00d5RANDAK\u00dcTTE ALUSPLAAT TYCROC UHP20 600*1200*30MM"}]},{"@type":"WebSite","@id":"https:\/\/espak.ee\/epood\/#website","url":"https:\/\/espak.ee\/epood\/","name":"Espak E-pood","description":"","potentialAction":[{"@type":"SearchAction","target":{"@type":"EntryPoint","urlTemplate":"https:\/\/espak.ee\/epood\/?s={search_term_string}"},"query-input":{"@type":"PropertyValueSpecification","valueRequired":true,"valueName":"search_term_string"}}],"inLanguage":"et"}]}},"_links":{"self":[{"href":"https:\/\/espak.ee\/epood\/wp-json\/wp\/v2\/product\/137510","targetHints":{"allow":["GET"]}}],"collection":[{"href":"https:\/\/espak.ee\/epood\/wp-json\/wp\/v2\/product"}],"about":[{"href":"https:\/\/espak.ee\/epood\/wp-json\/wp\/v2\/types\/product"}],"replies":[{"embeddable":true,"href":"https:\/\/espak.ee\/epood\/wp-json\/wp\/v2\/comments?post=137510"}],"wp:featuredmedia":[{"embeddable":true,"href":"https:\/\/espak.ee\/epood\/wp-json\/wp\/v2\/media\/137644"}],"wp:attachment":[{"href":"https:\/\/espak.ee\/epood\/wp-json\/wp\/v2\/media?parent=137510"}],"wp:term":[{"taxonomy":"product_brand","embeddable":true,"href":"https:\/\/espak.ee\/epood\/wp-json\/wp\/v2\/product_brand?post=137510"},{"taxonomy":"product_cat","embeddable":true,"href":"https:\/\/espak.ee\/epood\/wp-json\/wp\/v2\/product_cat?post=137510"},{"taxonomy":"product_tag","embeddable":true,"href":"https:\/\/espak.ee\/epood\/wp-json\/wp\/v2\/product_tag?post=137510"}],"curies":[{"name":"wp","href":"https:\/\/api.w.org\/{rel}","templated":true}]}}