{"id":137498,"date":"2022-10-27T00:58:34","date_gmt":"2022-10-27T00:58:34","guid":{"rendered":"https:\/\/espak.ee\/epood\/?post_type=product&#038;p=137498"},"modified":"2024-03-23T02:22:36","modified_gmt":"2024-03-23T00:22:36","slug":"ehitusplaat-tycroc-twp-406002500mm","status":"publish","type":"product","link":"https:\/\/espak.ee\/epood\/toode\/ehitusplaat-tycroc-twp-406002500mm\/","title":{"rendered":"EHITUSPLAAT TYCROC TWP 40*600*2500MM"},"content":{"rendered":"<div class=\"row\"  id=\"row-876128632\">\n\n\t<div id=\"col-1305873787\" class=\"col medium-9 small-12 large-9\"  >\n\t\t\t\t<div class=\"col-inner\"  >\n\t\t\t\n\t\t\t\n<h3>Ehitusplaat TYCROC TWP40 2500x600x40mm<\/h3>\n<p>Tycroc TWP sisuks on ekstrudeeritud pol\u00fcst\u00fcreen (inglise keelne l\u00fchend XPS foam). Et tagada plaadi j\u00e4ikus ja vastupidavus on veekindel vahts\u00fcdamik kaetud pol\u00fcmeertsementkihiga, mille peal on klaaskiud-armeerimisv\u00f5rk ja seej\u00e4rel pol\u00fcmeertsemendi teine kiht. Selline pind on koheselt valmis viimistlust\u00f6\u00f6deks: n\u00e4iteks keraamiliste plaatide ja looduskiviga katmiseks, pahtelduseks ja v\u00e4rvimiseks, mikrotsemendiga katmiseks v\u00f5i muul viisil viimistlemiseks. <\/p>\n<div class=\"message-box relative\" style=\"padding-top:15px;padding-bottom:15px;\"><div class=\"message-box-bg-image bg-fill fill\" ><\/div><div class=\"message-box-bg-overlay bg-fill fill\" ><\/div><div class=\"container relative\"><div class=\"inner last-reset\">\n<div class=\"row align-middle align-center\"  id=\"row-777276858\">\n\n\t<div id=\"col-1704948531\" class=\"col small-12 large-12\"  >\n\t\t\t\t<div class=\"col-inner text-left\"  >\n\t\t\t\n\t\t\t\n<div class=\"row\"  id=\"row-1037617149\">\n\n\t<div id=\"col-1630407580\" class=\"col medium-6 small-12 large-6\"  >\n\t\t\t\t<div class=\"col-inner\"  >\n\t\t\t\n\t\t\t\n<p><i class=\"fa fa-check fa-2x\"><\/i> Toode on h\u00fcdrofoobne ehk vett mitte l\u00e4bilaskev ning t\u00e4iendavalt h\u00fcdroisolatsiooniga katmist ei vaja<\/p>\n<p><i class=\"fa fa-check fa-2x\"><\/i> Paigaldus on lihtne<\/p>\n\t\t<\/div>\n\t\t\t\t\n<style>\n#col-1630407580 > .col-inner {\n  margin: 10px 0px 15px 0px;\n}\n<\/style>\n\t<\/div>\n\n\t\n\n\t<div id=\"col-444778197\" class=\"col medium-6 small-12 large-6\"  >\n\t\t\t\t<div class=\"col-inner\"  >\n\t\t\t\n\t\t\t\n<p><i class=\"fa fa-check fa-2x\"><\/i> Vastupidav nii ehitamise k\u00e4igus kui ka juba paigaldatud kujul<\/p>\n<p><i class=\"fa fa-check fa-2x\"><\/i> Garanteeritud vee- ja niiskuskindlus l\u00e4bivalt (tavalise h\u00fcdroisolatsiooniga kaetakse ja kaitstakse \u00fcldjuhul vaid materjali \u00fcks pool)<\/p>\n\t\t<\/div>\n\t\t\t\t\n<style>\n#col-444778197 > .col-inner {\n  margin: 10px 0px 15px 0px;\n}\n<\/style>\n\t<\/div>\n\n\t\n<\/div>\n\t\t<\/div>\n\t\t\t\t\t<\/div>\n\n\t\n<\/div>\n<\/div><\/div><\/div>\n\t<div id=\"gap-1026661483\" class=\"gap-element clearfix\" style=\"display:block; height:auto;\">\n\t\t\n<style>\n#gap-1026661483 {\n  padding-top: 30px;\n}\n<\/style>\n\t<\/div>\n\t\n<p><strong>Omadused ja eelised:<\/strong> Tycroc TWP ehitusplaat on veekindel ja vett blokeeriv ehk ei lase endast l\u00e4bi vett ega niiskust. Plaat on kaalult kerge ja h\u00f5lpsasti paigaldatav (12 mm plaat kaalub ca 3kg\/m\u00b2). Peamised eelised t\u00e4naste levinud niiskete ruumide ehituslahenduste ees on lihtsus ja kiirus ning teadmine, et toode on suletud pooridega ( 0 kapillaarsus), s.t vesi materjali sisse ega l\u00e4bi ei p\u00e4\u00e4se.<\/p>\n<p>Ehitusturul pakutakse erinevaid niiskus- ja veekindlaid materjale, kuid tihti aetakse siinkohal segamini m\u00f5isted niiskuskindel \/ veekindel ning niiskust v\u00f5i vett blokeeriv. Niiskus- v\u00f5i veekindluse all m\u00f5eldakse \u00fcldjuhul fakti, et toode ja selle omadused ei muutu pidevas niiskes keskkonnas, kuid see ei t\u00e4henda \u00fchtlasi, et see toode on tingimata ka vett mitte imav ja mitte l\u00e4bilaskev.<\/p>\n<p>M\u00f5ned argumendid, miks kasutada Tycroc TWP ehitusplaati:<br \/>\n\u2013 toode on h\u00fcdrofoobne ehk vett mitte l\u00e4bilaskev ning t\u00e4iendavalt h\u00fcdroisolatsiooniga katmist ei vaja<br \/>\n\u2013 reaalne ajaline ja rahaline kokkuhoid (j\u00e4\u00e4b \u00e4ra h\u00fcdroisolatsiooni pealekandmine ja selle kuivamine)<br \/>\n\u2013 lihtne paigaldada<br \/>\n\u2013 kerge transportida ja t\u00f5sta (n\u00e4iteks erinevate korruste v\u00f5i ruumide vahel liikudes)<br \/>\n\u2013 vastupidav nii ehitamise k\u00e4igus kui ka juba paigaldatud kujul<br \/>\n\u2013 v\u00e4ga suur kasutusvaldkond (v\u00f5imalus teha erinevaid vorme, kaardus seinu, lagesid, kumeraid istmeid jms.)<br \/>\n\u2013 t\u00f6\u00f6tlemisel\/paigaldamisel ei tolma ega m\u00e4\u00e4ri (puudub pideva koristamise vajadus)<br \/>\n\u2013 ka paigaldatuna tolmuvaba materjal (lisav\u00e4\u00e4rtus astmaatikutele)<br \/>\n\u2013 paigaldust saab teostada ka \u00fcks ehitusmees \u2013 v\u00f5it ajas ja rahas<br \/>\n\u2013 p\u00f5leb halvasti ja p\u00f5lemise k\u00e4igus ei erita m\u00fcrgiseid gaase \u2013 tulekindluse euroklass E<br \/>\n\u2013 garanteeritud vee- ja niiskuskindlus l\u00e4bivalt (tavalise h\u00fcdroisolatsiooniga kaetakse ja kaitstakse \u00fcldjuhul vaid materjali \u00fcks pool)<br \/>\n\u2013 niiskus muudab populaarse ehitusmaterjali kipsplaadi kasvulavaks m\u00fcrgistele seentele<\/p>\n<p><strong>Kasutuskohad:<\/strong> Tycroc TWP veekindel ehitusplaat on ideaalne kasutamiseks vannitubades, aurusaunades ning spaades ja basseinides. \u00dchtlasi on toode sobilik ka nn. kuivadesse ruumidesse. Suur temperatuuri k\u00f5ikumise taluvus v\u00f5imaldab meie lahendusi kasutada ka hooajaliselt kasutatavates hoonetes (n\u00e4iteks suvilad jne.), mis talveks k\u00fctteta j\u00e4\u00e4vad.<\/p>\n<p>Plaati saab paigaldada erinevatele ehituses kasutuses olevatel aluspindadele ja karkassidele.<\/p>\n<p>Tooted on m\u00f5eldud kasutamiseks peamiselt vaheseinte ehitamisel ja nende veekindlaks muutmisel, erikujuliste du\u0161ikabiinide ning aurusauna istmete ja tegemisel, t\u00f6\u00f6tasapindade, riiulite jne valmistamisel. Samuti vannitoa lae ja p\u00f5randa h\u00fcdroisolatsiooni tegemisel ning otseselt p\u00f5randak\u00fctte kaabli all takistamaks samaaegselt ka soojuse kandumist alla poole. Lisaks sobivad Tycroc TWP plaadid aknapalede viimistlemiseks, kus on kondentsi tekke oht. <\/p>\n<p>Tycroc TWP plaate saab ja tohib kasutada ka v\u00e4litingimustes (sokkel, fassaad, aknapaled jne.) tingimusel, et plaadi sisuks olev ekstrudeeritud pol\u00fcst\u00fcreen (inglise keelne l\u00fchend XPS foam) on UV-kiirguse eest kaitstud ehk kaetud viimistlusmaterjaliga (laudis, krohv, fassadiplaat vms.).\n<\/p>\n\t\t<\/div>\n\t\t\t\t\t<\/div>\n\n\t\n\n\t<div id=\"col-483108983\" class=\"col medium-3 small-12 large-3\"  >\n\t\t\t\t<div class=\"col-inner\"  >\n\t\t\t\n\t\t\t\n\t<div id=\"gap-402551893\" class=\"gap-element clearfix\" style=\"display:block; height:auto;\">\n\t\t\n<style>\n#gap-402551893 {\n  padding-top: 30px;\n}\n<\/style>\n\t<\/div>\n\t\n<h3>Paigaldusjuhend<\/h3>\n<p><a href=\"https:\/\/espak.ee\/epood\/wp-content\/uploads\/2022\/10\/TWP_EE_22.pdf\"target=\"_blank\" rel=\"noopener noreferrer\"><i class=\"far fa-file-pdf\"><\/i> Paigaldusjuhend (PDF)<\/a><\/p>\n<div class=\"is-divider divider clearfix\" ><\/div>\n<p><strong>\u00dcksikasjalikuma n\u00f5u saamiseks v\u00f5tke \u00fchendust:<br \/><\/strong>Espak AS<br \/>Viadukti 42<br \/>11313<br \/>Tallinn<br \/>+372 6 512333<\/p>\n\t\t<\/div>\n\t\t\t\t\t<\/div>\n\n\t\n<\/div>\n","protected":false},"excerpt":{"rendered":"","protected":false},"featured_media":137662,"comment_status":"closed","ping_status":"closed","template":"","meta":[],"product_brand":[],"product_cat":[2910,2912,2911,2697],"product_tag":[],"class_list":{"0":"post-137498","1":"product","2":"type-product","3":"status-publish","4":"has-post-thumbnail","6":"product_cat-ehitusplaadid","7":"product_cat-sisetoodeplaadid","8":"product_cat-tsementkiudplaadid","9":"product_cat-uldehitus","10":"pa_kaubamark-tycroc-ou","12":"first","13":"instock","14":"sale","15":"taxable","16":"shipping-taxable","17":"purchasable","18":"product-type-simple"},"yoast_head":"<!-- This site is optimized with the Yoast SEO plugin v26.9 - https:\/\/yoast.com\/product\/yoast-seo-wordpress\/ -->\n<title>EHITUSPLAAT TYCROC TWP 40*600*2500MM - Espak E-pood<\/title>\n<meta name=\"robots\" content=\"index, follow, max-snippet:-1, max-image-preview:large, max-video-preview:-1\" \/>\n<link rel=\"canonical\" href=\"https:\/\/espak.ee\/epood\/toode\/ehitusplaat-tycroc-twp-406002500mm\/\" \/>\n<meta property=\"og:locale\" content=\"et_EE\" \/>\n<meta property=\"og:type\" content=\"article\" \/>\n<meta property=\"og:title\" content=\"EHITUSPLAAT TYCROC TWP 40*600*2500MM - Espak E-pood\" \/>\n<meta property=\"og:url\" content=\"https:\/\/espak.ee\/epood\/toode\/ehitusplaat-tycroc-twp-406002500mm\/\" \/>\n<meta property=\"og:site_name\" content=\"Espak E-pood\" \/>\n<meta property=\"article:modified_time\" content=\"2024-03-23T00:22:36+00:00\" \/>\n<meta property=\"og:image\" content=\"https:\/\/espak.ee\/epood\/wp-content\/uploads\/2022\/10\/TWP_3pc_small-othid5qnlbaye3tcvqlukeiyzkf8k0j43g4wgmy72u.jpg\" \/>\n\t<meta property=\"og:image:width\" content=\"800\" \/>\n\t<meta property=\"og:image:height\" content=\"800\" \/>\n\t<meta property=\"og:image:type\" content=\"image\/jpeg\" \/>\n<meta name=\"twitter:card\" content=\"summary_large_image\" \/>\n<meta name=\"twitter:label1\" content=\"Est. reading time\" \/>\n\t<meta name=\"twitter:data1\" content=\"3 minutit\" \/>\n<script type=\"application\/ld+json\" class=\"yoast-schema-graph\">{\"@context\":\"https:\/\/schema.org\",\"@graph\":[{\"@type\":\"WebPage\",\"@id\":\"https:\/\/espak.ee\/epood\/toode\/ehitusplaat-tycroc-twp-406002500mm\/\",\"url\":\"https:\/\/espak.ee\/epood\/toode\/ehitusplaat-tycroc-twp-406002500mm\/\",\"name\":\"EHITUSPLAAT TYCROC TWP 40*600*2500MM - Espak E-pood\",\"isPartOf\":{\"@id\":\"https:\/\/espak.ee\/epood\/#website\"},\"primaryImageOfPage\":{\"@id\":\"https:\/\/espak.ee\/epood\/toode\/ehitusplaat-tycroc-twp-406002500mm\/#primaryimage\"},\"image\":{\"@id\":\"https:\/\/espak.ee\/epood\/toode\/ehitusplaat-tycroc-twp-406002500mm\/#primaryimage\"},\"thumbnailUrl\":\"https:\/\/espak.ee\/epood\/wp-content\/uploads\/2022\/10\/TWP_3pc_small-othid5qnlbaye3tcvqlukeiyzkf8k0j43g4wgmy72u.jpg\",\"datePublished\":\"2022-10-27T00:58:34+00:00\",\"dateModified\":\"2024-03-23T00:22:36+00:00\",\"breadcrumb\":{\"@id\":\"https:\/\/espak.ee\/epood\/toode\/ehitusplaat-tycroc-twp-406002500mm\/#breadcrumb\"},\"inLanguage\":\"et\",\"potentialAction\":[{\"@type\":\"ReadAction\",\"target\":[\"https:\/\/espak.ee\/epood\/toode\/ehitusplaat-tycroc-twp-406002500mm\/\"]}]},{\"@type\":\"ImageObject\",\"inLanguage\":\"et\",\"@id\":\"https:\/\/espak.ee\/epood\/toode\/ehitusplaat-tycroc-twp-406002500mm\/#primaryimage\",\"url\":\"https:\/\/espak.ee\/epood\/wp-content\/uploads\/2022\/10\/TWP_3pc_small-othid5qnlbaye3tcvqlukeiyzkf8k0j43g4wgmy72u.jpg\",\"contentUrl\":\"https:\/\/espak.ee\/epood\/wp-content\/uploads\/2022\/10\/TWP_3pc_small-othid5qnlbaye3tcvqlukeiyzkf8k0j43g4wgmy72u.jpg\",\"width\":800,\"height\":800},{\"@type\":\"BreadcrumbList\",\"@id\":\"https:\/\/espak.ee\/epood\/toode\/ehitusplaat-tycroc-twp-406002500mm\/#breadcrumb\",\"itemListElement\":[{\"@type\":\"ListItem\",\"position\":1,\"name\":\"Home\",\"item\":\"https:\/\/espak.ee\/epood\/\"},{\"@type\":\"ListItem\",\"position\":2,\"name\":\"Tootevalik\",\"item\":\"https:\/\/espak.ee\/epood\/tootevalik\/\"},{\"@type\":\"ListItem\",\"position\":3,\"name\":\"EHITUSPLAAT TYCROC TWP 40*600*2500MM\"}]},{\"@type\":\"WebSite\",\"@id\":\"https:\/\/espak.ee\/epood\/#website\",\"url\":\"https:\/\/espak.ee\/epood\/\",\"name\":\"Espak E-pood\",\"description\":\"\",\"potentialAction\":[{\"@type\":\"SearchAction\",\"target\":{\"@type\":\"EntryPoint\",\"urlTemplate\":\"https:\/\/espak.ee\/epood\/?s={search_term_string}\"},\"query-input\":{\"@type\":\"PropertyValueSpecification\",\"valueRequired\":true,\"valueName\":\"search_term_string\"}}],\"inLanguage\":\"et\"}]}<\/script>\n<!-- \/ Yoast SEO plugin. -->","yoast_head_json":{"title":"EHITUSPLAAT TYCROC TWP 40*600*2500MM - Espak E-pood","robots":{"index":"index","follow":"follow","max-snippet":"max-snippet:-1","max-image-preview":"max-image-preview:large","max-video-preview":"max-video-preview:-1"},"canonical":"https:\/\/espak.ee\/epood\/toode\/ehitusplaat-tycroc-twp-406002500mm\/","og_locale":"et_EE","og_type":"article","og_title":"EHITUSPLAAT TYCROC TWP 40*600*2500MM - Espak E-pood","og_url":"https:\/\/espak.ee\/epood\/toode\/ehitusplaat-tycroc-twp-406002500mm\/","og_site_name":"Espak E-pood","article_modified_time":"2024-03-23T00:22:36+00:00","og_image":[{"width":800,"height":800,"url":"https:\/\/espak.ee\/epood\/wp-content\/uploads\/2022\/10\/TWP_3pc_small-othid5qnlbaye3tcvqlukeiyzkf8k0j43g4wgmy72u.jpg","type":"image\/jpeg"}],"twitter_card":"summary_large_image","twitter_misc":{"Est. reading time":"3 minutit"},"schema":{"@context":"https:\/\/schema.org","@graph":[{"@type":"WebPage","@id":"https:\/\/espak.ee\/epood\/toode\/ehitusplaat-tycroc-twp-406002500mm\/","url":"https:\/\/espak.ee\/epood\/toode\/ehitusplaat-tycroc-twp-406002500mm\/","name":"EHITUSPLAAT TYCROC TWP 40*600*2500MM - Espak E-pood","isPartOf":{"@id":"https:\/\/espak.ee\/epood\/#website"},"primaryImageOfPage":{"@id":"https:\/\/espak.ee\/epood\/toode\/ehitusplaat-tycroc-twp-406002500mm\/#primaryimage"},"image":{"@id":"https:\/\/espak.ee\/epood\/toode\/ehitusplaat-tycroc-twp-406002500mm\/#primaryimage"},"thumbnailUrl":"https:\/\/espak.ee\/epood\/wp-content\/uploads\/2022\/10\/TWP_3pc_small-othid5qnlbaye3tcvqlukeiyzkf8k0j43g4wgmy72u.jpg","datePublished":"2022-10-27T00:58:34+00:00","dateModified":"2024-03-23T00:22:36+00:00","breadcrumb":{"@id":"https:\/\/espak.ee\/epood\/toode\/ehitusplaat-tycroc-twp-406002500mm\/#breadcrumb"},"inLanguage":"et","potentialAction":[{"@type":"ReadAction","target":["https:\/\/espak.ee\/epood\/toode\/ehitusplaat-tycroc-twp-406002500mm\/"]}]},{"@type":"ImageObject","inLanguage":"et","@id":"https:\/\/espak.ee\/epood\/toode\/ehitusplaat-tycroc-twp-406002500mm\/#primaryimage","url":"https:\/\/espak.ee\/epood\/wp-content\/uploads\/2022\/10\/TWP_3pc_small-othid5qnlbaye3tcvqlukeiyzkf8k0j43g4wgmy72u.jpg","contentUrl":"https:\/\/espak.ee\/epood\/wp-content\/uploads\/2022\/10\/TWP_3pc_small-othid5qnlbaye3tcvqlukeiyzkf8k0j43g4wgmy72u.jpg","width":800,"height":800},{"@type":"BreadcrumbList","@id":"https:\/\/espak.ee\/epood\/toode\/ehitusplaat-tycroc-twp-406002500mm\/#breadcrumb","itemListElement":[{"@type":"ListItem","position":1,"name":"Home","item":"https:\/\/espak.ee\/epood\/"},{"@type":"ListItem","position":2,"name":"Tootevalik","item":"https:\/\/espak.ee\/epood\/tootevalik\/"},{"@type":"ListItem","position":3,"name":"EHITUSPLAAT TYCROC TWP 40*600*2500MM"}]},{"@type":"WebSite","@id":"https:\/\/espak.ee\/epood\/#website","url":"https:\/\/espak.ee\/epood\/","name":"Espak E-pood","description":"","potentialAction":[{"@type":"SearchAction","target":{"@type":"EntryPoint","urlTemplate":"https:\/\/espak.ee\/epood\/?s={search_term_string}"},"query-input":{"@type":"PropertyValueSpecification","valueRequired":true,"valueName":"search_term_string"}}],"inLanguage":"et"}]}},"_links":{"self":[{"href":"https:\/\/espak.ee\/epood\/wp-json\/wp\/v2\/product\/137498","targetHints":{"allow":["GET"]}}],"collection":[{"href":"https:\/\/espak.ee\/epood\/wp-json\/wp\/v2\/product"}],"about":[{"href":"https:\/\/espak.ee\/epood\/wp-json\/wp\/v2\/types\/product"}],"replies":[{"embeddable":true,"href":"https:\/\/espak.ee\/epood\/wp-json\/wp\/v2\/comments?post=137498"}],"wp:featuredmedia":[{"embeddable":true,"href":"https:\/\/espak.ee\/epood\/wp-json\/wp\/v2\/media\/137662"}],"wp:attachment":[{"href":"https:\/\/espak.ee\/epood\/wp-json\/wp\/v2\/media?parent=137498"}],"wp:term":[{"taxonomy":"product_brand","embeddable":true,"href":"https:\/\/espak.ee\/epood\/wp-json\/wp\/v2\/product_brand?post=137498"},{"taxonomy":"product_cat","embeddable":true,"href":"https:\/\/espak.ee\/epood\/wp-json\/wp\/v2\/product_cat?post=137498"},{"taxonomy":"product_tag","embeddable":true,"href":"https:\/\/espak.ee\/epood\/wp-json\/wp\/v2\/product_tag?post=137498"}],"curies":[{"name":"wp","href":"https:\/\/api.w.org\/{rel}","templated":true}]}}