{"id":13481,"date":"2019-12-28T02:57:04","date_gmt":"2019-12-28T00:57:04","guid":{"rendered":"https:\/\/espak.ee\/hinnakiri\/?post_type=product&#038;p=13481"},"modified":"2026-02-08T17:36:43","modified_gmt":"2026-02-08T15:36:43","slug":"savikrohv-punane-25kg","status":"publish","type":"product","link":"https:\/\/espak.ee\/epood\/toode\/savikrohv-punane-25kg\/","title":{"rendered":"SAVIKROHV PUNANE 25KG"},"content":{"rendered":"<div class=\"row\"  id=\"row-964879058\">\n\n\t<div id=\"col-115985922\" class=\"col medium-9 small-12 large-9\"  >\n\t\t\t\t<div class=\"col-inner\"  >\n\t\t\t\n\t\t\t\n<h2>Savikrohv<\/h2>\n<p>Looduslikul savil, kuni 2 mm teraga liival  ja armeerival kiul p\u00f5hinev krohvisegu.<\/p>\n<div class=\"message-box relative\" style=\"padding-top:15px;padding-bottom:15px;\"><div class=\"message-box-bg-image bg-fill fill\" ><\/div><div class=\"message-box-bg-overlay bg-fill fill\" ><\/div><div class=\"container relative\"><div class=\"inner last-reset\">\n<div class=\"row align-middle align-center\"  id=\"row-1941901596\">\n\n\t<div id=\"col-521916068\" class=\"col small-12 large-12\"  >\n\t\t\t\t<div class=\"col-inner text-left\"  >\n\t\t\t\n\t\t\t\n<h4>Omadused<\/h4>\n<div class=\"row\"  id=\"row-2098972783\">\n\n\t<div id=\"col-621117534\" class=\"col medium-6 small-12 large-6\"  >\n\t\t\t\t<div class=\"col-inner\"  >\n\t\t\t\n\t\t\t\n<p><i class=\"fa fa-check fa-2x\"><\/i> <strong>Kasutamiseks kuivades siseruumides<\/strong><\/p>\n<p><i class=\"fa fa-check fa-2x\"><\/i> <strong>Max \u00fche kihi paksus 1 cm<\/strong><\/p>\n\t\t<\/div>\n\t\t\t\t\n<style>\n#col-621117534 > .col-inner {\n  margin: 0px 0px 15px 0px;\n}\n<\/style>\n\t<\/div>\n\n\t\n<\/div>\n\t\t<\/div>\n\t\t\t\t\t<\/div>\n\n\t\n<\/div>\n<\/div><\/div><\/div>\n\t<div id=\"gap-28622052\" class=\"gap-element clearfix\" style=\"display:block; height:auto;\">\n\t\t\n<style>\n#gap-28622052 {\n  padding-top: 30px;\n}\n<\/style>\n\t<\/div>\n\t\n<h3>Kasutamise \u00fcksikasjad<\/h3>\n<p><strong>Kasutuskohad:<\/strong> Erinevatel mineraalsest ehitusmaterjalidest pindadel. Samuti puidust, pilliroomattidest ja muust sarnasest materjalist seinte ja lagede tasandamiseks v\u00f5i krohvimiseks. Igasuguste vanade krohvipindade renoveerimiseks.<\/p>\n<p><strong>Aluspind:<\/strong> Aluspindu on soovitav eelnevalt puhastada. Eemaldada lahtine tolm, v\u00e4rv, pigi jne. Puidule krohvides on hea kasutada puidust v\u00f5i muust materjalist krohvimatti. Ebastabiilsetel aluspindadel kasutada kindlasti raabitsv\u00f5rku.<\/p>\n<p><strong>Ettevalmistus t\u00f6\u00f6ks:<\/strong> SVala segamisn\u00f5usse vett. Lisa vajalik kogus segupulbrit. Sega segumikseriga, kuni kogu mass on t\u00e4ielikult m\u00e4rgunud. T\u00e4iendava vee lisamisega saad t\u00f6\u00f6tamiseks sobiliku viskoossusega segumassi. Lasta segul veidi seista ja segada veel kord. Valmissegatud Savikrohv on kasutatav mitmeid p\u00e4evi.<\/p>\n<p><strong>Kasutamine:<\/strong> Savikrohvi saab seinale visata kelluga. Suuremate pindade korral kasutada segupritsi. Tasandamiseks  kasutada metallist, plastist v\u00f5i puidust silureid-h\u00f5\u00f5ruteid. Tasandatud pindu saab j\u00e4relt\u00f6\u00f6delda ja anda krohvipinnale vajalik struktuur v\u00f5i kuju. Savikrohv k\u00f5veneb  kuivades. Seep\u00e4rast ei v\u00f5i seinale kanda pakse krohvikihte (\u00fcle 10 mm) korraga.  Paksud kihid  kuivavad eba\u00fchtlaselt ning krohvipinda v\u00f5ivad tekkida praod. Iga j\u00e4rgnev krohvikiht kantakse eelneva krohvikihi peale veidi \u00f5hemalt. Sealjuures peab eelnev krohvipind olema kindlasti kuivanud. Savikrohviga kaetud pindu saab v\u00e4rskendada ja parandada, kui kuivanud krohvipindu niisutada.<\/p>\n<p><strong>Kuivamine:<\/strong> Kuivamise kiirus s\u00f5ltub ruumi niiskussisaldusest ja \u00f5hu temperatuurist. Kuivamise kiirendamine \u00f5hupuhurite, lampide v\u00f5i muu sarnase abil v\u00f5ib tekitada krohvipinda pragusid. Kuivanud pindu on soovitav v\u00e4rvida v\u00f5i tolmuvabaks muuta vaid looduslike vahenditega, mis ei takista krohvipinna edasist \u201eelamist\u201c. T\u00e4htis on s\u00e4ilitada Savikrohviga krohvitud pinna hingamis- ja akumuleerimisv\u00f5ime.<\/p>\n<p><strong>Ohutus:<\/strong> Savikrohviga t\u00f6\u00f6tamisel peab nii \u00f5hu kui ka aluspinna temperatuur p\u00fcsima plusskraadides. Savikrohvi ei ole soovitav kasutada m\u00e4rgades v\u00f5i k\u00f5rge \u00f5huniiskusega ruumides. Savikrohvi pinnale sattunud vesi pehmendab krohvipindu. M\u00e4rgunud pinnad vajavad uuesti kuivamist.<\/p>\n\t\t<\/div>\n\t\t\t\t\t<\/div>\n\n\t\n\n\t<div id=\"col-273407941\" class=\"col medium-3 small-12 large-3\"  >\n\t\t\t\t<div class=\"col-inner\"  >\n\t\t\t\n\t\t\t\n\t<div id=\"gap-1191286590\" class=\"gap-element clearfix\" style=\"display:block; height:auto;\">\n\t\t\n<style>\n#gap-1191286590 {\n  padding-top: 30px;\n}\n<\/style>\n\t<\/div>\n\t\n<h3>Kasutusjuhend<\/h3>\n<p><a href=\"https:\/\/espak.ee\/epood\/wp-content\/uploads\/savikrohv-kasutusjuhend.pdf\" target=\"_blank\" rel=\"noopener noreferrer\"><i class=\"far fa-file-pdf\"><\/i> Kasutusjuhend (PDF)<\/a><\/p>\n<div class=\"is-divider divider clearfix\" ><\/div>\n<p><strong>\u00dcksikasjalikuma n\u00f5u saamiseks v\u00f5tke \u00fchendust:<br \/><\/strong> AS Uninaks<br \/>Liivalao 11<br \/>11316<br \/>Tallinn<br \/>+372 6565744<\/p>\n<div class=\"is-divider divider clearfix\" ><\/div>\n\t\t<\/div>\n\t\t\t\t\t<\/div>\n\n\t\n<\/div>\n","protected":false},"excerpt":{"rendered":"","protected":false},"featured_media":13867,"comment_status":"closed","ping_status":"open","template":"","meta":[],"product_brand":[],"product_cat":[2875,2874,2698,2697],"product_tag":[],"class_list":{"0":"post-13481","1":"product","2":"type-product","3":"status-publish","4":"has-post-thumbnail","6":"product_cat-ahjusegud-ahjusegud","7":"product_cat-ahjusegud","8":"product_cat-pahtlid-ja-kuivsegud","9":"product_cat-uldehitus","10":"pa_kaubamark-uninaks-as","12":"first","13":"outofstock","14":"sale","15":"taxable","16":"shipping-taxable","17":"purchasable","18":"product-type-simple"},"yoast_head":"<!-- This site is optimized with the Yoast SEO plugin v26.9 - https:\/\/yoast.com\/product\/yoast-seo-wordpress\/ -->\n<title>SAVIKROHV PUNANE 25KG - Espak E-pood<\/title>\n<meta name=\"robots\" content=\"index, follow, max-snippet:-1, max-image-preview:large, max-video-preview:-1\" \/>\n<link rel=\"canonical\" href=\"https:\/\/espak.ee\/epood\/toode\/savikrohv-punane-25kg\/\" \/>\n<meta property=\"og:locale\" content=\"et_EE\" \/>\n<meta property=\"og:type\" content=\"article\" \/>\n<meta property=\"og:title\" content=\"SAVIKROHV PUNANE 25KG - Espak E-pood\" \/>\n<meta property=\"og:url\" content=\"https:\/\/espak.ee\/epood\/toode\/savikrohv-punane-25kg\/\" \/>\n<meta property=\"og:site_name\" content=\"Espak E-pood\" \/>\n<meta property=\"article:modified_time\" content=\"2026-02-08T15:36:43+00:00\" \/>\n<meta property=\"og:image\" content=\"https:\/\/espak.ee\/epood\/wp-content\/uploads\/savikrohv.jpg\" \/>\n\t<meta property=\"og:image:width\" content=\"394\" \/>\n\t<meta property=\"og:image:height\" content=\"394\" \/>\n\t<meta property=\"og:image:type\" content=\"image\/jpeg\" \/>\n<meta name=\"twitter:card\" content=\"summary_large_image\" \/>\n<meta name=\"twitter:label1\" content=\"Est. reading time\" \/>\n\t<meta name=\"twitter:data1\" content=\"2 minutit\" \/>\n<script type=\"application\/ld+json\" class=\"yoast-schema-graph\">{\"@context\":\"https:\/\/schema.org\",\"@graph\":[{\"@type\":\"WebPage\",\"@id\":\"https:\/\/espak.ee\/epood\/toode\/savikrohv-punane-25kg\/\",\"url\":\"https:\/\/espak.ee\/epood\/toode\/savikrohv-punane-25kg\/\",\"name\":\"SAVIKROHV PUNANE 25KG - Espak E-pood\",\"isPartOf\":{\"@id\":\"https:\/\/espak.ee\/epood\/#website\"},\"primaryImageOfPage\":{\"@id\":\"https:\/\/espak.ee\/epood\/toode\/savikrohv-punane-25kg\/#primaryimage\"},\"image\":{\"@id\":\"https:\/\/espak.ee\/epood\/toode\/savikrohv-punane-25kg\/#primaryimage\"},\"thumbnailUrl\":\"https:\/\/espak.ee\/epood\/wp-content\/uploads\/savikrohv.jpg\",\"datePublished\":\"2019-12-28T00:57:04+00:00\",\"dateModified\":\"2026-02-08T15:36:43+00:00\",\"breadcrumb\":{\"@id\":\"https:\/\/espak.ee\/epood\/toode\/savikrohv-punane-25kg\/#breadcrumb\"},\"inLanguage\":\"et\",\"potentialAction\":[{\"@type\":\"ReadAction\",\"target\":[\"https:\/\/espak.ee\/epood\/toode\/savikrohv-punane-25kg\/\"]}]},{\"@type\":\"ImageObject\",\"inLanguage\":\"et\",\"@id\":\"https:\/\/espak.ee\/epood\/toode\/savikrohv-punane-25kg\/#primaryimage\",\"url\":\"https:\/\/espak.ee\/epood\/wp-content\/uploads\/savikrohv.jpg\",\"contentUrl\":\"https:\/\/espak.ee\/epood\/wp-content\/uploads\/savikrohv.jpg\",\"width\":394,\"height\":394},{\"@type\":\"BreadcrumbList\",\"@id\":\"https:\/\/espak.ee\/epood\/toode\/savikrohv-punane-25kg\/#breadcrumb\",\"itemListElement\":[{\"@type\":\"ListItem\",\"position\":1,\"name\":\"Home\",\"item\":\"https:\/\/espak.ee\/epood\/\"},{\"@type\":\"ListItem\",\"position\":2,\"name\":\"Tootevalik\",\"item\":\"https:\/\/espak.ee\/epood\/tootevalik\/\"},{\"@type\":\"ListItem\",\"position\":3,\"name\":\"SAVIKROHV PUNANE 25KG\"}]},{\"@type\":\"WebSite\",\"@id\":\"https:\/\/espak.ee\/epood\/#website\",\"url\":\"https:\/\/espak.ee\/epood\/\",\"name\":\"Espak E-pood\",\"description\":\"\",\"potentialAction\":[{\"@type\":\"SearchAction\",\"target\":{\"@type\":\"EntryPoint\",\"urlTemplate\":\"https:\/\/espak.ee\/epood\/?s={search_term_string}\"},\"query-input\":{\"@type\":\"PropertyValueSpecification\",\"valueRequired\":true,\"valueName\":\"search_term_string\"}}],\"inLanguage\":\"et\"}]}<\/script>\n<!-- \/ Yoast SEO plugin. -->","yoast_head_json":{"title":"SAVIKROHV PUNANE 25KG - Espak E-pood","robots":{"index":"index","follow":"follow","max-snippet":"max-snippet:-1","max-image-preview":"max-image-preview:large","max-video-preview":"max-video-preview:-1"},"canonical":"https:\/\/espak.ee\/epood\/toode\/savikrohv-punane-25kg\/","og_locale":"et_EE","og_type":"article","og_title":"SAVIKROHV PUNANE 25KG - Espak E-pood","og_url":"https:\/\/espak.ee\/epood\/toode\/savikrohv-punane-25kg\/","og_site_name":"Espak E-pood","article_modified_time":"2026-02-08T15:36:43+00:00","og_image":[{"width":394,"height":394,"url":"https:\/\/espak.ee\/epood\/wp-content\/uploads\/savikrohv.jpg","type":"image\/jpeg"}],"twitter_card":"summary_large_image","twitter_misc":{"Est. reading time":"2 minutit"},"schema":{"@context":"https:\/\/schema.org","@graph":[{"@type":"WebPage","@id":"https:\/\/espak.ee\/epood\/toode\/savikrohv-punane-25kg\/","url":"https:\/\/espak.ee\/epood\/toode\/savikrohv-punane-25kg\/","name":"SAVIKROHV PUNANE 25KG - Espak E-pood","isPartOf":{"@id":"https:\/\/espak.ee\/epood\/#website"},"primaryImageOfPage":{"@id":"https:\/\/espak.ee\/epood\/toode\/savikrohv-punane-25kg\/#primaryimage"},"image":{"@id":"https:\/\/espak.ee\/epood\/toode\/savikrohv-punane-25kg\/#primaryimage"},"thumbnailUrl":"https:\/\/espak.ee\/epood\/wp-content\/uploads\/savikrohv.jpg","datePublished":"2019-12-28T00:57:04+00:00","dateModified":"2026-02-08T15:36:43+00:00","breadcrumb":{"@id":"https:\/\/espak.ee\/epood\/toode\/savikrohv-punane-25kg\/#breadcrumb"},"inLanguage":"et","potentialAction":[{"@type":"ReadAction","target":["https:\/\/espak.ee\/epood\/toode\/savikrohv-punane-25kg\/"]}]},{"@type":"ImageObject","inLanguage":"et","@id":"https:\/\/espak.ee\/epood\/toode\/savikrohv-punane-25kg\/#primaryimage","url":"https:\/\/espak.ee\/epood\/wp-content\/uploads\/savikrohv.jpg","contentUrl":"https:\/\/espak.ee\/epood\/wp-content\/uploads\/savikrohv.jpg","width":394,"height":394},{"@type":"BreadcrumbList","@id":"https:\/\/espak.ee\/epood\/toode\/savikrohv-punane-25kg\/#breadcrumb","itemListElement":[{"@type":"ListItem","position":1,"name":"Home","item":"https:\/\/espak.ee\/epood\/"},{"@type":"ListItem","position":2,"name":"Tootevalik","item":"https:\/\/espak.ee\/epood\/tootevalik\/"},{"@type":"ListItem","position":3,"name":"SAVIKROHV PUNANE 25KG"}]},{"@type":"WebSite","@id":"https:\/\/espak.ee\/epood\/#website","url":"https:\/\/espak.ee\/epood\/","name":"Espak E-pood","description":"","potentialAction":[{"@type":"SearchAction","target":{"@type":"EntryPoint","urlTemplate":"https:\/\/espak.ee\/epood\/?s={search_term_string}"},"query-input":{"@type":"PropertyValueSpecification","valueRequired":true,"valueName":"search_term_string"}}],"inLanguage":"et"}]}},"_links":{"self":[{"href":"https:\/\/espak.ee\/epood\/wp-json\/wp\/v2\/product\/13481","targetHints":{"allow":["GET"]}}],"collection":[{"href":"https:\/\/espak.ee\/epood\/wp-json\/wp\/v2\/product"}],"about":[{"href":"https:\/\/espak.ee\/epood\/wp-json\/wp\/v2\/types\/product"}],"replies":[{"embeddable":true,"href":"https:\/\/espak.ee\/epood\/wp-json\/wp\/v2\/comments?post=13481"}],"wp:featuredmedia":[{"embeddable":true,"href":"https:\/\/espak.ee\/epood\/wp-json\/wp\/v2\/media\/13867"}],"wp:attachment":[{"href":"https:\/\/espak.ee\/epood\/wp-json\/wp\/v2\/media?parent=13481"}],"wp:term":[{"taxonomy":"product_brand","embeddable":true,"href":"https:\/\/espak.ee\/epood\/wp-json\/wp\/v2\/product_brand?post=13481"},{"taxonomy":"product_cat","embeddable":true,"href":"https:\/\/espak.ee\/epood\/wp-json\/wp\/v2\/product_cat?post=13481"},{"taxonomy":"product_tag","embeddable":true,"href":"https:\/\/espak.ee\/epood\/wp-json\/wp\/v2\/product_tag?post=13481"}],"curies":[{"name":"wp","href":"https:\/\/api.w.org\/{rel}","templated":true}]}}