{"id":130561,"date":"2022-08-31T22:57:53","date_gmt":"2022-08-31T22:57:53","guid":{"rendered":"https:\/\/espak.ee\/epood\/?post_type=product&#038;p=130561"},"modified":"2024-03-23T02:29:49","modified_gmt":"2024-03-23T00:29:49","slug":"pvc-teip-tesa-33m19mm-must","status":"publish","type":"product","link":"https:\/\/espak.ee\/epood\/toode\/pvc-teip-tesa-33m19mm-must\/","title":{"rendered":"PVC TEIP TESA 33M*19MM MUST"},"content":{"rendered":"<div class=\"row\"  id=\"row-1193107925\">\n\n\t<div id=\"col-604235355\" class=\"col medium-9 small-12 large-9\"  >\n\t\t\t\t<div class=\"col-inner\"  >\n\t\t\t\n\t\t\t\n<h3>PVC teip tesaflex\u00ae 4163 33m x 19mm must<\/h3>\n<p>tesaflex\u00ae 4163 on painduva kile ja akr\u00fc\u00fclliimiga spetsiaalne elektriteip. T\u00e4nu UV-kiirgust taluvale ja ilmastikukindlale akr\u00fc\u00fclliimile sobib see teip ideaalselt esemete p\u00fcsivaks kinnituseks ja kasutamiseks v\u00e4listingimustes. Pehme PVC-isolatsiooniteip talub lahusteid ja happeid, see sobib h\u00e4sti elektriisolatsiooniks ning sellele saab tr\u00fckkida. tesaflex\u00ae 4163 on universaalteip, ehkki k\u00f5ige paremini sobib see parandamiseks, kaitsmiseks ja elektriisolatsiooniks. PVC-alus on v\u00e4ga vastupidav ning akr\u00fc\u00fclliim tagab hea nakkuvuse polaarsete pindadega. Lisaks vastab see teip ka USA ohutusstandardi 302 n\u00f5uetele. tesaflex\u00ae 4163 on saadaval mitmes v\u00e4rvis: must, valge, hall, sinine, kollane, punane ja roheline. Hall teip sobib ideaalselt veetorude paigaldamiseks. T\u00fc\u00fcpiline laius on 12 mm ja 19 mm (saadaval veel laiuseid) ning pikkus 33 meetrit.<\/p>\n<div class=\"message-box relative\" style=\"padding-top:15px;padding-bottom:15px;\"><div class=\"message-box-bg-image bg-fill fill\" ><\/div><div class=\"message-box-bg-overlay bg-fill fill\" ><\/div><div class=\"container relative\"><div class=\"inner last-reset\">\n<div class=\"row align-middle align-center\"  id=\"row-1972518107\">\n\n\t<div id=\"col-2050520607\" class=\"col small-12 large-12\"  >\n\t\t\t\t<div class=\"col-inner text-left\"  >\n\t\t\t\n\t\t\t\n<h4>Omadused<\/h4>\n<div class=\"row\"  id=\"row-1116090949\">\n\n\t<div id=\"col-209797542\" class=\"col medium-6 small-12 large-6\"  >\n\t\t\t\t<div class=\"col-inner\"  >\n\t\t\t\n\t\t\t\n<p><i class=\"fa fa-check fa-2x\"><\/i> <strong> Teipi tesaflex\u00ae 4163 kasutatakse elektriisolatsiooniks<\/strong><\/p>\n<p><i class=\"fa fa-check fa-2x\"><\/i> <strong> Sobib paigaldamiseks, parandamiseks, j\u00e4tkamiseks v\u00f5i virnastamiseks<\/strong><\/p>\n<p><i class=\"fa fa-check fa-2x\"><\/i> <strong> Paljudes erksates v\u00e4rvides saadaval isolatsiooniteipi saab kasutada ka m\u00e4rgistamiseks ja v\u00e4rvide kodeerimiseks<\/strong><\/p>\n\t\t<\/div>\n\t\t\t\t\n<style>\n#col-209797542 > .col-inner {\n  margin: 0px 0px 15px 0px;\n}\n<\/style>\n\t<\/div>\n\n\t\n\n\t<div id=\"col-335209266\" class=\"col medium-6 small-12 large-6\"  >\n\t\t\t\t<div class=\"col-inner\"  >\n\t\t\t\n\t\t\t\n<p><i class=\"fa fa-check fa-2x\"><\/i> <strong> V\u00e4ga h\u00e4sti elektrit isoleeriv teip sobib h\u00e4sti elektrikaablite paigaldamiseks ja isoleerimiseks<\/strong><\/p>\n<p><i class=\"fa fa-check fa-2x\"><\/i> <strong> Kuna see on keskkonnategurite suhtes vastupidav, saab seda kasutada p\u00fcsikinnituseks ka \u00f5ues<\/strong><\/p>\n\t\t<\/div>\n\t\t\t\t\n<style>\n#col-335209266 > .col-inner {\n  margin: 0px 0px 15px 0px;\n}\n<\/style>\n\t<\/div>\n\n\t\n<\/div>\n\t\t<\/div>\n\t\t\t\t\t<\/div>\n\n\t\n<\/div>\n<\/div><\/div><\/div>\n\t<div id=\"gap-490408358\" class=\"gap-element clearfix\" style=\"display:block; height:auto;\">\n\t\t\n<style>\n#gap-490408358 {\n  padding-top: 30px;\n}\n<\/style>\n\t<\/div>\n\t\n\t\t<\/div>\n\t\t\t\t\t<\/div>\n\n\t\n\n\t<div id=\"col-1737472766\" class=\"col medium-3 small-12 large-3\"  >\n\t\t\t\t<div class=\"col-inner\"  >\n\t\t\t\n\t\t\t\n<h3>Tehniline informatsioon<\/h3>\n<p><a href=\"https:\/\/espak.ee\/epood\/wp-content\/uploads\/2022\/08\/tesaflex-4163-et-ee.pdf\"target=\"_blank\" rel=\"noopener noreferrer\"><i class=\"far fa-file-pdf\"><\/i> Tehniline info (PDF)<\/a><\/p>\n<p><strong>\u00dcksikasjalikuma n\u00f5u saamiseks v\u00f5tke \u00fchendust:<br \/><\/strong>tesa tape UAB<br \/>Sepise 1<br \/>11415<br \/>Tallinn<br \/>+372 6401 366<\/p>\n<div class=\"is-divider divider clearfix\" ><\/div>\n\t\t<\/div>\n\t\t\t\t\t<\/div>\n\n\t\n<\/div>\n","protected":false},"excerpt":{"rendered":"","protected":false},"featured_media":130589,"comment_status":"closed","ping_status":"closed","template":"","meta":[],"product_brand":[],"product_cat":[2935,2934,2936,2937],"product_tag":[],"class_list":{"0":"post-130561","1":"product","2":"type-product","3":"status-publish","4":"has-post-thumbnail","6":"product_cat-elektrikaubad","7":"product_cat-elektrikaubad-ja-valgustid","8":"product_cat-installatsioon","9":"product_cat-teibid-elektrikaupadele","10":"pa_kaubamark-tesa-as","12":"first","13":"instock","14":"sale","15":"taxable","16":"shipping-taxable","17":"purchasable","18":"product-type-simple"},"yoast_head":"<!-- This site is optimized with the Yoast SEO plugin v26.9 - https:\/\/yoast.com\/product\/yoast-seo-wordpress\/ -->\n<title>PVC TEIP TESA 33M*19MM MUST - Espak E-pood<\/title>\n<meta name=\"robots\" content=\"index, follow, max-snippet:-1, max-image-preview:large, max-video-preview:-1\" \/>\n<link rel=\"canonical\" href=\"https:\/\/espak.ee\/epood\/toode\/pvc-teip-tesa-33m19mm-must\/\" \/>\n<meta property=\"og:locale\" content=\"et_EE\" \/>\n<meta property=\"og:type\" content=\"article\" \/>\n<meta property=\"og:title\" content=\"PVC TEIP TESA 33M*19MM MUST - Espak E-pood\" \/>\n<meta property=\"og:url\" content=\"https:\/\/espak.ee\/epood\/toode\/pvc-teip-tesa-33m19mm-must\/\" \/>\n<meta property=\"og:site_name\" content=\"Espak E-pood\" \/>\n<meta property=\"article:modified_time\" content=\"2024-03-23T00:29:49+00:00\" \/>\n<meta property=\"og:image\" content=\"https:\/\/espak.ee\/epood\/wp-content\/uploads\/2022\/08\/tesa-4163-premium-soft-pvc-multipurpose-tape-black-041630000007-pr1916404_canvas16x9_18.jpg\" \/>\n\t<meta property=\"og:image:width\" content=\"800\" \/>\n\t<meta property=\"og:image:height\" content=\"800\" \/>\n\t<meta property=\"og:image:type\" content=\"image\/jpeg\" \/>\n<meta name=\"twitter:card\" content=\"summary_large_image\" \/>\n<meta name=\"twitter:label1\" content=\"Est. reading time\" \/>\n\t<meta name=\"twitter:data1\" content=\"1 minut\" \/>\n<script type=\"application\/ld+json\" class=\"yoast-schema-graph\">{\"@context\":\"https:\/\/schema.org\",\"@graph\":[{\"@type\":\"WebPage\",\"@id\":\"https:\/\/espak.ee\/epood\/toode\/pvc-teip-tesa-33m19mm-must\/\",\"url\":\"https:\/\/espak.ee\/epood\/toode\/pvc-teip-tesa-33m19mm-must\/\",\"name\":\"PVC TEIP TESA 33M*19MM MUST - Espak E-pood\",\"isPartOf\":{\"@id\":\"https:\/\/espak.ee\/epood\/#website\"},\"primaryImageOfPage\":{\"@id\":\"https:\/\/espak.ee\/epood\/toode\/pvc-teip-tesa-33m19mm-must\/#primaryimage\"},\"image\":{\"@id\":\"https:\/\/espak.ee\/epood\/toode\/pvc-teip-tesa-33m19mm-must\/#primaryimage\"},\"thumbnailUrl\":\"https:\/\/espak.ee\/epood\/wp-content\/uploads\/2022\/08\/tesa-4163-premium-soft-pvc-multipurpose-tape-black-041630000007-pr1916404_canvas16x9_18.jpg\",\"datePublished\":\"2022-08-31T22:57:53+00:00\",\"dateModified\":\"2024-03-23T00:29:49+00:00\",\"breadcrumb\":{\"@id\":\"https:\/\/espak.ee\/epood\/toode\/pvc-teip-tesa-33m19mm-must\/#breadcrumb\"},\"inLanguage\":\"et\",\"potentialAction\":[{\"@type\":\"ReadAction\",\"target\":[\"https:\/\/espak.ee\/epood\/toode\/pvc-teip-tesa-33m19mm-must\/\"]}]},{\"@type\":\"ImageObject\",\"inLanguage\":\"et\",\"@id\":\"https:\/\/espak.ee\/epood\/toode\/pvc-teip-tesa-33m19mm-must\/#primaryimage\",\"url\":\"https:\/\/espak.ee\/epood\/wp-content\/uploads\/2022\/08\/tesa-4163-premium-soft-pvc-multipurpose-tape-black-041630000007-pr1916404_canvas16x9_18.jpg\",\"contentUrl\":\"https:\/\/espak.ee\/epood\/wp-content\/uploads\/2022\/08\/tesa-4163-premium-soft-pvc-multipurpose-tape-black-041630000007-pr1916404_canvas16x9_18.jpg\",\"width\":800,\"height\":800},{\"@type\":\"BreadcrumbList\",\"@id\":\"https:\/\/espak.ee\/epood\/toode\/pvc-teip-tesa-33m19mm-must\/#breadcrumb\",\"itemListElement\":[{\"@type\":\"ListItem\",\"position\":1,\"name\":\"Home\",\"item\":\"https:\/\/espak.ee\/epood\/\"},{\"@type\":\"ListItem\",\"position\":2,\"name\":\"Tootevalik\",\"item\":\"https:\/\/espak.ee\/epood\/tootevalik\/\"},{\"@type\":\"ListItem\",\"position\":3,\"name\":\"PVC TEIP TESA 33M*19MM MUST\"}]},{\"@type\":\"WebSite\",\"@id\":\"https:\/\/espak.ee\/epood\/#website\",\"url\":\"https:\/\/espak.ee\/epood\/\",\"name\":\"Espak E-pood\",\"description\":\"\",\"potentialAction\":[{\"@type\":\"SearchAction\",\"target\":{\"@type\":\"EntryPoint\",\"urlTemplate\":\"https:\/\/espak.ee\/epood\/?s={search_term_string}\"},\"query-input\":{\"@type\":\"PropertyValueSpecification\",\"valueRequired\":true,\"valueName\":\"search_term_string\"}}],\"inLanguage\":\"et\"}]}<\/script>\n<!-- \/ Yoast SEO plugin. -->","yoast_head_json":{"title":"PVC TEIP TESA 33M*19MM MUST - Espak E-pood","robots":{"index":"index","follow":"follow","max-snippet":"max-snippet:-1","max-image-preview":"max-image-preview:large","max-video-preview":"max-video-preview:-1"},"canonical":"https:\/\/espak.ee\/epood\/toode\/pvc-teip-tesa-33m19mm-must\/","og_locale":"et_EE","og_type":"article","og_title":"PVC TEIP TESA 33M*19MM MUST - Espak E-pood","og_url":"https:\/\/espak.ee\/epood\/toode\/pvc-teip-tesa-33m19mm-must\/","og_site_name":"Espak E-pood","article_modified_time":"2024-03-23T00:29:49+00:00","og_image":[{"width":800,"height":800,"url":"https:\/\/espak.ee\/epood\/wp-content\/uploads\/2022\/08\/tesa-4163-premium-soft-pvc-multipurpose-tape-black-041630000007-pr1916404_canvas16x9_18.jpg","type":"image\/jpeg"}],"twitter_card":"summary_large_image","twitter_misc":{"Est. reading time":"1 minut"},"schema":{"@context":"https:\/\/schema.org","@graph":[{"@type":"WebPage","@id":"https:\/\/espak.ee\/epood\/toode\/pvc-teip-tesa-33m19mm-must\/","url":"https:\/\/espak.ee\/epood\/toode\/pvc-teip-tesa-33m19mm-must\/","name":"PVC TEIP TESA 33M*19MM MUST - Espak E-pood","isPartOf":{"@id":"https:\/\/espak.ee\/epood\/#website"},"primaryImageOfPage":{"@id":"https:\/\/espak.ee\/epood\/toode\/pvc-teip-tesa-33m19mm-must\/#primaryimage"},"image":{"@id":"https:\/\/espak.ee\/epood\/toode\/pvc-teip-tesa-33m19mm-must\/#primaryimage"},"thumbnailUrl":"https:\/\/espak.ee\/epood\/wp-content\/uploads\/2022\/08\/tesa-4163-premium-soft-pvc-multipurpose-tape-black-041630000007-pr1916404_canvas16x9_18.jpg","datePublished":"2022-08-31T22:57:53+00:00","dateModified":"2024-03-23T00:29:49+00:00","breadcrumb":{"@id":"https:\/\/espak.ee\/epood\/toode\/pvc-teip-tesa-33m19mm-must\/#breadcrumb"},"inLanguage":"et","potentialAction":[{"@type":"ReadAction","target":["https:\/\/espak.ee\/epood\/toode\/pvc-teip-tesa-33m19mm-must\/"]}]},{"@type":"ImageObject","inLanguage":"et","@id":"https:\/\/espak.ee\/epood\/toode\/pvc-teip-tesa-33m19mm-must\/#primaryimage","url":"https:\/\/espak.ee\/epood\/wp-content\/uploads\/2022\/08\/tesa-4163-premium-soft-pvc-multipurpose-tape-black-041630000007-pr1916404_canvas16x9_18.jpg","contentUrl":"https:\/\/espak.ee\/epood\/wp-content\/uploads\/2022\/08\/tesa-4163-premium-soft-pvc-multipurpose-tape-black-041630000007-pr1916404_canvas16x9_18.jpg","width":800,"height":800},{"@type":"BreadcrumbList","@id":"https:\/\/espak.ee\/epood\/toode\/pvc-teip-tesa-33m19mm-must\/#breadcrumb","itemListElement":[{"@type":"ListItem","position":1,"name":"Home","item":"https:\/\/espak.ee\/epood\/"},{"@type":"ListItem","position":2,"name":"Tootevalik","item":"https:\/\/espak.ee\/epood\/tootevalik\/"},{"@type":"ListItem","position":3,"name":"PVC TEIP TESA 33M*19MM MUST"}]},{"@type":"WebSite","@id":"https:\/\/espak.ee\/epood\/#website","url":"https:\/\/espak.ee\/epood\/","name":"Espak E-pood","description":"","potentialAction":[{"@type":"SearchAction","target":{"@type":"EntryPoint","urlTemplate":"https:\/\/espak.ee\/epood\/?s={search_term_string}"},"query-input":{"@type":"PropertyValueSpecification","valueRequired":true,"valueName":"search_term_string"}}],"inLanguage":"et"}]}},"_links":{"self":[{"href":"https:\/\/espak.ee\/epood\/wp-json\/wp\/v2\/product\/130561","targetHints":{"allow":["GET"]}}],"collection":[{"href":"https:\/\/espak.ee\/epood\/wp-json\/wp\/v2\/product"}],"about":[{"href":"https:\/\/espak.ee\/epood\/wp-json\/wp\/v2\/types\/product"}],"replies":[{"embeddable":true,"href":"https:\/\/espak.ee\/epood\/wp-json\/wp\/v2\/comments?post=130561"}],"wp:featuredmedia":[{"embeddable":true,"href":"https:\/\/espak.ee\/epood\/wp-json\/wp\/v2\/media\/130589"}],"wp:attachment":[{"href":"https:\/\/espak.ee\/epood\/wp-json\/wp\/v2\/media?parent=130561"}],"wp:term":[{"taxonomy":"product_brand","embeddable":true,"href":"https:\/\/espak.ee\/epood\/wp-json\/wp\/v2\/product_brand?post=130561"},{"taxonomy":"product_cat","embeddable":true,"href":"https:\/\/espak.ee\/epood\/wp-json\/wp\/v2\/product_cat?post=130561"},{"taxonomy":"product_tag","embeddable":true,"href":"https:\/\/espak.ee\/epood\/wp-json\/wp\/v2\/product_tag?post=130561"}],"curies":[{"name":"wp","href":"https:\/\/api.w.org\/{rel}","templated":true}]}}