{"id":130223,"date":"2022-08-29T23:40:04","date_gmt":"2022-08-29T23:40:04","guid":{"rendered":"https:\/\/espak.ee\/epood\/?post_type=product&#038;p=130223"},"modified":"2024-03-23T02:30:33","modified_gmt":"2024-03-23T00:30:33","slug":"nagi-raseerimisvahenditele-tesa-powerstrips-waterproof","status":"publish","type":"product","link":"https:\/\/espak.ee\/epood\/toode\/nagi-raseerimisvahenditele-tesa-powerstrips-waterproof\/","title":{"rendered":"NAGI RASEERIMISVAHENDITELE TESA POWERSTRIPS WATERPROOF"},"content":{"rendered":"<div class=\"row\"  id=\"row-98752063\">\n\n\t<div id=\"col-1876110944\" class=\"col medium-9 small-12 large-9\"  >\n\t\t\t\t<div class=\"col-inner\"  >\n\t\t\t\n\t\t\t\n<h3>tesa Powerstrips\u00ae WATERPROOF metallist nagi raseerimisvahenditele<\/h3>\n<p>Nutikas tesa Powerstrips Waterproof Razor Holder Metal on eemaldatav ja korduvkasutatav hoidik, mis on m\u00f5eldud mittekahjustavaks paigaldamiseks plaatide k\u00fclge, puurimata.<\/p>\n<p>H\u00f5lbustage oma elu, hoides raseerija seal, kus seda vajate ja soovite, et see oleks teil alati k\u00e4ep\u00e4rast. Nutika roostevabast terasest hoidikuga tesa Powerstrips Waterproof Razor Holder Metal saate teha seda eriti stiilselt. Selle kinnitamiseks seinale pole vaja auke puurida, kuna see tuleb lihtsalt plaatidele v\u00f5i muule siledale pinnale kleepida. Patenteeritud tehnoloogia tesa Powerstrips Waterproof v\u00f5imaldab selle isegi h\u00f5lpsasti j\u00e4lgi j\u00e4tmata eemaldada. Seega kombineerige stiil funktsionaalsusega ja muutke vannituba mugavamaks.<\/p>\n<div class=\"message-box relative\" style=\"padding-top:15px;padding-bottom:15px;\"><div class=\"message-box-bg-image bg-fill fill\" ><\/div><div class=\"message-box-bg-overlay bg-fill fill\" ><\/div><div class=\"container relative\"><div class=\"inner last-reset\">\n<div class=\"row align-middle align-center\"  id=\"row-110171751\">\n\n\t<div id=\"col-465302722\" class=\"col small-12 large-12\"  >\n\t\t\t\t<div class=\"col-inner text-left\"  >\n\t\t\t\n\t\t\t\n<h4>Omadused<\/h4>\n<div class=\"row\"  id=\"row-822095647\">\n\n\t<div id=\"col-1888672259\" class=\"col medium-6 small-12 large-6\"  >\n\t\t\t\t<div class=\"col-inner\"  >\n\t\t\t\n\t\t\t\n<p><i class=\"fa fa-check fa-2x\"><\/i> <strong> Lihtsalt paigaldatav puurimise, kruvide v\u00f5i naelteta<\/strong><\/p>\n<p><i class=\"fa fa-check fa-2x\"><\/i> <strong> Hoiab tugevalt kuni 2 kg raskusi esemeid<\/strong><\/p>\n<p><i class=\"fa fa-check fa-2x\"><\/i> <strong> Eemaldatav j\u00e4lgi j\u00e4tmata t\u00e4nu ainulaadsele Powerstrips\u00ae-tehnoloogiale<\/strong><\/p>\n\t\t<\/div>\n\t\t\t\t\n<style>\n#col-1888672259 > .col-inner {\n  margin: 0px 0px 15px 0px;\n}\n<\/style>\n\t<\/div>\n\n\t\n\n\t<div id=\"col-686719044\" class=\"col medium-6 small-12 large-6\"  >\n\t\t\t\t<div class=\"col-inner\"  >\n\t\t\t\n\t\t\t\n<p><i class=\"fa fa-check fa-2x\"><\/i> <strong> Valmistatud roostevabast terasest<\/strong><\/p>\n<p><i class=\"fa fa-check fa-2x\"><\/i> <strong>Kasutatav keraamilistel plaatidel, klaasil, puidul, plastil ja paljudel muudel pindadel. Ei sobi kasutamiseks st\u00fcroplasti, vahtmaterjalide, nakkumisvastase kattega pindade ja poorsete materjalide korral<\/strong><\/p>\n\t\t<\/div>\n\t\t\t\t\n<style>\n#col-686719044 > .col-inner {\n  margin: 0px 0px 15px 0px;\n}\n<\/style>\n\t<\/div>\n\n\t\n<\/div>\n\t\t<\/div>\n\t\t\t\t\t<\/div>\n\n\t\n<\/div>\n<\/div><\/div><\/div>\n\t<div id=\"gap-891667978\" class=\"gap-element clearfix\" style=\"display:block; height:auto;\">\n\t\t\n<style>\n#gap-891667978 {\n  padding-top: 30px;\n}\n<\/style>\n\t<\/div>\n\t\n\t\t<\/div>\n\t\t\t\t\t<\/div>\n\n\t\n\n\t<div id=\"col-649692959\" class=\"col medium-3 small-12 large-3\"  >\n\t\t\t\t<div class=\"col-inner\"  >\n\t\t\t\n\t\t\t\n<p><strong>\u00dcksikasjalikuma n\u00f5u saamiseks v\u00f5tke \u00fchendust:<br \/><\/strong>tesa tape UAB<br \/>Sepise 1<br \/>11415<br \/>Tallinn<br \/>+372 6401 366<\/p>\n<div class=\"is-divider divider clearfix\" ><\/div>\n\t\t<\/div>\n\t\t\t\t\t<\/div>\n\n\t\n<\/div>\n","protected":false},"excerpt":{"rendered":"","protected":false},"featured_media":130410,"comment_status":"closed","ping_status":"closed","template":"","meta":[],"product_brand":[],"product_cat":[3572,2819,3570,3571],"product_tag":[],"class_list":{"0":"post-130223","1":"product","2":"type-product","3":"status-publish","4":"has-post-thumbnail","6":"product_cat-nagid-topsid-ja-seebialused","7":"product_cat-sanitaartehnika","8":"product_cat-vannitoasisustus-sanitaartehnika","9":"product_cat-vannitoatarvikud","10":"pa_kaubamark-tesa-as","12":"first","13":"instock","14":"sale","15":"taxable","16":"shipping-taxable","17":"purchasable","18":"product-type-simple"},"yoast_head":"<!-- This site is optimized with the Yoast SEO plugin v26.9 - https:\/\/yoast.com\/product\/yoast-seo-wordpress\/ -->\n<title>NAGI RASEERIMISVAHENDITELE TESA POWERSTRIPS WATERPROOF - Espak E-pood<\/title>\n<meta name=\"robots\" content=\"index, follow, max-snippet:-1, max-image-preview:large, max-video-preview:-1\" \/>\n<link rel=\"canonical\" href=\"https:\/\/espak.ee\/epood\/toode\/nagi-raseerimisvahenditele-tesa-powerstrips-waterproof\/\" \/>\n<meta property=\"og:locale\" content=\"et_EE\" \/>\n<meta property=\"og:type\" content=\"article\" \/>\n<meta property=\"og:title\" content=\"NAGI RASEERIMISVAHENDITELE TESA POWERSTRIPS WATERPROOF - Espak E-pood\" \/>\n<meta property=\"og:url\" content=\"https:\/\/espak.ee\/epood\/toode\/nagi-raseerimisvahenditele-tesa-powerstrips-waterproof\/\" \/>\n<meta property=\"og:site_name\" content=\"Espak E-pood\" \/>\n<meta property=\"article:modified_time\" content=\"2024-03-23T00:30:33+00:00\" \/>\n<meta property=\"og:image\" content=\"https:\/\/espak.ee\/epood\/wp-content\/uploads\/2022\/08\/tesa-4042448175267-59709-00000-li416-front-pa9836420_fixedwidth_6-2.jpg\" \/>\n\t<meta property=\"og:image:width\" content=\"800\" \/>\n\t<meta property=\"og:image:height\" content=\"800\" \/>\n\t<meta property=\"og:image:type\" content=\"image\/jpeg\" \/>\n<meta name=\"twitter:card\" content=\"summary_large_image\" \/>\n<meta name=\"twitter:label1\" content=\"Est. reading time\" \/>\n\t<meta name=\"twitter:data1\" content=\"1 minut\" \/>\n<script type=\"application\/ld+json\" class=\"yoast-schema-graph\">{\"@context\":\"https:\/\/schema.org\",\"@graph\":[{\"@type\":\"WebPage\",\"@id\":\"https:\/\/espak.ee\/epood\/toode\/nagi-raseerimisvahenditele-tesa-powerstrips-waterproof\/\",\"url\":\"https:\/\/espak.ee\/epood\/toode\/nagi-raseerimisvahenditele-tesa-powerstrips-waterproof\/\",\"name\":\"NAGI RASEERIMISVAHENDITELE TESA POWERSTRIPS WATERPROOF - Espak E-pood\",\"isPartOf\":{\"@id\":\"https:\/\/espak.ee\/epood\/#website\"},\"primaryImageOfPage\":{\"@id\":\"https:\/\/espak.ee\/epood\/toode\/nagi-raseerimisvahenditele-tesa-powerstrips-waterproof\/#primaryimage\"},\"image\":{\"@id\":\"https:\/\/espak.ee\/epood\/toode\/nagi-raseerimisvahenditele-tesa-powerstrips-waterproof\/#primaryimage\"},\"thumbnailUrl\":\"https:\/\/espak.ee\/epood\/wp-content\/uploads\/2022\/08\/tesa-4042448175267-59709-00000-li416-front-pa9836420_fixedwidth_6-2.jpg\",\"datePublished\":\"2022-08-29T23:40:04+00:00\",\"dateModified\":\"2024-03-23T00:30:33+00:00\",\"breadcrumb\":{\"@id\":\"https:\/\/espak.ee\/epood\/toode\/nagi-raseerimisvahenditele-tesa-powerstrips-waterproof\/#breadcrumb\"},\"inLanguage\":\"et\",\"potentialAction\":[{\"@type\":\"ReadAction\",\"target\":[\"https:\/\/espak.ee\/epood\/toode\/nagi-raseerimisvahenditele-tesa-powerstrips-waterproof\/\"]}]},{\"@type\":\"ImageObject\",\"inLanguage\":\"et\",\"@id\":\"https:\/\/espak.ee\/epood\/toode\/nagi-raseerimisvahenditele-tesa-powerstrips-waterproof\/#primaryimage\",\"url\":\"https:\/\/espak.ee\/epood\/wp-content\/uploads\/2022\/08\/tesa-4042448175267-59709-00000-li416-front-pa9836420_fixedwidth_6-2.jpg\",\"contentUrl\":\"https:\/\/espak.ee\/epood\/wp-content\/uploads\/2022\/08\/tesa-4042448175267-59709-00000-li416-front-pa9836420_fixedwidth_6-2.jpg\",\"width\":800,\"height\":800},{\"@type\":\"BreadcrumbList\",\"@id\":\"https:\/\/espak.ee\/epood\/toode\/nagi-raseerimisvahenditele-tesa-powerstrips-waterproof\/#breadcrumb\",\"itemListElement\":[{\"@type\":\"ListItem\",\"position\":1,\"name\":\"Home\",\"item\":\"https:\/\/espak.ee\/epood\/\"},{\"@type\":\"ListItem\",\"position\":2,\"name\":\"Tootevalik\",\"item\":\"https:\/\/espak.ee\/epood\/tootevalik\/\"},{\"@type\":\"ListItem\",\"position\":3,\"name\":\"NAGI RASEERIMISVAHENDITELE TESA POWERSTRIPS WATERPROOF\"}]},{\"@type\":\"WebSite\",\"@id\":\"https:\/\/espak.ee\/epood\/#website\",\"url\":\"https:\/\/espak.ee\/epood\/\",\"name\":\"Espak E-pood\",\"description\":\"\",\"potentialAction\":[{\"@type\":\"SearchAction\",\"target\":{\"@type\":\"EntryPoint\",\"urlTemplate\":\"https:\/\/espak.ee\/epood\/?s={search_term_string}\"},\"query-input\":{\"@type\":\"PropertyValueSpecification\",\"valueRequired\":true,\"valueName\":\"search_term_string\"}}],\"inLanguage\":\"et\"}]}<\/script>\n<!-- \/ Yoast SEO plugin. -->","yoast_head_json":{"title":"NAGI RASEERIMISVAHENDITELE TESA POWERSTRIPS WATERPROOF - Espak E-pood","robots":{"index":"index","follow":"follow","max-snippet":"max-snippet:-1","max-image-preview":"max-image-preview:large","max-video-preview":"max-video-preview:-1"},"canonical":"https:\/\/espak.ee\/epood\/toode\/nagi-raseerimisvahenditele-tesa-powerstrips-waterproof\/","og_locale":"et_EE","og_type":"article","og_title":"NAGI RASEERIMISVAHENDITELE TESA POWERSTRIPS WATERPROOF - Espak E-pood","og_url":"https:\/\/espak.ee\/epood\/toode\/nagi-raseerimisvahenditele-tesa-powerstrips-waterproof\/","og_site_name":"Espak E-pood","article_modified_time":"2024-03-23T00:30:33+00:00","og_image":[{"width":800,"height":800,"url":"https:\/\/espak.ee\/epood\/wp-content\/uploads\/2022\/08\/tesa-4042448175267-59709-00000-li416-front-pa9836420_fixedwidth_6-2.jpg","type":"image\/jpeg"}],"twitter_card":"summary_large_image","twitter_misc":{"Est. reading time":"1 minut"},"schema":{"@context":"https:\/\/schema.org","@graph":[{"@type":"WebPage","@id":"https:\/\/espak.ee\/epood\/toode\/nagi-raseerimisvahenditele-tesa-powerstrips-waterproof\/","url":"https:\/\/espak.ee\/epood\/toode\/nagi-raseerimisvahenditele-tesa-powerstrips-waterproof\/","name":"NAGI RASEERIMISVAHENDITELE TESA POWERSTRIPS WATERPROOF - Espak E-pood","isPartOf":{"@id":"https:\/\/espak.ee\/epood\/#website"},"primaryImageOfPage":{"@id":"https:\/\/espak.ee\/epood\/toode\/nagi-raseerimisvahenditele-tesa-powerstrips-waterproof\/#primaryimage"},"image":{"@id":"https:\/\/espak.ee\/epood\/toode\/nagi-raseerimisvahenditele-tesa-powerstrips-waterproof\/#primaryimage"},"thumbnailUrl":"https:\/\/espak.ee\/epood\/wp-content\/uploads\/2022\/08\/tesa-4042448175267-59709-00000-li416-front-pa9836420_fixedwidth_6-2.jpg","datePublished":"2022-08-29T23:40:04+00:00","dateModified":"2024-03-23T00:30:33+00:00","breadcrumb":{"@id":"https:\/\/espak.ee\/epood\/toode\/nagi-raseerimisvahenditele-tesa-powerstrips-waterproof\/#breadcrumb"},"inLanguage":"et","potentialAction":[{"@type":"ReadAction","target":["https:\/\/espak.ee\/epood\/toode\/nagi-raseerimisvahenditele-tesa-powerstrips-waterproof\/"]}]},{"@type":"ImageObject","inLanguage":"et","@id":"https:\/\/espak.ee\/epood\/toode\/nagi-raseerimisvahenditele-tesa-powerstrips-waterproof\/#primaryimage","url":"https:\/\/espak.ee\/epood\/wp-content\/uploads\/2022\/08\/tesa-4042448175267-59709-00000-li416-front-pa9836420_fixedwidth_6-2.jpg","contentUrl":"https:\/\/espak.ee\/epood\/wp-content\/uploads\/2022\/08\/tesa-4042448175267-59709-00000-li416-front-pa9836420_fixedwidth_6-2.jpg","width":800,"height":800},{"@type":"BreadcrumbList","@id":"https:\/\/espak.ee\/epood\/toode\/nagi-raseerimisvahenditele-tesa-powerstrips-waterproof\/#breadcrumb","itemListElement":[{"@type":"ListItem","position":1,"name":"Home","item":"https:\/\/espak.ee\/epood\/"},{"@type":"ListItem","position":2,"name":"Tootevalik","item":"https:\/\/espak.ee\/epood\/tootevalik\/"},{"@type":"ListItem","position":3,"name":"NAGI RASEERIMISVAHENDITELE TESA POWERSTRIPS WATERPROOF"}]},{"@type":"WebSite","@id":"https:\/\/espak.ee\/epood\/#website","url":"https:\/\/espak.ee\/epood\/","name":"Espak E-pood","description":"","potentialAction":[{"@type":"SearchAction","target":{"@type":"EntryPoint","urlTemplate":"https:\/\/espak.ee\/epood\/?s={search_term_string}"},"query-input":{"@type":"PropertyValueSpecification","valueRequired":true,"valueName":"search_term_string"}}],"inLanguage":"et"}]}},"_links":{"self":[{"href":"https:\/\/espak.ee\/epood\/wp-json\/wp\/v2\/product\/130223","targetHints":{"allow":["GET"]}}],"collection":[{"href":"https:\/\/espak.ee\/epood\/wp-json\/wp\/v2\/product"}],"about":[{"href":"https:\/\/espak.ee\/epood\/wp-json\/wp\/v2\/types\/product"}],"replies":[{"embeddable":true,"href":"https:\/\/espak.ee\/epood\/wp-json\/wp\/v2\/comments?post=130223"}],"wp:featuredmedia":[{"embeddable":true,"href":"https:\/\/espak.ee\/epood\/wp-json\/wp\/v2\/media\/130410"}],"wp:attachment":[{"href":"https:\/\/espak.ee\/epood\/wp-json\/wp\/v2\/media?parent=130223"}],"wp:term":[{"taxonomy":"product_brand","embeddable":true,"href":"https:\/\/espak.ee\/epood\/wp-json\/wp\/v2\/product_brand?post=130223"},{"taxonomy":"product_cat","embeddable":true,"href":"https:\/\/espak.ee\/epood\/wp-json\/wp\/v2\/product_cat?post=130223"},{"taxonomy":"product_tag","embeddable":true,"href":"https:\/\/espak.ee\/epood\/wp-json\/wp\/v2\/product_tag?post=130223"}],"curies":[{"name":"wp","href":"https:\/\/api.w.org\/{rel}","templated":true}]}}