{"id":12948,"date":"2019-12-17T02:55:14","date_gmt":"2019-12-17T00:55:14","guid":{"rendered":"https:\/\/espak.ee\/hinnakiri\/?post_type=product&#038;p=12948"},"modified":"2026-03-21T09:13:31","modified_gmt":"2026-03-21T07:13:31","slug":"puhastusvahend-pvc-winclean-05l","status":"publish","type":"product","link":"https:\/\/espak.ee\/epood\/toode\/puhastusvahend-pvc-winclean-05l\/","title":{"rendered":"PUHASTUSVAHEND PVC WINCLEAN 0,5L"},"content":{"rendered":"<div class=\"row\"  id=\"row-1980064822\">\n\n\t<div id=\"col-1411202297\" class=\"col medium-9 small-12 large-9\"  >\n\t\t\t\t<div class=\"col-inner\"  >\n\t\t\t\n\t\t\t\n<h2>PVC WinClean<\/h2>\n<p>Efektiivne veep\u00f5hine vahend PVC- (pol\u00fcvinu\u00fc\u00fclkloriid-) pindade puhastamiseks ja hooldamiseks.<\/p>\n<div class=\"message-box relative\" style=\"padding-top:15px;padding-bottom:15px;\"><div class=\"message-box-bg-image bg-fill fill\" ><\/div><div class=\"message-box-bg-overlay bg-fill fill\" ><\/div><div class=\"container relative\"><div class=\"inner last-reset\">\n<div class=\"row align-middle align-center\"  id=\"row-1004982319\">\n\n\t<div id=\"col-1478649341\" class=\"col small-12 large-12\"  >\n\t\t\t\t<div class=\"col-inner text-left\"  >\n\t\t\t\n\t\t\t\n<h4>Omadused<\/h4>\n<div class=\"row\"  id=\"row-1975011320\">\n\n\t<div id=\"col-1997546485\" class=\"col medium-6 small-12 large-6\"  >\n\t\t\t\t<div class=\"col-inner\"  >\n\t\t\t\n\t\t\t\n<p><i class=\"fa fa-check fa-2x\"><\/i> <strong>Sise- ja v\u00e4list\u00f6\u00f6deks<\/strong><\/p>\n<p><i class=\"fa fa-check fa-2x\"><\/i> <strong>Plastikaknaraamide puhastusvahend<\/strong><\/p>\n\t\t<\/div>\n\t\t\t\t\n<style>\n#col-1997546485 > .col-inner {\n  margin: 0px 0px 15px 0px;\n}\n<\/style>\n\t<\/div>\n\n\t\n<\/div>\n\t\t<\/div>\n\t\t\t\t\t<\/div>\n\n\t\n<\/div>\n<\/div><\/div><\/div>\n\t<div id=\"gap-552105435\" class=\"gap-element clearfix\" style=\"display:block; height:auto;\">\n\t\t\n<style>\n#gap-552105435 {\n  padding-top: 30px;\n}\n<\/style>\n\t<\/div>\n\t\n<h3>Kasutamise \u00fcksikasjad<\/h3>\n<p><strong>Kasutusalad:<\/strong> Eemaldab saaste ja plekid, taastab tuhmunud pindadele esialgse valge tooni. Ei kahjusta t\u00f6\u00f6deldavaid pindasid.<\/p>\n<p><strong>kasutuskohad:<\/strong> PVC-st valmistatud tooted \u2013 valged aknaraamid, uksed, vooderdised, torud, veerennid jne. V\u00e4lis- ja siset\u00f6\u00f6deks.<\/p>\n<p><strong>Kasutamine:<\/strong> Enne kasutamist raputada. Pihustada vahend pinnale, lasta umbes minut aega m\u00f5juda ja p\u00fchkida maha pehme niiske lapiga. Mitte kasutada abrasiivseid k\u00e4snasid, et pinda mitte vigastada. P\u00e4rast seda loputada pind puhta veega ja kuivatada. M\u00f5nedel juhtudel v\u00f5ib olla vajalik kogu protseduuri kordamine. Ei ole soovitatav pikendada vahendi kokkupuudet pinnaga (\u00fcle 1 minuti), sest pikemaajalise m\u00f5ju puhul tungib vahend s\u00fcgavamale plastpinda.<br \/>\nAlati tuleb kontrollida vahendi toimet m\u00e4rkamatus kohas. Mitte kasutada muudest plastidest pindadel (pol\u00fckarbonaadid, pol\u00fcst\u00fcrool jne). Mitte kasutada v\u00e4rvitud pindade puhastamiseks. Vahendi sattumisel metallpindadele loputada need viivitamatult veega ja kuivatada.<\/p>\n<p><strong>Ohutus:<\/strong> V\u00f5ib tekitada teatud metallide korrosiooni. Pritsmed eemaldada viivitamatult mageda veega. Hoida lastele k\u00e4ttesaamatus kohas. Ohutuskaart n\u00f5udmisel k\u00e4ttesaadav. Kasutada vajalikke isikukaitsevahendeid. T\u00f6\u00f6tamisel j\u00e4lgida t\u00f6\u00f6ohutusn\u00f5udeid. Kasutada h\u00e4sti ventileeritavas kohas.<\/p>\n\t\t<\/div>\n\t\t\t\t\t<\/div>\n\n\t\n\n\t<div id=\"col-296859046\" class=\"col medium-3 small-12 large-3\"  >\n\t\t\t\t<div class=\"col-inner\"  >\n\t\t\t\n\t\t\t\n\t<div id=\"gap-770461770\" class=\"gap-element clearfix\" style=\"display:block; height:auto;\">\n\t\t\n<style>\n#gap-770461770 {\n  padding-top: 30px;\n}\n<\/style>\n\t<\/div>\n\t\n<h3>Tehniline informatsioon<\/h3>\n<p><a href=\"https:\/\/espak.ee\/epood\/wp-content\/uploads\/PVCwinclean-tooteleht.pdf\" target=\"_blank\" rel=\"noopener noreferrer\"><i class=\"far fa-file-pdf\"><\/i> Tehniline info (PDF)<\/a><\/p>\n<div class=\"is-divider divider clearfix\" ><\/div>\n<p><strong>\u00dcksikasjalikuma n\u00f5u saamiseks v\u00f5tke \u00fchendust:<br \/><\/strong>Eskaro AS<br \/>Fosforiidi 20<br \/>Maardu<br \/>+372 6217969<\/p>\n<div class=\"is-divider divider clearfix\" ><\/div>\n\t\t<\/div>\n\t\t\t\t\t<\/div>\n\n\t\n<\/div>\n","protected":false},"excerpt":{"rendered":"","protected":false},"featured_media":13661,"comment_status":"closed","ping_status":"open","template":"","meta":[],"product_brand":[],"product_cat":[2691,3441,2684,2683],"product_tag":[],"class_list":{"0":"post-12948","1":"product","2":"type-product","3":"status-publish","4":"has-post-thumbnail","6":"product_cat-lahustid","7":"product_cat-lahustid-ja-pesuained","8":"product_cat-varvid-lakid-lahustid-puidukaitsed-olid","9":"product_cat-viimistluskaubad","10":"product_shipping_class-dpd-cold","11":"pa_kaubamark-eskaro-as","13":"first","14":"instock","15":"sale","16":"taxable","17":"shipping-taxable","18":"purchasable","19":"product-type-simple"},"yoast_head":"<!-- This site is optimized with the Yoast SEO plugin v26.9 - https:\/\/yoast.com\/product\/yoast-seo-wordpress\/ -->\n<title>PUHASTUSVAHEND PVC WINCLEAN 0,5L - Espak E-pood<\/title>\n<meta name=\"robots\" content=\"index, follow, max-snippet:-1, max-image-preview:large, max-video-preview:-1\" \/>\n<link rel=\"canonical\" href=\"https:\/\/espak.ee\/epood\/toode\/puhastusvahend-pvc-winclean-05l\/\" \/>\n<meta property=\"og:locale\" content=\"et_EE\" \/>\n<meta property=\"og:type\" content=\"article\" \/>\n<meta property=\"og:title\" content=\"PUHASTUSVAHEND PVC WINCLEAN 0,5L - Espak E-pood\" \/>\n<meta property=\"og:url\" content=\"https:\/\/espak.ee\/epood\/toode\/puhastusvahend-pvc-winclean-05l\/\" \/>\n<meta property=\"og:site_name\" content=\"Espak E-pood\" \/>\n<meta property=\"article:modified_time\" content=\"2026-03-21T07:13:31+00:00\" \/>\n<meta property=\"og:image\" content=\"https:\/\/espak.ee\/epood\/wp-content\/uploads\/PVCWinClean_05L.jpg\" \/>\n\t<meta property=\"og:image:width\" content=\"994\" \/>\n\t<meta property=\"og:image:height\" content=\"994\" \/>\n\t<meta property=\"og:image:type\" content=\"image\/jpeg\" \/>\n<meta name=\"twitter:card\" content=\"summary_large_image\" \/>\n<meta name=\"twitter:label1\" content=\"Est. reading time\" \/>\n\t<meta name=\"twitter:data1\" content=\"1 minut\" \/>\n<script type=\"application\/ld+json\" class=\"yoast-schema-graph\">{\"@context\":\"https:\/\/schema.org\",\"@graph\":[{\"@type\":\"WebPage\",\"@id\":\"https:\/\/espak.ee\/epood\/toode\/puhastusvahend-pvc-winclean-05l\/\",\"url\":\"https:\/\/espak.ee\/epood\/toode\/puhastusvahend-pvc-winclean-05l\/\",\"name\":\"PUHASTUSVAHEND PVC WINCLEAN 0,5L - Espak E-pood\",\"isPartOf\":{\"@id\":\"https:\/\/espak.ee\/epood\/#website\"},\"primaryImageOfPage\":{\"@id\":\"https:\/\/espak.ee\/epood\/toode\/puhastusvahend-pvc-winclean-05l\/#primaryimage\"},\"image\":{\"@id\":\"https:\/\/espak.ee\/epood\/toode\/puhastusvahend-pvc-winclean-05l\/#primaryimage\"},\"thumbnailUrl\":\"https:\/\/espak.ee\/epood\/wp-content\/uploads\/PVCWinClean_05L.jpg\",\"datePublished\":\"2019-12-17T00:55:14+00:00\",\"dateModified\":\"2026-03-21T07:13:31+00:00\",\"breadcrumb\":{\"@id\":\"https:\/\/espak.ee\/epood\/toode\/puhastusvahend-pvc-winclean-05l\/#breadcrumb\"},\"inLanguage\":\"et\",\"potentialAction\":[{\"@type\":\"ReadAction\",\"target\":[\"https:\/\/espak.ee\/epood\/toode\/puhastusvahend-pvc-winclean-05l\/\"]}]},{\"@type\":\"ImageObject\",\"inLanguage\":\"et\",\"@id\":\"https:\/\/espak.ee\/epood\/toode\/puhastusvahend-pvc-winclean-05l\/#primaryimage\",\"url\":\"https:\/\/espak.ee\/epood\/wp-content\/uploads\/PVCWinClean_05L.jpg\",\"contentUrl\":\"https:\/\/espak.ee\/epood\/wp-content\/uploads\/PVCWinClean_05L.jpg\",\"width\":994,\"height\":994},{\"@type\":\"BreadcrumbList\",\"@id\":\"https:\/\/espak.ee\/epood\/toode\/puhastusvahend-pvc-winclean-05l\/#breadcrumb\",\"itemListElement\":[{\"@type\":\"ListItem\",\"position\":1,\"name\":\"Home\",\"item\":\"https:\/\/espak.ee\/epood\/\"},{\"@type\":\"ListItem\",\"position\":2,\"name\":\"Tootevalik\",\"item\":\"https:\/\/espak.ee\/epood\/tootevalik\/\"},{\"@type\":\"ListItem\",\"position\":3,\"name\":\"PUHASTUSVAHEND PVC WINCLEAN 0,5L\"}]},{\"@type\":\"WebSite\",\"@id\":\"https:\/\/espak.ee\/epood\/#website\",\"url\":\"https:\/\/espak.ee\/epood\/\",\"name\":\"Espak E-pood\",\"description\":\"\",\"potentialAction\":[{\"@type\":\"SearchAction\",\"target\":{\"@type\":\"EntryPoint\",\"urlTemplate\":\"https:\/\/espak.ee\/epood\/?s={search_term_string}\"},\"query-input\":{\"@type\":\"PropertyValueSpecification\",\"valueRequired\":true,\"valueName\":\"search_term_string\"}}],\"inLanguage\":\"et\"}]}<\/script>\n<!-- \/ Yoast SEO plugin. -->","yoast_head_json":{"title":"PUHASTUSVAHEND PVC WINCLEAN 0,5L - Espak E-pood","robots":{"index":"index","follow":"follow","max-snippet":"max-snippet:-1","max-image-preview":"max-image-preview:large","max-video-preview":"max-video-preview:-1"},"canonical":"https:\/\/espak.ee\/epood\/toode\/puhastusvahend-pvc-winclean-05l\/","og_locale":"et_EE","og_type":"article","og_title":"PUHASTUSVAHEND PVC WINCLEAN 0,5L - Espak E-pood","og_url":"https:\/\/espak.ee\/epood\/toode\/puhastusvahend-pvc-winclean-05l\/","og_site_name":"Espak E-pood","article_modified_time":"2026-03-21T07:13:31+00:00","og_image":[{"width":994,"height":994,"url":"https:\/\/espak.ee\/epood\/wp-content\/uploads\/PVCWinClean_05L.jpg","type":"image\/jpeg"}],"twitter_card":"summary_large_image","twitter_misc":{"Est. reading time":"1 minut"},"schema":{"@context":"https:\/\/schema.org","@graph":[{"@type":"WebPage","@id":"https:\/\/espak.ee\/epood\/toode\/puhastusvahend-pvc-winclean-05l\/","url":"https:\/\/espak.ee\/epood\/toode\/puhastusvahend-pvc-winclean-05l\/","name":"PUHASTUSVAHEND PVC WINCLEAN 0,5L - Espak E-pood","isPartOf":{"@id":"https:\/\/espak.ee\/epood\/#website"},"primaryImageOfPage":{"@id":"https:\/\/espak.ee\/epood\/toode\/puhastusvahend-pvc-winclean-05l\/#primaryimage"},"image":{"@id":"https:\/\/espak.ee\/epood\/toode\/puhastusvahend-pvc-winclean-05l\/#primaryimage"},"thumbnailUrl":"https:\/\/espak.ee\/epood\/wp-content\/uploads\/PVCWinClean_05L.jpg","datePublished":"2019-12-17T00:55:14+00:00","dateModified":"2026-03-21T07:13:31+00:00","breadcrumb":{"@id":"https:\/\/espak.ee\/epood\/toode\/puhastusvahend-pvc-winclean-05l\/#breadcrumb"},"inLanguage":"et","potentialAction":[{"@type":"ReadAction","target":["https:\/\/espak.ee\/epood\/toode\/puhastusvahend-pvc-winclean-05l\/"]}]},{"@type":"ImageObject","inLanguage":"et","@id":"https:\/\/espak.ee\/epood\/toode\/puhastusvahend-pvc-winclean-05l\/#primaryimage","url":"https:\/\/espak.ee\/epood\/wp-content\/uploads\/PVCWinClean_05L.jpg","contentUrl":"https:\/\/espak.ee\/epood\/wp-content\/uploads\/PVCWinClean_05L.jpg","width":994,"height":994},{"@type":"BreadcrumbList","@id":"https:\/\/espak.ee\/epood\/toode\/puhastusvahend-pvc-winclean-05l\/#breadcrumb","itemListElement":[{"@type":"ListItem","position":1,"name":"Home","item":"https:\/\/espak.ee\/epood\/"},{"@type":"ListItem","position":2,"name":"Tootevalik","item":"https:\/\/espak.ee\/epood\/tootevalik\/"},{"@type":"ListItem","position":3,"name":"PUHASTUSVAHEND PVC WINCLEAN 0,5L"}]},{"@type":"WebSite","@id":"https:\/\/espak.ee\/epood\/#website","url":"https:\/\/espak.ee\/epood\/","name":"Espak E-pood","description":"","potentialAction":[{"@type":"SearchAction","target":{"@type":"EntryPoint","urlTemplate":"https:\/\/espak.ee\/epood\/?s={search_term_string}"},"query-input":{"@type":"PropertyValueSpecification","valueRequired":true,"valueName":"search_term_string"}}],"inLanguage":"et"}]}},"_links":{"self":[{"href":"https:\/\/espak.ee\/epood\/wp-json\/wp\/v2\/product\/12948","targetHints":{"allow":["GET"]}}],"collection":[{"href":"https:\/\/espak.ee\/epood\/wp-json\/wp\/v2\/product"}],"about":[{"href":"https:\/\/espak.ee\/epood\/wp-json\/wp\/v2\/types\/product"}],"replies":[{"embeddable":true,"href":"https:\/\/espak.ee\/epood\/wp-json\/wp\/v2\/comments?post=12948"}],"wp:featuredmedia":[{"embeddable":true,"href":"https:\/\/espak.ee\/epood\/wp-json\/wp\/v2\/media\/13661"}],"wp:attachment":[{"href":"https:\/\/espak.ee\/epood\/wp-json\/wp\/v2\/media?parent=12948"}],"wp:term":[{"taxonomy":"product_brand","embeddable":true,"href":"https:\/\/espak.ee\/epood\/wp-json\/wp\/v2\/product_brand?post=12948"},{"taxonomy":"product_cat","embeddable":true,"href":"https:\/\/espak.ee\/epood\/wp-json\/wp\/v2\/product_cat?post=12948"},{"taxonomy":"product_tag","embeddable":true,"href":"https:\/\/espak.ee\/epood\/wp-json\/wp\/v2\/product_tag?post=12948"}],"curies":[{"name":"wp","href":"https:\/\/api.w.org\/{rel}","templated":true}]}}