{"id":128048,"date":"2022-08-06T05:36:46","date_gmt":"2022-08-06T05:36:46","guid":{"rendered":"https:\/\/espak.ee\/epood\/?post_type=product&#038;p=128048"},"modified":"2026-04-13T10:58:46","modified_gmt":"2026-04-13T07:58:46","slug":"vaheliti-loiketeradega-oksakaarid-fiskars-solid-m-p321","status":"publish","type":"product","link":"https:\/\/espak.ee\/epood\/toode\/vaheliti-loiketeradega-oksakaarid-fiskars-solid-m-p321\/","title":{"rendered":"VAHELITI L\u00d5IKETERADEGA OKSAK\u00c4\u00c4RID FISKARS SOLID M, P321"},"content":{"rendered":"<div class=\"row\"  id=\"row-2092522023\">\n\n\t<div id=\"col-506693574\" class=\"col medium-9 small-12 large-9\"  >\n\t\t\t\t<div class=\"col-inner\"  >\n\t\t\t\n\t\t\t\n<h2>Vaheliti teradega oksak\u00e4\u00e4rid Fiskars Solid M P 321<\/h2>\n<p>Vaheliti l\u00f5iketeradega oksak\u00e4\u00e4rid ehk sekaatorid on ideaalsed just noorte ja v\u00e4rskete kasvude l\u00f5ikamiseks. Mugavalt kasutatavad l\u00f5ikurid on aiapidajale abiks peenemate okste ja varte (diameetriga kuni 20 mm) l\u00f5ikamisel. Karastatud ja t\u00e4ppislihvitud l\u00f5iketera s\u00e4ilitab oma teravuse pikaks ajaks. L\u00f5iketera h\u00f5\u00f5rdumisvastane kate tagab nii roostekindluse kui v\u00f5imaldab ka teha l\u00f5ikeid oluliselt kergemalt. H\u00f5lpsalt kasutatav lukk nii parema-kui vasakuk\u00e4elistele. Kerge ja vastupidav FiberComp\u2122 k\u00e4epide. \u00dclemisel k\u00e4epidemel on haarde parandamiseks pehme SoftGrip\u2122 pinnakate. Valmistatud t\u00e4ies ulatuses PVC-vabadest materjalidest.<\/p>\n\t\t<\/div>\n\t\t\t\t\t<\/div>\n\n\t\n\n\t<div id=\"col-1950137291\" class=\"col medium-3 small-12 large-3\"  >\n\t\t\t\t<div class=\"col-inner\"  >\n\t\t\t\n\t\t\t\n\t<div id=\"gap-1422873547\" class=\"gap-element clearfix\" style=\"display:block; height:auto;\">\n\t\t\n<style>\n#gap-1422873547 {\n  padding-top: 30px;\n}\n<\/style>\n\t<\/div>\n\t\n<div class=\"is-divider divider clearfix\" ><\/div>\n<p><strong>\u00dcksikasjalikuma n\u00f5u saamiseks v\u00f5tke \u00fchendust:<br \/><\/strong>LOODUS INVEST AS<br \/>Viljandi mnt. 18a<br \/>11216<br \/>Tallinn<br \/>+372 6722144<\/p>\n<div class=\"is-divider divider clearfix\" ><\/div>\n\t\t<\/div>\n\t\t\t\t\t<\/div>\n\n\t\n<\/div>\n","protected":false},"excerpt":{"rendered":"","protected":false},"featured_media":128565,"comment_status":"closed","ping_status":"closed","template":"","meta":[],"product_brand":[],"product_cat":[2789,2788,3341,3381],"product_tag":[],"class_list":{"0":"post-128048","1":"product","2":"type-product","3":"status-publish","4":"has-post-thumbnail","6":"product_cat-aiatarbed","7":"product_cat-aiatarbed-ja-kodukaubad","8":"product_cat-aiatooriistad","9":"product_cat-oksaloikurid","10":"pa_kaubamark-loodus-invest-as","12":"first","13":"instock","14":"sale","15":"taxable","16":"shipping-taxable","17":"purchasable","18":"product-type-simple"},"yoast_head":"<!-- This site is optimized with the Yoast SEO plugin v26.9 - https:\/\/yoast.com\/product\/yoast-seo-wordpress\/ -->\n<title>VAHELITI L\u00d5IKETERADEGA OKSAK\u00c4\u00c4RID FISKARS SOLID M, P321 - Espak E-pood<\/title>\n<meta name=\"robots\" content=\"index, follow, max-snippet:-1, max-image-preview:large, max-video-preview:-1\" \/>\n<link rel=\"canonical\" href=\"https:\/\/espak.ee\/epood\/toode\/vaheliti-loiketeradega-oksakaarid-fiskars-solid-m-p321\/\" \/>\n<meta property=\"og:locale\" content=\"et_EE\" \/>\n<meta property=\"og:type\" content=\"article\" \/>\n<meta property=\"og:title\" content=\"VAHELITI L\u00d5IKETERADEGA OKSAK\u00c4\u00c4RID FISKARS SOLID M, P321 - Espak E-pood\" \/>\n<meta property=\"og:url\" content=\"https:\/\/espak.ee\/epood\/toode\/vaheliti-loiketeradega-oksakaarid-fiskars-solid-m-p321\/\" \/>\n<meta property=\"og:site_name\" content=\"Espak E-pood\" \/>\n<meta property=\"article:modified_time\" content=\"2026-04-13T07:58:46+00:00\" \/>\n<meta property=\"og:image\" content=\"https:\/\/espak.ee\/epood\/wp-content\/uploads\/2022\/08\/F-111108_Fiskars-oksakaarid-Solid_Loodus-Invest1.jpg\" \/>\n\t<meta property=\"og:image:width\" content=\"2000\" \/>\n\t<meta property=\"og:image:height\" content=\"2000\" \/>\n\t<meta property=\"og:image:type\" content=\"image\/jpeg\" \/>\n<meta name=\"twitter:card\" content=\"summary_large_image\" \/>\n<meta name=\"twitter:label1\" content=\"Est. reading time\" \/>\n\t<meta name=\"twitter:data1\" content=\"1 minut\" \/>\n<script type=\"application\/ld+json\" class=\"yoast-schema-graph\">{\"@context\":\"https:\/\/schema.org\",\"@graph\":[{\"@type\":\"WebPage\",\"@id\":\"https:\/\/espak.ee\/epood\/toode\/vaheliti-loiketeradega-oksakaarid-fiskars-solid-m-p321\/\",\"url\":\"https:\/\/espak.ee\/epood\/toode\/vaheliti-loiketeradega-oksakaarid-fiskars-solid-m-p321\/\",\"name\":\"VAHELITI L\u00d5IKETERADEGA OKSAK\u00c4\u00c4RID FISKARS SOLID M, P321 - Espak E-pood\",\"isPartOf\":{\"@id\":\"https:\/\/espak.ee\/epood\/#website\"},\"primaryImageOfPage\":{\"@id\":\"https:\/\/espak.ee\/epood\/toode\/vaheliti-loiketeradega-oksakaarid-fiskars-solid-m-p321\/#primaryimage\"},\"image\":{\"@id\":\"https:\/\/espak.ee\/epood\/toode\/vaheliti-loiketeradega-oksakaarid-fiskars-solid-m-p321\/#primaryimage\"},\"thumbnailUrl\":\"https:\/\/espak.ee\/epood\/wp-content\/uploads\/2022\/08\/F-111108_Fiskars-oksakaarid-Solid_Loodus-Invest1.jpg\",\"datePublished\":\"2022-08-06T05:36:46+00:00\",\"dateModified\":\"2026-04-13T07:58:46+00:00\",\"breadcrumb\":{\"@id\":\"https:\/\/espak.ee\/epood\/toode\/vaheliti-loiketeradega-oksakaarid-fiskars-solid-m-p321\/#breadcrumb\"},\"inLanguage\":\"et\",\"potentialAction\":[{\"@type\":\"ReadAction\",\"target\":[\"https:\/\/espak.ee\/epood\/toode\/vaheliti-loiketeradega-oksakaarid-fiskars-solid-m-p321\/\"]}]},{\"@type\":\"ImageObject\",\"inLanguage\":\"et\",\"@id\":\"https:\/\/espak.ee\/epood\/toode\/vaheliti-loiketeradega-oksakaarid-fiskars-solid-m-p321\/#primaryimage\",\"url\":\"https:\/\/espak.ee\/epood\/wp-content\/uploads\/2022\/08\/F-111108_Fiskars-oksakaarid-Solid_Loodus-Invest1.jpg\",\"contentUrl\":\"https:\/\/espak.ee\/epood\/wp-content\/uploads\/2022\/08\/F-111108_Fiskars-oksakaarid-Solid_Loodus-Invest1.jpg\",\"width\":2000,\"height\":2000},{\"@type\":\"BreadcrumbList\",\"@id\":\"https:\/\/espak.ee\/epood\/toode\/vaheliti-loiketeradega-oksakaarid-fiskars-solid-m-p321\/#breadcrumb\",\"itemListElement\":[{\"@type\":\"ListItem\",\"position\":1,\"name\":\"Home\",\"item\":\"https:\/\/espak.ee\/epood\/\"},{\"@type\":\"ListItem\",\"position\":2,\"name\":\"Tootevalik\",\"item\":\"https:\/\/espak.ee\/epood\/tootevalik\/\"},{\"@type\":\"ListItem\",\"position\":3,\"name\":\"VAHELITI L\u00d5IKETERADEGA OKSAK\u00c4\u00c4RID FISKARS SOLID M, P321\"}]},{\"@type\":\"WebSite\",\"@id\":\"https:\/\/espak.ee\/epood\/#website\",\"url\":\"https:\/\/espak.ee\/epood\/\",\"name\":\"Espak E-pood\",\"description\":\"\",\"potentialAction\":[{\"@type\":\"SearchAction\",\"target\":{\"@type\":\"EntryPoint\",\"urlTemplate\":\"https:\/\/espak.ee\/epood\/?s={search_term_string}\"},\"query-input\":{\"@type\":\"PropertyValueSpecification\",\"valueRequired\":true,\"valueName\":\"search_term_string\"}}],\"inLanguage\":\"et\"}]}<\/script>\n<!-- \/ Yoast SEO plugin. -->","yoast_head_json":{"title":"VAHELITI L\u00d5IKETERADEGA OKSAK\u00c4\u00c4RID FISKARS SOLID M, P321 - Espak E-pood","robots":{"index":"index","follow":"follow","max-snippet":"max-snippet:-1","max-image-preview":"max-image-preview:large","max-video-preview":"max-video-preview:-1"},"canonical":"https:\/\/espak.ee\/epood\/toode\/vaheliti-loiketeradega-oksakaarid-fiskars-solid-m-p321\/","og_locale":"et_EE","og_type":"article","og_title":"VAHELITI L\u00d5IKETERADEGA OKSAK\u00c4\u00c4RID FISKARS SOLID M, P321 - Espak E-pood","og_url":"https:\/\/espak.ee\/epood\/toode\/vaheliti-loiketeradega-oksakaarid-fiskars-solid-m-p321\/","og_site_name":"Espak E-pood","article_modified_time":"2026-04-13T07:58:46+00:00","og_image":[{"width":2000,"height":2000,"url":"https:\/\/espak.ee\/epood\/wp-content\/uploads\/2022\/08\/F-111108_Fiskars-oksakaarid-Solid_Loodus-Invest1.jpg","type":"image\/jpeg"}],"twitter_card":"summary_large_image","twitter_misc":{"Est. reading time":"1 minut"},"schema":{"@context":"https:\/\/schema.org","@graph":[{"@type":"WebPage","@id":"https:\/\/espak.ee\/epood\/toode\/vaheliti-loiketeradega-oksakaarid-fiskars-solid-m-p321\/","url":"https:\/\/espak.ee\/epood\/toode\/vaheliti-loiketeradega-oksakaarid-fiskars-solid-m-p321\/","name":"VAHELITI L\u00d5IKETERADEGA OKSAK\u00c4\u00c4RID FISKARS SOLID M, P321 - Espak E-pood","isPartOf":{"@id":"https:\/\/espak.ee\/epood\/#website"},"primaryImageOfPage":{"@id":"https:\/\/espak.ee\/epood\/toode\/vaheliti-loiketeradega-oksakaarid-fiskars-solid-m-p321\/#primaryimage"},"image":{"@id":"https:\/\/espak.ee\/epood\/toode\/vaheliti-loiketeradega-oksakaarid-fiskars-solid-m-p321\/#primaryimage"},"thumbnailUrl":"https:\/\/espak.ee\/epood\/wp-content\/uploads\/2022\/08\/F-111108_Fiskars-oksakaarid-Solid_Loodus-Invest1.jpg","datePublished":"2022-08-06T05:36:46+00:00","dateModified":"2026-04-13T07:58:46+00:00","breadcrumb":{"@id":"https:\/\/espak.ee\/epood\/toode\/vaheliti-loiketeradega-oksakaarid-fiskars-solid-m-p321\/#breadcrumb"},"inLanguage":"et","potentialAction":[{"@type":"ReadAction","target":["https:\/\/espak.ee\/epood\/toode\/vaheliti-loiketeradega-oksakaarid-fiskars-solid-m-p321\/"]}]},{"@type":"ImageObject","inLanguage":"et","@id":"https:\/\/espak.ee\/epood\/toode\/vaheliti-loiketeradega-oksakaarid-fiskars-solid-m-p321\/#primaryimage","url":"https:\/\/espak.ee\/epood\/wp-content\/uploads\/2022\/08\/F-111108_Fiskars-oksakaarid-Solid_Loodus-Invest1.jpg","contentUrl":"https:\/\/espak.ee\/epood\/wp-content\/uploads\/2022\/08\/F-111108_Fiskars-oksakaarid-Solid_Loodus-Invest1.jpg","width":2000,"height":2000},{"@type":"BreadcrumbList","@id":"https:\/\/espak.ee\/epood\/toode\/vaheliti-loiketeradega-oksakaarid-fiskars-solid-m-p321\/#breadcrumb","itemListElement":[{"@type":"ListItem","position":1,"name":"Home","item":"https:\/\/espak.ee\/epood\/"},{"@type":"ListItem","position":2,"name":"Tootevalik","item":"https:\/\/espak.ee\/epood\/tootevalik\/"},{"@type":"ListItem","position":3,"name":"VAHELITI L\u00d5IKETERADEGA OKSAK\u00c4\u00c4RID FISKARS SOLID M, P321"}]},{"@type":"WebSite","@id":"https:\/\/espak.ee\/epood\/#website","url":"https:\/\/espak.ee\/epood\/","name":"Espak E-pood","description":"","potentialAction":[{"@type":"SearchAction","target":{"@type":"EntryPoint","urlTemplate":"https:\/\/espak.ee\/epood\/?s={search_term_string}"},"query-input":{"@type":"PropertyValueSpecification","valueRequired":true,"valueName":"search_term_string"}}],"inLanguage":"et"}]}},"_links":{"self":[{"href":"https:\/\/espak.ee\/epood\/wp-json\/wp\/v2\/product\/128048","targetHints":{"allow":["GET"]}}],"collection":[{"href":"https:\/\/espak.ee\/epood\/wp-json\/wp\/v2\/product"}],"about":[{"href":"https:\/\/espak.ee\/epood\/wp-json\/wp\/v2\/types\/product"}],"replies":[{"embeddable":true,"href":"https:\/\/espak.ee\/epood\/wp-json\/wp\/v2\/comments?post=128048"}],"wp:featuredmedia":[{"embeddable":true,"href":"https:\/\/espak.ee\/epood\/wp-json\/wp\/v2\/media\/128565"}],"wp:attachment":[{"href":"https:\/\/espak.ee\/epood\/wp-json\/wp\/v2\/media?parent=128048"}],"wp:term":[{"taxonomy":"product_brand","embeddable":true,"href":"https:\/\/espak.ee\/epood\/wp-json\/wp\/v2\/product_brand?post=128048"},{"taxonomy":"product_cat","embeddable":true,"href":"https:\/\/espak.ee\/epood\/wp-json\/wp\/v2\/product_cat?post=128048"},{"taxonomy":"product_tag","embeddable":true,"href":"https:\/\/espak.ee\/epood\/wp-json\/wp\/v2\/product_tag?post=128048"}],"curies":[{"name":"wp","href":"https:\/\/api.w.org\/{rel}","templated":true}]}}