{"id":123790,"date":"2022-06-20T22:52:33","date_gmt":"2022-06-20T22:52:33","guid":{"rendered":"https:\/\/espak.ee\/epood\/?post_type=product&#038;p=123790"},"modified":"2024-03-23T03:06:23","modified_gmt":"2024-03-23T01:06:23","slug":"valguskardin-extra-system-led-2m-ip44-soe-valgus","status":"publish","type":"product","link":"https:\/\/espak.ee\/epood\/toode\/valguskardin-extra-system-led-2m-ip44-soe-valgus\/","title":{"rendered":"VALGUSKARDIN EXTRA SYSTEM LED 2M IP44 SOE VALGUS"},"content":{"rendered":"<div class=\"row\"  id=\"row-1805079193\">\n\n\t<div id=\"col-444135954\" class=\"col medium-9 small-12 large-9\"  >\n\t\t\t\t<div class=\"col-inner\"  >\n\t\t\t\n\t\t\t\n<h3>Valguskardin Extra System LED <\/h3>\n<p>Pika elueaga ja ereda valgusega dekoratsioon.<br \/>\nValguskardin on j\u00e4tkatav, trafo ja kaabel m\u00fc\u00fcgil eraldi.<br \/>\nM\u00f5\u00f5dud: 100 LED valgusallikat 2 x 1m.<br \/>\nValgusallikate kaugus \u00fcksteisest: 8cm.<br \/>\nSoe valge valgus, 2600 &#8211; 2900K.<br \/>\nValgusallika t\u00fc\u00fcp: LED.<br \/>\nToide: 220 &#8211; 240V.<br \/>\nIP44.\n <\/p>\n\t\t<\/div>\n\t\t\t\t\t<\/div>\n\n\t\n\n\t<div id=\"col-2138503716\" class=\"col medium-3 small-12 large-3\"  >\n\t\t\t\t<div class=\"col-inner\"  >\n\t\t\t\n\t\t\t\n<div class=\"is-divider divider clearfix\" ><\/div>\n<p><strong>\u00dcksikasjalikuma n\u00f5u saamiseks v\u00f5tke \u00fchendust:<br \/><\/strong>Espak AS<br \/>Viadukti 42<br \/>11313<br \/>Tallinn<br \/>+372 6 512333<\/p>\n\t\t<\/div>\n\t\t\t\t\t<\/div>\n\n\t\n<\/div>\n","protected":false},"excerpt":{"rendered":"","protected":false},"featured_media":124200,"comment_status":"closed","ping_status":"closed","template":"","meta":[],"product_brand":[],"product_cat":[2934,3488,3306,2959],"product_tag":[],"class_list":{"0":"post-123790","1":"product","2":"type-product","3":"status-publish","4":"has-post-thumbnail","6":"product_cat-elektrikaubad-ja-valgustid","7":"product_cat-jouluvalgustid-jouluvalgustid","8":"product_cat-jouluvalgustid","9":"product_cat-valgustid","10":"pa_kaubamark-star-trading-ab","12":"first","13":"instock","14":"sale","15":"taxable","16":"shipping-taxable","17":"purchasable","18":"product-type-simple"},"yoast_head":"<!-- This site is optimized with the Yoast SEO plugin v26.9 - https:\/\/yoast.com\/product\/yoast-seo-wordpress\/ -->\n<title>VALGUSKARDIN EXTRA SYSTEM LED 2M IP44 SOE VALGUS - Espak E-pood<\/title>\n<meta name=\"robots\" content=\"index, follow, max-snippet:-1, max-image-preview:large, max-video-preview:-1\" \/>\n<link rel=\"canonical\" href=\"https:\/\/espak.ee\/epood\/toode\/valguskardin-extra-system-led-2m-ip44-soe-valgus\/\" \/>\n<meta property=\"og:locale\" content=\"et_EE\" \/>\n<meta property=\"og:type\" content=\"article\" \/>\n<meta property=\"og:title\" content=\"VALGUSKARDIN EXTRA SYSTEM LED 2M IP44 SOE VALGUS - Espak E-pood\" \/>\n<meta property=\"og:url\" content=\"https:\/\/espak.ee\/epood\/toode\/valguskardin-extra-system-led-2m-ip44-soe-valgus\/\" \/>\n<meta property=\"og:site_name\" content=\"Espak E-pood\" \/>\n<meta property=\"article:modified_time\" content=\"2024-03-23T01:06:23+00:00\" \/>\n<meta property=\"og:image\" content=\"https:\/\/espak.ee\/epood\/wp-content\/uploads\/2022\/06\/465-36_MN.png\" \/>\n\t<meta property=\"og:image:width\" content=\"600\" \/>\n\t<meta property=\"og:image:height\" content=\"600\" \/>\n\t<meta property=\"og:image:type\" content=\"image\/png\" \/>\n<meta name=\"twitter:card\" content=\"summary_large_image\" \/>\n<script type=\"application\/ld+json\" class=\"yoast-schema-graph\">{\"@context\":\"https:\/\/schema.org\",\"@graph\":[{\"@type\":\"WebPage\",\"@id\":\"https:\/\/espak.ee\/epood\/toode\/valguskardin-extra-system-led-2m-ip44-soe-valgus\/\",\"url\":\"https:\/\/espak.ee\/epood\/toode\/valguskardin-extra-system-led-2m-ip44-soe-valgus\/\",\"name\":\"VALGUSKARDIN EXTRA SYSTEM LED 2M IP44 SOE VALGUS - Espak E-pood\",\"isPartOf\":{\"@id\":\"https:\/\/espak.ee\/epood\/#website\"},\"primaryImageOfPage\":{\"@id\":\"https:\/\/espak.ee\/epood\/toode\/valguskardin-extra-system-led-2m-ip44-soe-valgus\/#primaryimage\"},\"image\":{\"@id\":\"https:\/\/espak.ee\/epood\/toode\/valguskardin-extra-system-led-2m-ip44-soe-valgus\/#primaryimage\"},\"thumbnailUrl\":\"https:\/\/espak.ee\/epood\/wp-content\/uploads\/2022\/06\/465-36_MN.png\",\"datePublished\":\"2022-06-20T22:52:33+00:00\",\"dateModified\":\"2024-03-23T01:06:23+00:00\",\"breadcrumb\":{\"@id\":\"https:\/\/espak.ee\/epood\/toode\/valguskardin-extra-system-led-2m-ip44-soe-valgus\/#breadcrumb\"},\"inLanguage\":\"et\",\"potentialAction\":[{\"@type\":\"ReadAction\",\"target\":[\"https:\/\/espak.ee\/epood\/toode\/valguskardin-extra-system-led-2m-ip44-soe-valgus\/\"]}]},{\"@type\":\"ImageObject\",\"inLanguage\":\"et\",\"@id\":\"https:\/\/espak.ee\/epood\/toode\/valguskardin-extra-system-led-2m-ip44-soe-valgus\/#primaryimage\",\"url\":\"https:\/\/espak.ee\/epood\/wp-content\/uploads\/2022\/06\/465-36_MN.png\",\"contentUrl\":\"https:\/\/espak.ee\/epood\/wp-content\/uploads\/2022\/06\/465-36_MN.png\",\"width\":600,\"height\":600},{\"@type\":\"BreadcrumbList\",\"@id\":\"https:\/\/espak.ee\/epood\/toode\/valguskardin-extra-system-led-2m-ip44-soe-valgus\/#breadcrumb\",\"itemListElement\":[{\"@type\":\"ListItem\",\"position\":1,\"name\":\"Home\",\"item\":\"https:\/\/espak.ee\/epood\/\"},{\"@type\":\"ListItem\",\"position\":2,\"name\":\"Tootevalik\",\"item\":\"https:\/\/espak.ee\/epood\/tootevalik\/\"},{\"@type\":\"ListItem\",\"position\":3,\"name\":\"VALGUSKARDIN EXTRA SYSTEM LED 2M IP44 SOE VALGUS\"}]},{\"@type\":\"WebSite\",\"@id\":\"https:\/\/espak.ee\/epood\/#website\",\"url\":\"https:\/\/espak.ee\/epood\/\",\"name\":\"Espak E-pood\",\"description\":\"\",\"potentialAction\":[{\"@type\":\"SearchAction\",\"target\":{\"@type\":\"EntryPoint\",\"urlTemplate\":\"https:\/\/espak.ee\/epood\/?s={search_term_string}\"},\"query-input\":{\"@type\":\"PropertyValueSpecification\",\"valueRequired\":true,\"valueName\":\"search_term_string\"}}],\"inLanguage\":\"et\"}]}<\/script>\n<!-- \/ Yoast SEO plugin. -->","yoast_head_json":{"title":"VALGUSKARDIN EXTRA SYSTEM LED 2M IP44 SOE VALGUS - Espak E-pood","robots":{"index":"index","follow":"follow","max-snippet":"max-snippet:-1","max-image-preview":"max-image-preview:large","max-video-preview":"max-video-preview:-1"},"canonical":"https:\/\/espak.ee\/epood\/toode\/valguskardin-extra-system-led-2m-ip44-soe-valgus\/","og_locale":"et_EE","og_type":"article","og_title":"VALGUSKARDIN EXTRA SYSTEM LED 2M IP44 SOE VALGUS - Espak E-pood","og_url":"https:\/\/espak.ee\/epood\/toode\/valguskardin-extra-system-led-2m-ip44-soe-valgus\/","og_site_name":"Espak E-pood","article_modified_time":"2024-03-23T01:06:23+00:00","og_image":[{"width":600,"height":600,"url":"https:\/\/espak.ee\/epood\/wp-content\/uploads\/2022\/06\/465-36_MN.png","type":"image\/png"}],"twitter_card":"summary_large_image","schema":{"@context":"https:\/\/schema.org","@graph":[{"@type":"WebPage","@id":"https:\/\/espak.ee\/epood\/toode\/valguskardin-extra-system-led-2m-ip44-soe-valgus\/","url":"https:\/\/espak.ee\/epood\/toode\/valguskardin-extra-system-led-2m-ip44-soe-valgus\/","name":"VALGUSKARDIN EXTRA SYSTEM LED 2M IP44 SOE VALGUS - Espak E-pood","isPartOf":{"@id":"https:\/\/espak.ee\/epood\/#website"},"primaryImageOfPage":{"@id":"https:\/\/espak.ee\/epood\/toode\/valguskardin-extra-system-led-2m-ip44-soe-valgus\/#primaryimage"},"image":{"@id":"https:\/\/espak.ee\/epood\/toode\/valguskardin-extra-system-led-2m-ip44-soe-valgus\/#primaryimage"},"thumbnailUrl":"https:\/\/espak.ee\/epood\/wp-content\/uploads\/2022\/06\/465-36_MN.png","datePublished":"2022-06-20T22:52:33+00:00","dateModified":"2024-03-23T01:06:23+00:00","breadcrumb":{"@id":"https:\/\/espak.ee\/epood\/toode\/valguskardin-extra-system-led-2m-ip44-soe-valgus\/#breadcrumb"},"inLanguage":"et","potentialAction":[{"@type":"ReadAction","target":["https:\/\/espak.ee\/epood\/toode\/valguskardin-extra-system-led-2m-ip44-soe-valgus\/"]}]},{"@type":"ImageObject","inLanguage":"et","@id":"https:\/\/espak.ee\/epood\/toode\/valguskardin-extra-system-led-2m-ip44-soe-valgus\/#primaryimage","url":"https:\/\/espak.ee\/epood\/wp-content\/uploads\/2022\/06\/465-36_MN.png","contentUrl":"https:\/\/espak.ee\/epood\/wp-content\/uploads\/2022\/06\/465-36_MN.png","width":600,"height":600},{"@type":"BreadcrumbList","@id":"https:\/\/espak.ee\/epood\/toode\/valguskardin-extra-system-led-2m-ip44-soe-valgus\/#breadcrumb","itemListElement":[{"@type":"ListItem","position":1,"name":"Home","item":"https:\/\/espak.ee\/epood\/"},{"@type":"ListItem","position":2,"name":"Tootevalik","item":"https:\/\/espak.ee\/epood\/tootevalik\/"},{"@type":"ListItem","position":3,"name":"VALGUSKARDIN EXTRA SYSTEM LED 2M IP44 SOE VALGUS"}]},{"@type":"WebSite","@id":"https:\/\/espak.ee\/epood\/#website","url":"https:\/\/espak.ee\/epood\/","name":"Espak E-pood","description":"","potentialAction":[{"@type":"SearchAction","target":{"@type":"EntryPoint","urlTemplate":"https:\/\/espak.ee\/epood\/?s={search_term_string}"},"query-input":{"@type":"PropertyValueSpecification","valueRequired":true,"valueName":"search_term_string"}}],"inLanguage":"et"}]}},"_links":{"self":[{"href":"https:\/\/espak.ee\/epood\/wp-json\/wp\/v2\/product\/123790","targetHints":{"allow":["GET"]}}],"collection":[{"href":"https:\/\/espak.ee\/epood\/wp-json\/wp\/v2\/product"}],"about":[{"href":"https:\/\/espak.ee\/epood\/wp-json\/wp\/v2\/types\/product"}],"replies":[{"embeddable":true,"href":"https:\/\/espak.ee\/epood\/wp-json\/wp\/v2\/comments?post=123790"}],"wp:featuredmedia":[{"embeddable":true,"href":"https:\/\/espak.ee\/epood\/wp-json\/wp\/v2\/media\/124200"}],"wp:attachment":[{"href":"https:\/\/espak.ee\/epood\/wp-json\/wp\/v2\/media?parent=123790"}],"wp:term":[{"taxonomy":"product_brand","embeddable":true,"href":"https:\/\/espak.ee\/epood\/wp-json\/wp\/v2\/product_brand?post=123790"},{"taxonomy":"product_cat","embeddable":true,"href":"https:\/\/espak.ee\/epood\/wp-json\/wp\/v2\/product_cat?post=123790"},{"taxonomy":"product_tag","embeddable":true,"href":"https:\/\/espak.ee\/epood\/wp-json\/wp\/v2\/product_tag?post=123790"}],"curies":[{"name":"wp","href":"https:\/\/api.w.org\/{rel}","templated":true}]}}